[encoded data, 7488 characters], 'pcc-logo.png', 'image/png', '485580', '200', '200');

-- --------------------------------------------------------

--
-- Table structure for table `hs_hr_emp_reportto`
--

CREATE TABLE `hs_hr_emp_reportto` (
  `erep_sup_emp_number` int(7) NOT NULL DEFAULT 0,
  `erep_sub_emp_number` int(7) NOT NULL DEFAULT 0,
  `erep_reporting_mode` int(7) NOT NULL DEFAULT 0
) ENGINE=InnoDB DEFAULT CHARSET=utf8;

-- --------------------------------------------------------

--
-- Table structure for table `hs_hr_emp_skill`
--

CREATE TABLE `hs_hr_emp_skill` (
  `emp_number` int(7) NOT NULL DEFAULT 0,
  `skill_id` int(11) NOT NULL,
  `years_of_exp` decimal(2,0) DEFAULT NULL,
  `comments` varchar(100) NOT NULL DEFAULT ''
) ENGINE=InnoDB DEFAULT CHARSET=utf8;

-- --------------------------------------------------------

--
-- Table structure for table `hs_hr_emp_us_tax`
--

CREATE TABLE `hs_hr_emp_us_tax` (
  `emp_number` int(7) NOT NULL DEFAULT 0,
  `tax_federal_status` varchar(13) DEFAULT NULL,
  `tax_federal_exceptions` int(2) DEFAULT 0,
  `tax_state` varchar(13) DEFAULT NULL,
  `tax_state_status` varchar(13) DEFAULT NULL,
  `tax_state_exceptions` int(2) DEFAULT 0,
  `tax_unemp_state` varchar(13) DEFAULT NULL,
  `tax_work_state` varchar(13) DEFAULT NULL
) ENGINE=InnoDB DEFAULT CHARSET=utf8;

-- --------------------------------------------------------

--
-- Table structure for table `hs_hr_emp_work_experience`
--

CREATE TABLE `hs_hr_emp_work_experience` (
  `emp_number` int(7) NOT NULL DEFAULT 0,
  `eexp_seqno` decimal(10,0) NOT NULL DEFAULT 0,
  `eexp_employer` varchar(100) DEFAULT NULL,
  `eexp_jobtit` varchar(120) DEFAULT NULL,
  `eexp_from_date` datetime DEFAULT NULL,
  `eexp_to_date` datetime DEFAULT NULL,
  `eexp_comments` varchar(200) DEFAULT NULL,
  `eexp_internal` int(1) DEFAULT NULL
) ENGINE=InnoDB DEFAULT CHARSET=utf8;

-- --------------------------------------------------------

--
-- Table structure for table `hs_hr_jobtit_empstat`
--

CREATE TABLE `hs_hr_jobtit_empstat` (
  `jobtit_code` int(7) NOT NULL,
  `estat_code` int(13) NOT NULL
) ENGINE=InnoDB DEFAULT CHARSET=utf8;

-- --------------------------------------------------------

--
-- Table structure for table `hs_hr_mailnotifications`
--

CREATE TABLE `hs_hr_mailnotifications` (
  `user_id` int(20) NOT NULL,
  `notification_type_id` int(11) NOT NULL,
  `status` int(2) NOT NULL,
  `email` varchar(100) DEFAULT NULL
) ENGINE=InnoDB DEFAULT CHARSET=utf8;

-- --------------------------------------------------------

--
-- Table structure for table `hs_hr_module`
--

CREATE TABLE `hs_hr_module` (
  `mod_id` varchar(36) NOT NULL DEFAULT '',
  `name` varchar(45) DEFAULT NULL,
  `owner` varchar(45) DEFAULT NULL,
  `owner_email` varchar(100) DEFAULT NULL,
  `version` varchar(36) DEFAULT NULL,
  `description` text DEFAULT NULL
) ENGINE=InnoDB DEFAULT CHARSET=utf8;

--
-- Dumping data for table `hs_hr_module`
--

INSERT INTO `hs_hr_module` (`mod_id`, `name`, `owner`, `owner_email`, `version`, `description`) VALUES
('MOD001', 'Admin', 'OrangeHRM', 'info@orangehrm.com', 'VER001', 'HR Admin'),
('MOD002', 'PIM', 'OrangeHRM', 'info@orangehrm.com', 'VER001', 'HR Functions'),
('MOD004', 'Report', 'OrangeHRM', 'info@orangehrm.com', 'VER001', 'Reporting'),
('MOD005', 'Leave', 'OrangeHRM', 'info@orangehrm.com', 'VER001', 'Leave Tracking'),
('MOD006', 'Time', 'OrangeHRM', 'info@orangehrm.com', 'VER001', 'Time Tracking'),
('MOD007', 'Benefits', 'OrangeHRM', 'info@orangehrm.com', 'VER001', 'Benefits Tracking'),
('MOD008', 'Recruitment', 'OrangeHRM', 'info@orangehrm.com', 'VER001', 'Recruitment'),
('MOD009', 'Performance', 'OrangeHRM', 'info@orangehrm.com', 'VER001', 'Performance');

-- --------------------------------------------------------

--
-- Table structure for table `hs_hr_payperiod`
--

CREATE TABLE `hs_hr_payperiod` (
  `payperiod_code` varchar(13) NOT NULL DEFAULT '',
  `payperiod_name` varchar(100) DEFAULT NULL
) ENGINE=InnoDB DEFAULT CHARSET=utf8;

--
-- Dumping data for table `hs_hr_payperiod`
--

INSERT INTO `hs_hr_payperiod` (`payperiod_code`, `payperiod_name`) VALUES
('1', 'Weekly'),
('2', 'Bi Weekly'),
('3', 'Semi Monthly'),
('4', 'Monthly'),
('5', 'Monthly on first pay of month.'),
('6', 'Hourly');

-- --------------------------------------------------------

--
-- Table structure for table `hs_hr_pay_period`
--

CREATE TABLE `hs_hr_pay_period` (
  `id` int(11) NOT NULL,
  `start_date` date NOT NULL,
  `end_date` date NOT NULL,
  `close_date` date NOT NULL,
  `check_date` date NOT NULL,
  `timesheet_aproval_due_date` date NOT NULL
) ENGINE=InnoDB DEFAULT CHARSET=utf8;

-- --------------------------------------------------------

--
-- Table structure for table `hs_hr_province`
--

CREATE TABLE `hs_hr_province` (
  `id` int(11) NOT NULL,
  `province_name` varchar(40) NOT NULL DEFAULT '',
  `province_code` char(2) NOT NULL DEFAULT '',
  `cou_code` char(2) NOT NULL DEFAULT 'us'
) ENGINE=InnoDB DEFAULT CHARSET=utf8;

--
-- Dumping data for table `hs_hr_province`
--

INSERT INTO `hs_hr_province` (`id`, `province_name`, `province_code`, `cou_code`) VALUES
(1, 'Alaska', 'AK', 'US'),
(2, 'Alabama', 'AL', 'US'),
(3, 'American Samoa', 'AS', 'US'),
(4, 'Arizona', 'AZ', 'US'),
(5, 'Arkansas', 'AR', 'US'),
(6, 'California', 'CA', 'US'),
(7, 'Colorado', 'CO', 'US'),
(8, 'Connecticut', 'CT', 'US'),
(9, 'Delaware', 'DE', 'US'),
(10, 'District of Columbia', 'DC', 'US'),
(11, 'Federated States of Micronesia', 'FM', 'US'),
(12, 'Florida', 'FL', 'US'),
(13, 'Georgia', 'GA', 'US'),
(14, 'Guam', 'GU', 'US'),
(15, 'Hawaii', 'HI', 'US'),
(16, 'Idaho', 'ID', 'US'),
(17, 'Illinois', 'IL', 'US'),
(18, 'Indiana', 'IN', 'US'),
(19, 'Iowa', 'IA', 'US'),
(20, 'Kansas', 'KS', 'US'),
(21, 'Kentucky', 'KY', 'US'),
(22, 'Louisiana', 'LA', 'US'),
(23, 'Maine', 'ME', 'US'),
(24, 'Marshall Islands', 'MH', 'US'),
(25, 'Maryland', 'MD', 'US'),
(26, 'Massachusetts', 'MA', 'US'),
(27, 'Michigan', 'MI', 'US'),
(28, 'Minnesota', 'MN', 'US'),
(29, 'Mississippi', 'MS', 'US'),
(30, 'Missouri', 'MO', 'US'),
(31, 'Montana', 'MT', 'US'),
(32, 'Nebraska', 'NE', 'US'),
(33, 'Nevada', 'NV', 'US'),
(34, 'New Hampshire', 'NH', 'US'),
(35, 'New Jersey', 'NJ', 'US'),
(36, 'New Mexico', 'NM', 'US'),
(37, 'New York', 'NY', 'US'),
(38, 'North Carolina', 'NC', 'US'),
(39, 'North Dakota', 'ND', 'US'),
(40, 'Northern Mariana Islands', 'MP', 'US'),
(41, 'Ohio', 'OH', 'US'),
(42, 'Oklahoma', 'OK', 'US'),
(43, 'Oregon', 'OR', 'US'),
(44, 'Palau', 'PW', 'US'),
(45, 'Pennsylvania', 'PA', 'US'),
(46, 'Puerto Rico', 'PR', 'US'),
(47, 'Rhode Island', 'RI', 'US'),
(48, 'South Carolina', 'SC', 'US'),
(49, 'South Dakota', 'SD', 'US'),
(50, 'Tennessee', 'TN', 'US'),
(51, 'Texas', 'TX', 'US'),
(52, 'Utah', 'UT', 'US'),
(53, 'Vermont', 'VT', 'US'),
(54, 'Virgin Islands', 'VI', 'US'),
(55, 'Virginia', 'VA', 'US'),
(56, 'Washington', 'WA', 'US'),
(57, 'West Virginia', 'WV', 'US'),
(58, 'Wisconsin', 'WI', 'US'),
(59, 'Wyoming', 'WY', 'US'),
(60, 'Armed Forces Africa', 'AE', 'US'),
(61, 'Armed Forces Americas (except Canada)', 'AA', 'US'),
(62, 'Armed Forces Canada', 'AE', 'US'),
(63, 'Armed Forces Europe', 'AE', 'US'),
(64, 'Armed Forces Middle East', 'AE', 'US'),
(65, 'Armed Forces Pacific', 'AP', 'US');

-- --------------------------------------------------------

--
-- Table structure for table `hs_hr_unique_id`
--

CREATE TABLE `hs_hr_unique_id` (
  `id` int(11) NOT NULL,
  `last_id` int(10) UNSIGNED NOT NULL,
  `table_name` varchar(50) NOT NULL,
  `field_name` varchar(50) NOT NULL
) ENGINE=InnoDB DEFAULT CHARSET=utf8;

--
-- Dumping data for table `hs_hr_unique_id`
--

INSERT INTO `hs_hr_unique_id` (`id`, `last_id`, `table_name`, `field_name`) VALUES
(1, 6, 'hs_hr_employee', 'emp_number'),
(2, 9, 'hs_hr_module', 'mod_id'),
(3, 0, 'hs_hr_leave', 'leave_id'),
(4, 0, 'hs_hr_leavetype', 'leave_type_id'),
(5, 0, 'hs_hr_leave_requests', 'leave_request_id'),
(6, 0, 'hs_hr_custom_export', 'export_id'),
(7, 0, 'hs_hr_custom_import', 'import_id'),
(8, 0, 'hs_hr_pay_period', 'id'),
(9, 0, 'hs_hr_kpi', 'id'),
(10, 0, 'hs_hr_performance_review', 'id'),
(11, 2, 'ohrm_emp_reporting_method', 'reporting_method_id'),
(12, 0, 'ohrm_timesheet', 'timesheet_id'),
(13, 0, 'ohrm_timesheet_action_log', 'timesheet_action_log_id'),
(14, 0, 'ohrm_timesheet_item', 'timesheet_item_id'),
(15, 0, 'ohrm_attendance_record', 'id'),
(16, 0, 'ohrm_job_vacancy', 'id'),
(17, 0, 'ohrm_job_candidate', 'id'),
(18, 106, 'ohrm_workflow_state_machine', 'id'),
(19, 0, 'ohrm_job_candidate_attachment', 'id'),
(20, 0, 'ohrm_job_vacancy_attachment', 'id'),
(21, 0, 'ohrm_job_candidate_vacancy', 'id'),
(22, 0, 'ohrm_job_candidate_history', 'id'),
(23, 0, 'ohrm_job_interview', 'id');

-- --------------------------------------------------------

--
-- Table structure for table `ohrm_advanced_report`
--

CREATE TABLE `ohrm_advanced_report` (
  `id` int(10) NOT NULL,
  `name` varchar(100) NOT NULL,
  `definition` longtext NOT NULL
) ENGINE=InnoDB DEFAULT CHARSET=utf8;

--
-- Dumping data for table `ohrm_advanced_report`
--

INSERT INTO `ohrm_advanced_report` (`id`, `name`, `definition`) VALUES
(1, 'Leave Entitlements and Usage Report', '\n<report>\n    <settings>\n        <csv>\n            <include_group_header>1</include_group_header>\n            <include_header>1</include_header>\n        </csv>\n    </settings>\n<filter_fields>\n	<input_field type=\"text\" name=\"empNumber\" label=\"Employee Number\"></input_field>\n	<input_field type=\"text\" name=\"fromDate\" label=\"From\"></input_field>\n        <input_field type=\"text\" name=\"toDate\" label=\"To\"></input_field>\n        <input_field type=\"text\" name=\"asOfDate\" label=\"AsOf\"></input_field>\n</filter_fields>\n\n<sub_report type=\"sql\" name=\"mainTable\">\n    <query>FROM ohrm_leave_type WHERE (deleted = 0) OR (SELECT count(l.id) FROM ohrm_leave l WHERE l.status = 3 AND l.leave_type_id = ohrm_leave_type.id) > 0 ORDER BY ohrm_leave_type.id</query>\n    <id_field>leaveTypeId</id_field>\n    <display_groups>\n        <display_group name=\"leavetype\" type=\"one\" display=\"true\">\n            <group_header></group_header>\n            <fields>\n                <field display=\"false\">\n                    <field_name>ohrm_leave_type.id</field_name>\n                    <field_alias>leaveTypeId</field_alias>\n                    <display_name>Leave Type ID</display_name>\n                    <width>1</width>\n                </field>\n                <field display=\"false\">\n                    <field_name>ohrm_leave_type.exclude_in_reports_if_no_entitlement</field_name>\n                    <field_alias>exclude_if_no_entitlement</field_alias>\n                    <display_name>Exclude</display_name>\n                    <width>1</width>\n                </field>\n                <field display=\"false\">\n                    <field_name>ohrm_leave_type.deleted</field_name>\n                    <field_alias>leave_type_deleted</field_alias>\n                    <display_name>Leave Type Deleted</display_name>\n                    <width>1</width>\n                </field>\n                <field display=\"true\">\n                    <field_name>ohrm_leave_type.name</field_name>\n                    <field_alias>leaveType</field_alias>\n                    <display_name>Leave Type</display_name>\n                    <width>160</width>\n                </field>s\n            </fields>\n        </display_group>\n    </display_groups>\n</sub_report>\n\n<sub_report type=\"sql\" name=\"entitlementsTotal\">\n                    <query>\n\nFROM (\nSELECT ohrm_leave_entitlement.id as id,\n       ohrm_leave_entitlement.leave_type_id as leave_type_id,\n       ohrm_leave_entitlement.no_of_days as no_of_days,\n       sum(IF(ohrm_leave.status = 2, ohrm_leave_leave_entitlement.length_days, 0)) AS scheduled,\n       sum(IF(ohrm_leave.status = 3, ohrm_leave_leave_entitlement.length_days, 0)) AS taken\n\nFROM ohrm_leave_entitlement LEFT JOIN ohrm_leave_leave_entitlement ON\n    ohrm_leave_entitlement.id = ohrm_leave_leave_entitlement.entitlement_id\n    LEFT JOIN ohrm_leave ON ohrm_leave.id = ohrm_leave_leave_entitlement.leave_id AND\n    ( $X{&gt;,ohrm_leave.date,toDate} OR $X{&lt;,ohrm_leave.date,fromDate} )\n\nWHERE ohrm_leave_entitlement.deleted=0 AND $X{=,ohrm_leave_entitlement.emp_number,empNumber} AND\n    $X{IN,ohrm_leave_entitlement.leave_type_id,leaveTypeId} AND\n    (\n      ( $X{&lt;=,ohrm_leave_entitlement.from_date,fromDate} AND $X{&gt;=,ohrm_leave_entitlement.to_date,fromDate} ) OR\n      ( $X{&lt;=,ohrm_leave_entitlement.from_date,toDate} AND $X{&gt;=,ohrm_leave_entitlement.to_date,toDate} ) OR\n      ( $X{&gt;=,ohrm_leave_entitlement.from_date,fromDate} AND $X{&lt;=,ohrm_leave_entitlement.to_date,toDate} )\n    )\n\nGROUP BY ohrm_leave_entitlement.id\n) AS A\n\nGROUP BY A.leave_type_id\nORDER BY A.leave_type_id\n\n</query>\n    <id_field>leaveTypeId</id_field>\n    <display_groups>\n            <display_group name=\"g2\" type=\"one\" display=\"true\">\n                <group_header></group_header>\n                <fields>\n                    <field display=\"false\">\n                        <field_name>A.leave_type_id</field_name>\n                        <field_alias>leaveTypeId</field_alias>\n                        <display_name>Leave Type ID</display_name>\n                        <width>1</width>\n                    </field>\n                    <field display=\"true\">\n                        <field_name>sum(A.no_of_days) - sum(A.scheduled) - sum(A.taken)</field_name>\n                        <field_alias>entitlement_total</field_alias>\n                        <display_name>Leave Entitlements (Days)</display_name>\n                        <width>120</width>\n                        <align>right</align>\n                        <link>leave/viewLeaveEntitlements?empNumber=$P{empNumber}&amp;fromDate=$P{fromDate}&amp;toDate=$P{toDate}&amp;leaveTypeId=$P{leaveTypeId}&amp;stddate=1</link>\n                    </field>\n                </fields>\n            </display_group>\n    </display_groups>\n</sub_report>\n\n<sub_report type=\"sql\" name=\"pendingQuery\">\n<query>\nFROM ohrm_leave_type LEFT JOIN\nohrm_leave ON ohrm_leave_type.id = ohrm_leave.leave_type_id AND\n$X{=,ohrm_leave.emp_number,empNumber} AND\nohrm_leave.status = 1 AND\n$X{&gt;=,ohrm_leave.date,fromDate} AND $X{&lt;=,ohrm_leave.date,toDate}\nWHERE\nohrm_leave_type.deleted = 0 AND\n$X{IN,ohrm_leave_type.id,leaveTypeId}\n\nGROUP BY ohrm_leave_type.id\nORDER BY ohrm_leave_type.id\n</query>\n    <id_field>leaveTypeId</id_field>\n    <display_groups>\n            <display_group name=\"g6\" type=\"one\" display=\"true\">\n                <group_header></group_header>\n                <fields>\n                    <field display=\"false\">\n                        <field_name>ohrm_leave_type.id</field_name>\n                        <field_alias>leaveTypeId</field_alias>\n                        <display_name>Leave Type ID</display_name>\n                        <width>1</width>\n                    </field>\n                    <field display=\"true\">\n                        <field_name>sum(length_days)</field_name>\n                        <field_alias>pending</field_alias>\n                        <display_name>Leave Pending Approval (Days)</display_name>\n                        <width>120</width>\n                        <align>right</align>\n                        <link>leave/viewLeaveList?empNumber=$P{empNumber}&amp;fromDate=$P{fromDate}&amp;toDate=$P{toDate}&amp;leaveTypeId=$P{leaveTypeId}&amp;status=1&amp;stddate=1</link>\n                    </field>\n                </fields>\n            </display_group>\n    </display_groups>\n    </sub_report>\n\n<sub_report type=\"sql\" name=\"scheduledQuery\">\n<query>\nFROM ohrm_leave_type LEFT JOIN\nohrm_leave ON ohrm_leave_type.id = ohrm_leave.leave_type_id AND\n$X{=,ohrm_leave.emp_number,empNumber} AND\nohrm_leave.status = 2 AND\n$X{&gt;=,ohrm_leave.date,fromDate} AND $X{&lt;=,ohrm_leave.date,toDate}\nWHERE\nohrm_leave_type.deleted = 0 AND\n$X{IN,ohrm_leave_type.id,leaveTypeId}\n\nGROUP BY ohrm_leave_type.id\nORDER BY ohrm_leave_type.id\n</query>\n    <id_field>leaveTypeId</id_field>\n    <display_groups>\n            <display_group name=\"g5\" type=\"one\" display=\"true\">\n                <group_header></group_header>\n                <fields>\n                    <field display=\"false\">\n                        <field_name>ohrm_leave_type.id</field_name>\n                        <field_alias>leaveTypeId</field_alias>\n                        <display_name>Leave Type ID</display_name>\n                        <width>1</width>\n                    </field>\n                    <field display=\"true\">\n                        <field_name>sum(length_days)</field_name>\n                        <field_alias>scheduled</field_alias>\n                        <display_name>Leave Scheduled (Days)</display_name>\n                        <width>120</width>\n                        <align>right</align>\n                        <link>leave/viewLeaveList?empNumber=$P{empNumber}&amp;fromDate=$P{fromDate}&amp;toDate=$P{toDate}&amp;leaveTypeId=$P{leaveTypeId}&amp;status=2&amp;stddate=1</link>\n                    </field>\n                </fields>\n            </display_group>\n    </display_groups>\n    </sub_report>\n\n<sub_report type=\"sql\" name=\"takenQuery\">\n<query>\nFROM ohrm_leave WHERE $X{=,emp_number,empNumber} AND\nstatus = 3 AND\n$X{IN,ohrm_leave.leave_type_id,leaveTypeId} AND\n$X{&gt;=,ohrm_leave.date,fromDate} AND $X{&lt;=,ohrm_leave.date,toDate}\nGROUP BY leave_type_id\nORDER BY ohrm_leave.leave_type_id\n</query>\n    <id_field>leaveTypeId</id_field>\n    <display_groups>\n            <display_group name=\"g4\" type=\"one\" display=\"true\">\n                <group_header></group_header>\n                <fields>\n                    <field display=\"false\">\n                        <field_name>ohrm_leave.leave_type_id</field_name>\n                        <field_alias>leaveTypeId</field_alias>\n                        <display_name>Leave Type ID</display_name>\n                        <width>1</width>\n                    </field>\n                    <field display=\"true\">\n                        <field_name>sum(length_days)</field_name>\n                        <field_alias>taken</field_alias>\n                        <display_name>Leave Taken (Days)</display_name>\n                        <width>120</width>\n                        <align>right</align>\n                        <link>leave/viewLeaveList?empNumber=$P{empNumber}&amp;fromDate=$P{fromDate}&amp;toDate=$P{toDate}&amp;leaveTypeId=$P{leaveTypeId}&amp;status=3&amp;stddate=1</link>\n                    </field>\n                </fields>\n            </display_group>\n    </display_groups>\n    </sub_report>\n\n<sub_report type=\"sql\" name=\"unused\">\n    <query>FROM ohrm_leave_type WHERE deleted = 0 AND $X{IN,ohrm_leave_type.id,leaveTypeId} ORDER BY ohrm_leave_type.id</query>\n    <id_field>leaveTypeId</id_field>\n    <display_groups>\n        <display_group name=\"unused\" type=\"one\" display=\"true\">\n            <group_header></group_header>\n            <fields>\n                <field display=\"false\">\n                    <field_name>ohrm_leave_type.id</field_name>\n                    <field_alias>leaveTypeId</field_alias>\n                    <display_name>Leave Type ID</display_name>\n                    <width>1</width>\n                </field>\n                <field display=\"true\">\n                    <field_name>ohrm_leave_type.name</field_name>\n                    <field_alias>unused</field_alias>\n                    <display_name>Leave Balance (Days)</display_name>\n                    <width>160</width>\n                    <align>right</align>\n                </field>\n            </fields>\n        </display_group>\n    </display_groups>\n</sub_report>\n\n\n    <join>\n        <join_by sub_report=\"mainTable\" id=\"leaveTypeId\"></join_by>\n        <join_by sub_report=\"entitlementsTotal\" id=\"leaveTypeId\"></join_by>\n        <join_by sub_report=\"pendingQuery\" id=\"leaveTypeId\"></join_by>\n        <join_by sub_report=\"scheduledQuery\" id=\"leaveTypeId\"></join_by>\n        <join_by sub_report=\"takenQuery\" id=\"leaveTypeId\"></join_by>\n        <join_by sub_report=\"unused\" id=\"leaveTypeId\"></join_by>\n\n    </join>\n    <page_limit>100</page_limit>\n</report>'),
(2, 'Leave Entitlements and Usage Report', '\n<report>\n    <settings>\n        <csv>\n            <include_group_header>1</include_group_header>\n            <include_header>1</include_header>\n        </csv>\n    </settings>\n<filter_fields>\n	<input_field type=\"text\" name=\"leaveType\" label=\"Leave Type\"></input_field>\n	<input_field type=\"text\" name=\"fromDate\" label=\"From\"></input_field>\n        <input_field type=\"text\" name=\"toDate\" label=\"To\"></input_field>\n        <input_field type=\"text\" name=\"asOfDate\" label=\"AsOf\"></input_field>\n        <input_field type=\"text\" name=\"emp_numbers\" label=\"employees\"></input_field>\n        <input_field type=\"text\" name=\"job_title\" label=\"Job Title\"></input_field>\n        <input_field type=\"text\" name=\"location\" label=\"Location\"></input_field>\n        <input_field type=\"text\" name=\"sub_unit\" label=\"Sub Unit\"></input_field>\n        <input_field type=\"text\" name=\"terminated\" label=\"Terminated\"></input_field>\n</filter_fields>\n\n<sub_report type=\"sql\" name=\"mainTable\">\n    <query>FROM hs_hr_employee\n    LEFT JOIN hs_hr_emp_locations ON hs_hr_employee.emp_number = hs_hr_emp_locations.emp_number\n    WHERE $X{IN,hs_hr_employee.emp_number,emp_numbers}\n    AND $X{=,hs_hr_employee.job_title_code,job_title}\n    AND $X{IN,hs_hr_employee.work_station,sub_unit}\n    AND $X{IN,hs_hr_emp_locations.location_id,location}\n    AND $X{IS NULL,hs_hr_employee.termination_id,terminated}\n    ORDER BY hs_hr_employee.emp_lastname</query>\n    <id_field>empNumber</id_field>\n    <display_groups>\n        <display_group name=\"personalDetails\" type=\"one\" display=\"true\">\n            <group_header></group_header>\n            <fields>\n                <field display=\"false\">\n                    <field_name>hs_hr_employee.emp_number</field_name>\n                    <field_alias>empNumber</field_alias>\n                    <display_name>Employee Number</display_name>\n                    <width>1</width>\n                </field>\n                <field display=\"false\">\n                    <field_name>hs_hr_employee.termination_id</field_name>\n                    <field_alias>termination_id</field_alias>\n                    <display_name>Termination ID</display_name>\n                    <width>1</width>\n                </field>\n                <field display=\"true\">\n                    <field_name>CONCAT(hs_hr_employee.emp_firstname, \' \', hs_hr_employee.emp_lastname)</field_name>\n                    <field_alias>employeeName</field_alias>\n                    <display_name>Employee</display_name>\n                    <width>150</width>\n                </field>\n            </fields>\n        </display_group>\n    </display_groups>\n</sub_report>\n\n<sub_report type=\"sql\" name=\"entitlementsTotal\">\n                    <query>\n\nFROM (\nSELECT ohrm_leave_entitlement.id as id,\n       ohrm_leave_entitlement.emp_number as emp_number,\n       ohrm_leave_entitlement.no_of_days as no_of_days,\n       sum(IF(ohrm_leave.status = 2, ohrm_leave_leave_entitlement.length_days, 0)) AS scheduled,\n       sum(IF(ohrm_leave.status = 3, ohrm_leave_leave_entitlement.length_days, 0)) AS taken\n\nFROM ohrm_leave_entitlement LEFT JOIN ohrm_leave_leave_entitlement ON\n    ohrm_leave_entitlement.id = ohrm_leave_leave_entitlement.entitlement_id\n    LEFT JOIN ohrm_leave ON ohrm_leave.id = ohrm_leave_leave_entitlement.leave_id AND\n    ( $X{&gt;,ohrm_leave.date,toDate} OR $X{&lt;,ohrm_leave.date,fromDate} )\n\nWHERE ohrm_leave_entitlement.deleted=0 AND $X{=,ohrm_leave_entitlement.leave_type_id,leaveType}\n    AND $X{IN,ohrm_leave_entitlement.emp_number,empNumber} AND\n    (\n      ( $X{&lt;=,ohrm_leave_entitlement.from_date,fromDate} AND $X{&gt;=,ohrm_leave_entitlement.to_date,fromDate} ) OR\n      ( $X{&lt;=,ohrm_leave_entitlement.from_date,toDate} AND $X{&gt;=,ohrm_leave_entitlement.to_date,toDate} ) OR\n      ( $X{&gt;=,ohrm_leave_entitlement.from_date,fromDate} AND $X{&lt;=,ohrm_leave_entitlement.to_date,toDate} )\n    )\n\nGROUP BY ohrm_leave_entitlement.id\n) AS A\n\nGROUP BY A.emp_number\nORDER BY A.emp_number\n\n</query>\n    <id_field>empNumber</id_field>\n    <display_groups>\n            <display_group name=\"g2\" type=\"one\" display=\"true\">\n                <group_header></group_header>\n                <fields>\n                    <field display=\"false\">\n                        <field_name>A.emp_number</field_name>\n                        <field_alias>empNumber</field_alias>\n                        <display_name>Emp Number</display_name>\n                        <width>1</width>\n                    </field>\n                    <field display=\"true\">\n                        <field_name>sum(A.no_of_days) - sum(A.scheduled) - sum(A.taken)</field_name>\n                        <field_alias>entitlement_total</field_alias>\n                        <display_name>Leave Entitlements (Days)</display_name>\n                        <width>120</width>\n                        <align>right</align>\n                        <link>leave/viewLeaveEntitlements?empNumber=$P{empNumber}&amp;fromDate=$P{fromDate}&amp;toDate=$P{toDate}&amp;leaveTypeId=$P{leaveTypeId}&amp;stddate=1</link>\n                    </field>\n                </fields>\n            </display_group>\n    </display_groups>\n</sub_report>\n\n<sub_report type=\"sql\" name=\"pendingQuery\">\n<query>\nFROM ohrm_leave WHERE $X{=,ohrm_leave.leave_type_id,leaveType} AND\nstatus = 1 AND\n$X{IN,ohrm_leave.emp_number,empNumber} AND\n$X{&gt;=,ohrm_leave.date,fromDate} AND $X{&lt;=,ohrm_leave.date,toDate}\nGROUP BY emp_number\nORDER BY ohrm_leave.emp_number\n</query>\n    <id_field>empNumber</id_field>\n    <display_groups>\n            <display_group name=\"g6\" type=\"one\" display=\"true\">\n                <group_header></group_header>\n                <fields>\n                    <field display=\"false\">\n                        <field_name>ohrm_leave.emp_number</field_name>\n                        <field_alias>empNumber</field_alias>\n                        <display_name>Emp Number</display_name>\n                        <width>1</width>\n                    </field>\n                    <field display=\"true\">\n                        <field_name>sum(length_days)</field_name>\n                        <field_alias>pending</field_alias>\n                        <display_name>Leave Pending Approval (Days)</display_name>\n                        <width>121</width>\n                        <align>right</align>\n                        <link>leave/viewLeaveList?empNumber=$P{empNumber}&amp;fromDate=$P{fromDate}&amp;toDate=$P{toDate}&amp;leaveTypeId=$P{leaveTypeId}&amp;status=1&amp;stddate=1</link>\n                    </field>\n                </fields>\n            </display_group>\n    </display_groups>\n</sub_report>\n\n\n<sub_report type=\"sql\" name=\"scheduledQuery\">\n<query>\nFROM ohrm_leave WHERE $X{=,ohrm_leave.leave_type_id,leaveType} AND\nstatus = 2 AND\n$X{IN,ohrm_leave.emp_number,empNumber} AND\n$X{&gt;=,ohrm_leave.date,fromDate} AND $X{&lt;=,ohrm_leave.date,toDate}\nGROUP BY emp_number\nORDER BY ohrm_leave.emp_number\n</query>\n    <id_field>empNumber</id_field>\n    <display_groups>\n            <display_group name=\"g5\" type=\"one\" display=\"true\">\n                <group_header></group_header>\n                <fields>\n                    <field display=\"false\">\n                        <field_name>ohrm_leave.emp_number</field_name>\n                        <field_alias>empNumber</field_alias>\n                        <display_name>Emp Number</display_name>\n                        <width>1</width>\n                    </field>\n                    <field display=\"true\">\n                        <field_name>sum(length_days)</field_name>\n                        <field_alias>scheduled</field_alias>\n                        <display_name>Leave Scheduled (Days)</display_name>\n                        <width>121</width>\n                        <align>right</align>\n                        <link>leave/viewLeaveList?empNumber=$P{empNumber}&amp;fromDate=$P{fromDate}&amp;toDate=$P{toDate}&amp;leaveTypeId=$P{leaveTypeId}&amp;status=2&amp;stddate=1</link>\n                    </field>\n                </fields>\n            </display_group>\n    </display_groups>\n</sub_report>\n\n<sub_report type=\"sql\" name=\"takenQuery\">\n<query>\nFROM ohrm_leave WHERE $X{=,ohrm_leave.leave_type_id,leaveType} AND\nstatus = 3 AND\n$X{IN,ohrm_leave.emp_number,empNumber} AND\n$X{&gt;=,ohrm_leave.date,fromDate} AND $X{&lt;=,ohrm_leave.date,toDate}\nGROUP BY emp_number\nORDER BY ohrm_leave.emp_number\n</query>\n    <id_field>empNumber</id_field>\n    <display_groups>\n            <display_group name=\"g4\" type=\"one\" display=\"true\">\n                <group_header></group_header>\n                <fields>\n                    <field display=\"false\">\n                        <field_name>ohrm_leave.emp_number</field_name>\n                        <field_alias>empNumber</field_alias>\n                        <display_name>Emp Number</display_name>\n                        <width>1</width>\n                    </field>\n                    <field display=\"true\">\n                        <field_name>sum(length_days)</field_name>\n                        <field_alias>taken</field_alias>\n                        <display_name>Leave Taken (Days)</display_name>\n                        <width>120</width>\n                        <align>right</align>\n                        <link>leave/viewLeaveList?empNumber=$P{empNumber}&amp;fromDate=$P{fromDate}&amp;toDate=$P{toDate}&amp;leaveTypeId=$P{leaveTypeId}&amp;status=3&amp;stddate=1</link>\n                    </field>\n                </fields>\n            </display_group>\n    </display_groups>\n</sub_report>\n<sub_report type=\"sql\" name=\"unused\">\n    <query>FROM hs_hr_employee WHERE $X{IN,hs_hr_employee.emp_number,empNumber} ORDER BY hs_hr_employee.emp_number</query>\n    <id_field>empNumber</id_field>\n    <display_groups>\n        <display_group name=\"unused\" type=\"one\" display=\"true\">\n            <group_header></group_header>\n            <fields>\n                <field display=\"false\">\n                    <field_name>hs_hr_employee.emp_number</field_name>\n                    <field_alias>empNumber</field_alias>\n                    <display_name>Employee Number</display_name>\n                    <width>1</width>\n                </field>\n                <field display=\"true\">\n                    <field_name>hs_hr_employee.emp_firstname</field_name>\n                    <field_alias>unused</field_alias>\n                    <display_name>Leave Balance (Days)</display_name>\n                    <width>150</width>\n                    <align>right</align>\n                </field>\n\n            </fields>\n        </display_group>\n    </display_groups>\n</sub_report>\n    <join>\n        <join_by sub_report=\"mainTable\" id=\"empNumber\"></join_by>\n        <join_by sub_report=\"entitlementsTotal\" id=\"empNumber\"></join_by>\n        <join_by sub_report=\"pendingQuery\" id=\"empNumber\"></join_by>\n        <join_by sub_report=\"scheduledQuery\" id=\"empNumber\"></join_by>\n        <join_by sub_report=\"takenQuery\" id=\"empNumber\"></join_by>\n        <join_by sub_report=\"unused\" id=\"empNumber\"></join_by>\n    </join>\n    <page_limit>20</page_limit>\n</report>');

-- --------------------------------------------------------

--
-- Table structure for table `ohrm_attendance_record`
--

CREATE TABLE `ohrm_attendance_record` (
  `id` bigint(20) NOT NULL,
  `employee_id` bigint(20) NOT NULL,
  `punch_in_utc_time` datetime DEFAULT NULL,
  `punch_in_note` varchar(255) DEFAULT NULL,
  `punch_in_time_offset` varchar(255) DEFAULT NULL,
  `punch_in_user_time` datetime DEFAULT NULL,
  `punch_out_utc_time` datetime DEFAULT NULL,
  `punch_out_note` varchar(255) DEFAULT NULL,
  `punch_out_time_offset` varchar(255) DEFAULT NULL,
  `punch_out_user_time` datetime DEFAULT NULL,
  `state` varchar(255) NOT NULL
) ENGINE=InnoDB DEFAULT CHARSET=utf8;

-- --------------------------------------------------------

--
-- Table structure for table `ohrm_auth_provider_extra_details`
--

CREATE TABLE `ohrm_auth_provider_extra_details` (
  `id` int(11) NOT NULL,
  `provider_id` int(10) NOT NULL,
  `provider_type` int(11) DEFAULT NULL,
  `client_id` text DEFAULT NULL,
  `client_secret` text DEFAULT NULL,
  `developer_key` text DEFAULT NULL
) ENGINE=MyISAM DEFAULT CHARSET=utf8;

-- --------------------------------------------------------

--
-- Table structure for table `ohrm_available_group_field`
--

CREATE TABLE `ohrm_available_group_field` (
  `report_group_id` bigint(20) NOT NULL,
  `group_field_id` bigint(20) NOT NULL
) ENGINE=InnoDB DEFAULT CHARSET=utf8;

-- --------------------------------------------------------

--
-- Table structure for table `ohrm_beacon_notification`
--

CREATE TABLE `ohrm_beacon_notification` (
  `id` int(11) NOT NULL,
  `name` varchar(100) NOT NULL,
  `expiry_date` timestamp NOT NULL DEFAULT current_timestamp() ON UPDATE current_timestamp(),
  `definition` longtext NOT NULL
) ENGINE=InnoDB DEFAULT CHARSET=utf8;

-- --------------------------------------------------------

--
-- Table structure for table `ohrm_buzz_comment`
--

CREATE TABLE `ohrm_buzz_comment` (
  `id` bigint(20) NOT NULL,
  `share_id` bigint(20) NOT NULL,
  `employee_number` int(7) DEFAULT NULL,
  `number_of_likes` int(6) DEFAULT NULL,
  `number_of_unlikes` int(6) DEFAULT NULL,
  `comment_text` text DEFAULT NULL,
  `comment_time` datetime NOT NULL,
  `updated_at` timestamp NOT NULL DEFAULT current_timestamp() ON UPDATE current_timestamp()
) ENGINE=InnoDB DEFAULT CHARSET=utf8mb4;

-- --------------------------------------------------------

--
-- Table structure for table `ohrm_buzz_like_on_comment`
--

CREATE TABLE `ohrm_buzz_like_on_comment` (
  `id` bigint(20) NOT NULL,
  `comment_id` bigint(20) NOT NULL,
  `employee_number` int(7) DEFAULT NULL,
  `like_time` datetime NOT NULL
) ENGINE=InnoDB DEFAULT CHARSET=utf8mb4;

-- --------------------------------------------------------

--
-- Table structure for table `ohrm_buzz_like_on_share`
--

CREATE TABLE `ohrm_buzz_like_on_share` (
  `id` bigint(20) NOT NULL,
  `share_id` bigint(20) NOT NULL,
  `employee_number` int(7) DEFAULT NULL,
  `like_time` datetime NOT NULL
) ENGINE=InnoDB DEFAULT CHARSET=utf8mb4;

-- --------------------------------------------------------

--
-- Table structure for table `ohrm_buzz_link`
--

CREATE TABLE `ohrm_buzz_link` (
  `id` bigint(20) NOT NULL,
  `post_id` bigint(20) NOT NULL,
  `link` text NOT NULL,
  `type` tinyint(2) DEFAULT NULL,
  `title` varchar(600) DEFAULT NULL,
  `description` text DEFAULT NULL
) ENGINE=InnoDB DEFAULT CHARSET=utf8mb4;

-- --------------------------------------------------------

--
-- Table structure for table `ohrm_buzz_notification_metadata`
--

CREATE TABLE `ohrm_buzz_notification_metadata` (
  `emp_number` int(7) NOT NULL,
  `last_notification_view_time` datetime DEFAULT NULL,
  `last_buzz_view_time` datetime DEFAULT NULL,
  `last_clear_notifications` datetime DEFAULT NULL
) ENGINE=InnoDB DEFAULT CHARSET=utf8mb4;

--
-- Dumping data for table `ohrm_buzz_notification_metadata`
--

INSERT INTO `ohrm_buzz_notification_metadata` (`emp_number`, `last_notification_view_time`, `last_buzz_view_time`, `last_clear_notifications`) VALUES
(1, '2022-04-16 18:02:44', '2022-04-22 13:14:26', NULL);

-- --------------------------------------------------------

--
-- Table structure for table `ohrm_buzz_photo`
--

CREATE TABLE `ohrm_buzz_photo` (
  `id` bigint(20) NOT NULL,
  `post_id` bigint(20) NOT NULL,
  `photo` mediumblob DEFAULT NULL,
  `filename` varchar(100) DEFAULT NULL,
  `file_type` varchar(50) DEFAULT NULL,
  `size` varchar(20) DEFAULT NULL,
  `width` varchar(20) DEFAULT NULL,
  `height` varchar(20) DEFAULT NULL
) ENGINE=InnoDB DEFAULT CHARSET=utf8mb4;

-- --------------------------------------------------------

--
-- Table structure for table `ohrm_buzz_post`
--

CREATE TABLE `ohrm_buzz_post` (
  `id` bigint(20) NOT NULL,
  `employee_number` int(7) DEFAULT NULL,
  `text` text DEFAULT NULL,
  `post_time` datetime NOT NULL,
  `updated_at` timestamp NOT NULL DEFAULT current_timestamp() ON UPDATE current_timestamp()
) ENGINE=InnoDB DEFAULT CHARSET=utf8mb4;

--
-- Dumping data for table `ohrm_buzz_post`
--

INSERT INTO `ohrm_buzz_post` (`id`, `employee_number`, `text`, `post_time`, `updated_at`) VALUES
(1, 1, 'hi', '2022-04-22 13:15:15', '2022-04-22 12:15:15');

-- --------------------------------------------------------

--
-- Table structure for table `ohrm_buzz_share`
--

CREATE TABLE `ohrm_buzz_share` (
  `id` bigint(20) NOT NULL,
  `post_id` bigint(20) NOT NULL,
  `employee_number` int(7) DEFAULT NULL,
  `number_of_likes` int(6) DEFAULT NULL,
  `number_of_unlikes` int(6) DEFAULT NULL,
  `number_of_comments` int(6) DEFAULT NULL,
  `share_time` datetime NOT NULL,
  `type` tinyint(1) DEFAULT NULL,
  `text` text DEFAULT NULL,
  `updated_at` timestamp NOT NULL DEFAULT current_timestamp() ON UPDATE current_timestamp()
) ENGINE=InnoDB DEFAULT CHARSET=utf8mb4;

--
-- Dumping data for table `ohrm_buzz_share`
--

INSERT INTO `ohrm_buzz_share` (`id`, `post_id`, `employee_number`, `number_of_likes`, `number_of_unlikes`, `number_of_comments`, `share_time`, `type`, `text`, `updated_at`) VALUES
(1, 1, 1, 0, 0, 0, '2022-04-22 13:15:15', 0, NULL, '2022-04-22 12:15:15');

-- --------------------------------------------------------

--
-- Table structure for table `ohrm_buzz_unlike_on_comment`
--

CREATE TABLE `ohrm_buzz_unlike_on_comment` (
  `id` bigint(20) NOT NULL,
  `comment_id` bigint(20) NOT NULL,
  `employee_number` int(7) DEFAULT NULL,
  `like_time` datetime NOT NULL
) ENGINE=InnoDB DEFAULT CHARSET=utf8mb4;

-- --------------------------------------------------------

--
-- Table structure for table `ohrm_buzz_unlike_on_share`
--

CREATE TABLE `ohrm_buzz_unlike_on_share` (
  `id` bigint(20) NOT NULL,
  `share_id` bigint(20) NOT NULL,
  `employee_number` int(7) DEFAULT NULL,
  `like_time` datetime NOT NULL
) ENGINE=InnoDB DEFAULT CHARSET=utf8mb4;

-- --------------------------------------------------------

--
-- Table structure for table `ohrm_composite_display_field`
--

CREATE TABLE `ohrm_composite_display_field` (
  `composite_display_field_id` bigint(20) NOT NULL,
  `report_group_id` bigint(20) NOT NULL,
  `name` varchar(1000) NOT NULL,
  `label` varchar(255) NOT NULL,
  `field_alias` varchar(255) DEFAULT NULL,
  `is_sortable` varchar(10) NOT NULL,
  `sort_order` varchar(255) DEFAULT NULL,
  `sort_field` varchar(255) DEFAULT NULL,
  `element_type` varchar(255) NOT NULL,
  `element_property` varchar(1000) NOT NULL,
  `width` varchar(255) NOT NULL,
  `is_exportable` varchar(10) DEFAULT NULL,
  `text_alignment_style` varchar(20) DEFAULT NULL,
  `is_value_list` tinyint(1) NOT NULL DEFAULT 0,
  `display_field_group_id` int(10) UNSIGNED DEFAULT NULL,
  `default_value` varchar(255) DEFAULT NULL,
  `is_encrypted` tinyint(1) NOT NULL DEFAULT 0,
  `is_meta` tinyint(1) NOT NULL DEFAULT 0
) ENGINE=InnoDB DEFAULT CHARSET=utf8;

--
-- Dumping data for table `ohrm_composite_display_field`
--

INSERT INTO `ohrm_composite_display_field` (`composite_display_field_id`, `report_group_id`, `name`, `label`, `field_alias`, `is_sortable`, `sort_order`, `sort_field`, `element_type`, `element_property`, `width`, `is_exportable`, `text_alignment_style`, `is_value_list`, `display_field_group_id`, `default_value`, `is_encrypted`, `is_meta`) VALUES
(1, 1, 'IF(hs_hr_employee.termination_id IS NULL, CONCAT(hs_hr_employee.emp_firstname, \" \" ,hs_hr_employee.emp_lastname), CONCAT(hs_hr_employee.emp_firstname, \" \" ,hs_hr_employee.emp_lastname, \" (Past Employee)\"))', 'Employee Name', 'employeeName', 'false', NULL, NULL, 'label', '<xml><getter>employeeName</getter></xml>', '300', '0', NULL, 0, NULL, 'Deleted Employee', 0, 0),
(2, 1, 'CONCAT(ohrm_customer.name, \" - \" ,ohrm_project.name)', 'Project Name', 'projectname', 'false', NULL, NULL, 'label', '<xml><getter>projectname</getter></xml>', '300', '0', NULL, 0, NULL, NULL, 0, 0);

-- --------------------------------------------------------

--
-- Table structure for table `ohrm_customer`
--

CREATE TABLE `ohrm_customer` (
  `customer_id` int(11) NOT NULL,
  `name` varchar(100) NOT NULL,
  `description` varchar(255) DEFAULT NULL,
  `is_deleted` tinyint(1) DEFAULT 0
) ENGINE=InnoDB DEFAULT CHARSET=utf8;

-- --------------------------------------------------------

--
-- Table structure for table `ohrm_datapoint`
--

CREATE TABLE `ohrm_datapoint` (
  `id` int(11) NOT NULL,
  `name` varchar(100) DEFAULT NULL,
  `datapoint_type_id` int(11) NOT NULL,
  `definition` longtext NOT NULL
) ENGINE=InnoDB DEFAULT CHARSET=utf8;

-- --------------------------------------------------------

--
-- Table structure for table `ohrm_datapoint_type`
--

CREATE TABLE `ohrm_datapoint_type` (
  `id` int(11) NOT NULL,
  `name` varchar(100) NOT NULL,
  `action_class` varchar(100) NOT NULL
) ENGINE=InnoDB DEFAULT CHARSET=utf8;

--
-- Dumping data for table `ohrm_datapoint_type`
--

INSERT INTO `ohrm_datapoint_type` (`id`, `name`, `action_class`) VALUES
(1, 'config', 'configDatapointProcessor'),
(2, 'count', 'countDatapointProcessor'),
(3, 'session', 'sessionDatapointProcessor'),
(4, 'organization', 'OrganizationDataProcessor');

-- --------------------------------------------------------

--
-- Table structure for table `ohrm_data_group`
--

CREATE TABLE `ohrm_data_group` (
  `id` int(11) NOT NULL,
  `name` varchar(255) NOT NULL,
  `description` varchar(255) DEFAULT NULL,
  `can_read` tinyint(4) DEFAULT NULL,
  `can_create` tinyint(4) DEFAULT NULL,
  `can_update` tinyint(4) DEFAULT NULL,
  `can_delete` tinyint(4) DEFAULT NULL
) ENGINE=InnoDB DEFAULT CHARSET=utf8;

--
-- Dumping data for table `ohrm_data_group`
--

INSERT INTO `ohrm_data_group` (`id`, `name`, `description`, `can_read`, `can_create`, `can_update`, `can_delete`) VALUES
(1, 'personal_information', 'PIM - Personal Details', 1, NULL, 1, NULL),
(2, 'personal_attachment', 'PIM - Personal Details - Attachments', 1, 1, 1, 1),
(3, 'personal_custom_fields', 'PIM - Personal Details - Custom Fields', 1, NULL, 1, NULL),
(4, 'contact_details', 'PIM - Contact Details', 1, NULL, 1, NULL),
(5, 'contact_attachment', 'PIM - Contact Details - Attachments', 1, 1, 1, 1),
(6, 'contact_custom_fields', 'PIM - Contact Details - Custom Fields', 1, NULL, 1, NULL),
(7, 'emergency_contacts', 'PIM - Emergency Contacts', 1, 1, 1, 1),
(8, 'emergency_attachment', 'PIM - Emergency Contacts - Attachments', 1, 1, 1, 1),
(9, 'emergency_custom_fields', 'PIM - Emergency Contacts - Custom Fields', 1, NULL, 1, NULL),
(10, 'dependents', 'PIM - Dependents', 1, 1, 1, 1),
(11, 'dependents_attachment', 'PIM - Dependents - Attachments', 1, 1, 1, 1),
(12, 'dependents_custom_fields', 'PIM - Dependents - Custom Fields', 1, NULL, 1, NULL),
(13, 'immigration', 'PIM - Immigration', 1, 1, 1, 1),
(14, 'immigration_attachment', 'PIM - Immigration - Attachments', 1, 1, 1, 1),
(15, 'immigration_custom_fields', 'PIM - Immigration - Custom Fields', 1, NULL, 1, NULL),
(16, 'job_details', 'PIM - Job', 1, NULL, 1, NULL),
(17, 'job_attachment', 'PIM - Job - Attachments', 1, 1, 1, 1),
(18, 'job_custom_fields', 'PIM - Job - Custom Fields', 1, NULL, 1, NULL),
(19, 'salary_details', 'PIM - Salary', 1, 1, 1, 1),
(20, 'salary_attachment', 'PIM - Salary - Attachments', 1, 1, 1, 1),
(21, 'salary_custom_fields', 'PIM - Salary - Custom Fields', 1, NULL, 1, NULL),
(22, 'tax_exemptions', 'PIM - Tax Exemptions', 1, NULL, 1, NULL),
(23, 'tax_attachment', 'PIM - Tax Exemptions - Attachments', 1, 1, 1, 1),
(24, 'tax_custom_fields', 'PIM - Tax Exemptions - Custom Fields', 1, NULL, 1, NULL),
(25, 'supervisor', 'PIM - Employee Supervisors', 1, 1, 1, 1),
(26, 'subordinates', 'PIM - Employee Subordinates', 1, 1, 1, 1),
(27, 'report-to_attachment', 'PIM - Employee Supervisors/Subordinates - Attachment', 1, 1, 1, 1),
(28, 'report-to_custom_fields', 'PIM - Employee Supervisors/Subordinates - Custom Fields', 1, NULL, 1, NULL),
(29, 'qualification_work', 'PIM - Qualifications - Work Experience', 1, 1, 1, 1),
(30, 'qualification_education', 'PIM - Qualifications - Education', 1, 1, 1, 1),
(31, 'qualification_skills', 'PIM - Qualifications - Skills', 1, 1, 1, 1),
(32, 'qualification_languages', 'PIM - Qualifications - Languages', 1, 1, 1, 1),
(33, 'qualification_license', 'PIM - Qualifications - License', 1, 1, 1, 1),
(34, 'qualifications_attachment', 'PIM - Qualifications - Attachments', 1, 1, 1, 1),
(35, 'qualifications_custom_fields', 'PIM - Qualifications - Custom Fields', 1, NULL, 1, NULL),
(36, 'membership', 'PIM - Membership', 1, 1, 1, 1),
(37, 'membership_attachment', 'PIM - Membership - Attachments', 1, 1, 1, 1),
(38, 'membership_custom_fields', 'PIM - Membership - Custom Fields', 1, NULL, 1, NULL),
(39, 'photograph', 'PIM - Employee Photograph', 1, NULL, 1, 1),
(40, 'leave_entitlements', 'Leave - Leave Entitlements', 1, 1, 1, 1),
(41, 'leave_entitlements_usage_report', 'Leave - Leave Entitlements and Usage Report', 1, NULL, NULL, NULL),
(42, 'job_titles', 'Admin - Job Titles', 1, 1, 1, 1),
(43, 'pay_grades', 'Admin - Pay Grades', 1, 1, 1, 1),
(44, 'time_customers', 'Time - Project Info - Customers', 1, 1, 1, 1),
(45, 'time_projects', 'Time - Project Info - Projects', 1, 1, 1, 1),
(46, 'pim_reports', 'PIM - Reports', 1, 1, 1, 1),
(47, 'attendance_configuration', 'Time - Attendance Configuration', 1, 0, 1, 0),
(48, 'attendance_records', 'Time - Attendance Records', 1, 0, 0, 0),
(49, 'time_project_reports', 'Time - Project Reports', 1, 0, 0, 0),
(50, 'time_employee_reports', 'Time - Employee Reports', 1, 0, 0, 0),
(51, 'attendance_summary', 'Time - Attendance Summary', 1, 0, 0, 0),
(52, 'leave_period', 'Leave - Leave Period', 1, 0, 1, 0),
(53, 'leave_types', 'Leave - Leave Types', 1, 1, 1, 1),
(54, 'work_week', 'Leave - Work Week', 1, 0, 1, 0),
(55, 'holidays', 'Leave - Holidays', 1, 1, 1, 1),
(56, 'recruitment_vacancies', 'Recruitment - Vacancies', 1, 1, 1, 1),
(57, 'recruitment_candidates', 'Recruitment - Candidates', 1, 1, 1, 1),
(58, 'time_employee_timesheets', 'Time - Employee Timesheets', 1, 0, 0, 0),
(59, 'leave_list', 'Leave - Leave List', 1, 0, 0, 0),
(60, 'leave_list_comments', 'Leave - Leave List - Comments', 0, 1, 0, 0),
(61, 'GDPR Employee', 'Employee Records purge or Extract- Tasks', 1, 1, 1, 1),
(62, 'Marketplace', 'Install or Uninstall addons- Tasks', 1, 1, 0, 1),
(63, 'buzz_link', 'buzz link permition ', 1, 1, 1, 0),
(64, 'buzz_link_admin', 'buzz link permition for admin', 1, 1, 1, 0);

-- --------------------------------------------------------

--
-- Table structure for table `ohrm_data_group_screen`
--

CREATE TABLE `ohrm_data_group_screen` (
  `id` int(11) NOT NULL,
  `data_group_id` int(11) DEFAULT NULL,
  `screen_id` int(11) DEFAULT NULL,
  `permission` int(11) DEFAULT NULL
) ENGINE=InnoDB DEFAULT CHARSET=utf8;

--
-- Dumping data for table `ohrm_data_group_screen`
--

INSERT INTO `ohrm_data_group_screen` (`id`, `data_group_id`, `screen_id`, `permission`) VALUES
(1, 40, 69, 1),
(2, 40, 72, 2),
(3, 40, 73, 3),
(4, 40, 71, 4),
(5, 41, 78, 1),
(6, 42, 23, 1),
(7, 42, 80, 1),
(8, 42, 80, 2),
(9, 42, 80, 3),
(10, 42, 81, 4),
(11, 43, 24, 1),
(12, 43, 82, 1),
(13, 43, 82, 2),
(14, 43, 82, 3),
(15, 43, 83, 4),
(16, 43, 84, 3),
(17, 43, 85, 3),
(18, 42, 74, 1),
(19, 43, 74, 1),
(20, 44, 36, 1),
(21, 44, 86, 2),
(22, 44, 86, 3),
(23, 44, 87, 4),
(24, 45, 37, 1),
(25, 45, 88, 1),
(26, 45, 88, 2),
(27, 45, 88, 3),
(28, 45, 89, 4),
(29, 45, 90, 2),
(30, 45, 90, 3),
(31, 45, 91, 2),
(32, 45, 91, 3),
(33, 46, 45, 1),
(34, 46, 45, 4),
(35, 46, 92, 2),
(36, 46, 92, 3),
(37, 46, 93, 1),
(38, 47, 56, 1),
(39, 47, 56, 3),
(40, 48, 55, 1),
(41, 49, 57, 1),
(42, 49, 102, 1),
(43, 50, 58, 1),
(44, 51, 59, 1),
(45, 51, 101, 1),
(46, 52, 47, 1),
(47, 52, 47, 3),
(48, 53, 7, 1),
(49, 53, 8, 1),
(50, 53, 8, 2),
(51, 53, 8, 3),
(52, 53, 9, 2),
(53, 53, 10, 4),
(54, 54, 14, 1),
(55, 54, 14, 3),
(56, 55, 11, 1),
(57, 55, 12, 2),
(58, 55, 12, 3),
(59, 55, 13, 4),
(60, 56, 61, 1),
(61, 56, 94, 1),
(62, 56, 94, 2),
(63, 56, 94, 3),
(64, 56, 95, 4),
(65, 57, 60, 1),
(66, 57, 96, 1),
(67, 57, 96, 2),
(68, 57, 96, 3),
(69, 57, 97, 4),
(70, 56, 76, 1),
(71, 57, 76, 1),
(72, 58, 52, 1),
(73, 59, 16, 1),
(74, 59, 98, 1),
(75, 59, 99, 1),
(76, 61, 119, 1),
(77, 61, 121, 1),
(78, 62, 122, 1);

-- --------------------------------------------------------

--
-- Table structure for table `ohrm_display_field`
--

CREATE TABLE `ohrm_display_field` (
  `display_field_id` bigint(20) NOT NULL,
  `report_group_id` bigint(20) NOT NULL,
  `name` varchar(255) NOT NULL,
  `label` varchar(255) NOT NULL,
  `field_alias` varchar(255) DEFAULT NULL,
  `is_sortable` varchar(10) NOT NULL,
  `sort_order` varchar(255) DEFAULT NULL,
  `sort_field` varchar(255) DEFAULT NULL,
  `element_type` varchar(255) NOT NULL,
  `element_property` varchar(1000) NOT NULL,
  `width` varchar(255) NOT NULL,
  `is_exportable` varchar(10) DEFAULT NULL,
  `text_alignment_style` varchar(20) DEFAULT NULL,
  `is_value_list` tinyint(1) NOT NULL DEFAULT 0,
  `display_field_group_id` int(10) UNSIGNED DEFAULT NULL,
  `default_value` varchar(255) DEFAULT NULL,
  `is_encrypted` tinyint(1) NOT NULL DEFAULT 0,
  `is_meta` tinyint(1) NOT NULL DEFAULT 0
) ENGINE=InnoDB DEFAULT CHARSET=utf8;

--
-- Dumping data for table `ohrm_display_field`
--

INSERT INTO `ohrm_display_field` (`display_field_id`, `report_group_id`, `name`, `label`, `field_alias`, `is_sortable`, `sort_order`, `sort_field`, `element_type`, `element_property`, `width`, `is_exportable`, `text_alignment_style`, `is_value_list`, `display_field_group_id`, `default_value`, `is_encrypted`, `is_meta`) VALUES
(1, 1, 'ohrm_project.name', 'Project Name', 'projectname', 'false', NULL, NULL, 'label', '<xml><getter>projectname</getter></xml>', '200', '0', NULL, 0, NULL, NULL, 0, 0),
(2, 1, 'ohrm_project_activity.name', 'Activity Name', 'activityname', 'false', NULL, NULL, 'link', '<xml><labelGetter>activityname</labelGetter><placeholderGetters><id>activity_id</id><total>totalduration</total><projectId>projectId</projectId><from>fromDate</from><to>toDate</to><approved>onlyIncludeApprovedTimesheets</approved></placeholderGetters><urlPattern>../../displayProjectActivityDetailsReport?reportId=3#activityId={id}#total={total}#from={from}#to={to}#projectId={projectId}#onlyIncludeApprovedTimesheets={approved}</urlPattern></xml>', '200', '0', NULL, 0, NULL, NULL, 0, 0),
(3, 1, 'ohrm_project_activity.project_id', 'Project Id', NULL, 'false', NULL, NULL, 'label', '<xml><getter>project_id</getter></xml>', '75', '0', 'right', 0, NULL, NULL, 0, 1),
(4, 1, 'ohrm_project_activity.activity_id', 'Activity Id', NULL, 'false', NULL, NULL, 'label', '<xml><getter>activity_id</getter></xml>', '75', '0', 'right', 0, NULL, NULL, 0, 1),
(5, 1, 'ohrm_timesheet_item.duration', 'Time (hours)', NULL, 'false', NULL, NULL, 'label', '<xml><getter>duration</getter></xml>', '75', '0', 'right', 0, NULL, NULL, 0, 0),
(6, 1, 'hs_hr_employee.emp_firstname', 'Employee First Name', NULL, 'false', NULL, NULL, 'label', '<xml><getter>emp_firstname</getter></xml>', '200', '0', NULL, 0, NULL, NULL, 0, 0),
(7, 1, 'hs_hr_employee.emp_lastname', 'Employee Last Name', NULL, 'false', NULL, NULL, 'label', '<xml><getter>emp_lastname</getter></xml>', '200', '0', NULL, 0, NULL, NULL, 0, 0),
(8, 1, 'ohrm_project_activity.name', 'Activity Name', 'activityname', 'false', NULL, NULL, 'label', '<xml><getter>activityname</getter></xml>', '200', '0', NULL, 0, NULL, NULL, 0, 0),
(9, 3, 'hs_hr_employee.employee_id', 'Employee Id', 'employeeId', 'false', NULL, NULL, 'label', '<xml><getter>employeeId</getter></xml>', '100', '0', NULL, 0, 1, '---', 0, 0),
(10, 3, 'hs_hr_employee.emp_lastname', 'Employee Last Name', 'employeeLastname', 'false', NULL, NULL, 'label', '<xml><getter>employeeLastname</getter></xml>', '200', '0', NULL, 0, 1, '---', 0, 0),
(11, 3, 'hs_hr_employee.emp_firstname', 'Employee First Name', 'employeeFirstname', 'false', NULL, NULL, 'label', '<xml><getter>employeeFirstname</getter></xml>', '200', '0', NULL, 0, 1, '---', 0, 0),
(12, 3, 'hs_hr_employee.emp_middle_name', 'Employee Middle Name', 'employeeMiddlename', 'false', NULL, NULL, 'label', '<xml><getter>employeeMiddlename</getter></xml>', '200', '0', NULL, 0, 1, '---', 0, 0),
(13, 3, 'hs_hr_employee.emp_birthday', 'Date of Birth', 'empBirthday', 'false', NULL, NULL, 'labelDate', '<xml><getter>empBirthday</getter></xml>', '100', '0', NULL, 0, 1, '---', 0, 0),
(14, 3, 'ohrm_nationality.name', 'Nationality', 'nationality', 'false', NULL, NULL, 'label', '<xml><getter>nationality</getter></xml>', '200', '0', NULL, 0, 1, '---', 0, 0),
(15, 3, 'CASE hs_hr_employee.emp_gender WHEN 1 THEN \"Male\" WHEN 2 THEN \"Female\" WHEN 3 THEN \"Other\" END', 'Gender', 'empGender', 'false', NULL, NULL, 'label', '<xml><getter>empGender</getter></xml>', '80', '0', NULL, 0, 1, '---', 0, 0),
(17, 3, 'hs_hr_employee.emp_marital_status', 'Marital Status', 'maritalStatus', 'false', NULL, NULL, 'label', '<xml><getter>maritalStatus</getter></xml>', '100', '0', NULL, 0, 1, '---', 0, 0),
(18, 3, 'hs_hr_employee.emp_dri_lice_num', 'Driver License Number', 'driversLicenseNumber', 'false', NULL, NULL, 'label', '<xml><getter>driversLicenseNumber</getter></xml>', '240', '0', NULL, 0, 1, '---', 0, 0),
(19, 3, 'hs_hr_employee.emp_dri_lice_exp_date', 'License Expiry Date', 'licenseExpiryDate', 'false', NULL, NULL, 'labelDate', '<xml><getter>licenseExpiryDate</getter></xml>', '135', '0', NULL, 0, 1, '---', 0, 0),
(20, 3, 'CONCAT_WS(\", \", NULLIF(hs_hr_employee.emp_street1, \"\"), NULLIF(hs_hr_employee.emp_street2, \"\"), NULLIF(hs_hr_employee.city_code, \"\"), NULLIF(hs_hr_employee.provin_code,\"\"), NULLIF(hs_hr_employee.emp_zipcode,\"\"), NULLIF(hs_hr_country.cou_name,\"\"))', 'Address', 'address', 'false', NULL, NULL, 'label', '<xml><getter>address</getter></xml>', '200', '0', NULL, 0, 2, '---', 0, 0),
(21, 3, 'hs_hr_employee.emp_hm_telephone', 'Home Telephone', 'homeTelephone', 'false', NULL, NULL, 'label', '<xml><getter>homeTelephone</getter></xml>', '130', '0', NULL, 0, 2, '---', 0, 0),
(22, 3, 'hs_hr_employee.emp_mobile', 'Mobile', 'mobile', 'false', NULL, NULL, 'label', '<xml><getter>mobile</getter></xml>', '100', '0', NULL, 0, 2, '---', 0, 0),
(23, 3, 'hs_hr_employee.emp_work_telephone', 'Work Telephone', 'workTelephone', 'false', NULL, NULL, 'label', '<xml><getter>workTelephone</getter></xml>', '100', '0', NULL, 0, 2, '---', 0, 0),
(24, 3, 'hs_hr_employee.emp_work_email', 'Work Email', 'workEmail', 'false', NULL, NULL, 'label', '<xml><getter>workEmail</getter></xml>', '200', '0', NULL, 0, 2, '---', 0, 0),
(25, 3, 'hs_hr_employee.emp_oth_email', 'Other Email', 'otherEmail', 'false', NULL, NULL, 'label', '<xml><getter>otherEmail</getter></xml>', '200', '0', NULL, 0, 2, '---', 0, 0),
(26, 3, 'hs_hr_emp_emergency_contacts.eec_name', 'Name', 'ecname', 'false', NULL, NULL, 'label', '<xml><getter>ecname</getter></xml>', '200', '0', NULL, 1, 3, '---', 0, 0),
(27, 3, 'hs_hr_emp_emergency_contacts.eec_home_no', 'Home Telephone', 'ecHomeTelephone', 'false', NULL, NULL, 'label', '<xml><getter>ecHomeTelephone</getter></xml>', '130', '0', NULL, 1, 3, '---', 0, 0),
(28, 3, 'hs_hr_emp_emergency_contacts.eec_office_no', 'Work Telephone', 'ecWorkTelephone', 'false', NULL, NULL, 'label', '<xml><getter>ecWorkTelephone</getter></xml>', '100', '0', NULL, 1, 3, '---', 0, 0),
(29, 3, 'hs_hr_emp_emergency_contacts.eec_relationship', 'Relationship', 'ecRelationship', 'false', NULL, NULL, 'label', '<xml><getter>ecRelationship</getter></xml>', '200', '0', NULL, 1, 3, '---', 0, 0),
(30, 3, 'hs_hr_emp_emergency_contacts.eec_mobile_no', 'Mobile', 'ecMobile', 'false', NULL, NULL, 'label', '<xml><getter>ecMobile</getter></xml>', '100', '0', NULL, 1, 3, '---', 0, 0),
(31, 3, 'hs_hr_emp_dependents.ed_name', 'Name', 'dependentName', 'false', NULL, NULL, 'label', '<xml><getter>dependentName</getter></xml>', '200', '0', NULL, 1, 4, '---', 0, 0),
(32, 3, 'IF (hs_hr_emp_dependents.ed_relationship_type = \'other\', hs_hr_emp_dependents.ed_relationship, hs_hr_emp_dependents.ed_relationship_type)', 'Relationship', 'dependentRelationship', 'false', NULL, NULL, 'label', '<xml><getter>dependentRelationship</getter></xml>', '200', '0', NULL, 1, 4, '---', 0, 0),
(33, 3, 'hs_hr_emp_dependents.ed_date_of_birth', 'Date of Birth', 'dependentDateofBirth', 'false', NULL, NULL, 'labelDate', '<xml><getter>dependentDateofBirth</getter></xml>', '100', '0', NULL, 1, 4, '---', 0, 0),
(35, 3, 'ohrm_membership.name', 'Membership', 'name', 'false', NULL, NULL, 'label', '<xml><getter>name</getter></xml>', '200', '0', NULL, 1, 15, '---', 0, 0),
(36, 3, 'hs_hr_emp_member_detail.ememb_subscript_ownership', 'Subscription Paid By', 'subscriptionPaidBy', 'false', NULL, NULL, 'label', '<xml><getter>subscriptionPaidBy</getter></xml>', '200', '0', NULL, 1, 15, '---', 0, 0),
(37, 3, 'hs_hr_emp_member_detail.ememb_subscript_amount', 'Subscription Amount', 'subscriptionAmount', 'false', NULL, NULL, 'label', '<xml><getter>subscriptionAmount</getter></xml>', '200', '0', NULL, 1, 15, '---', 0, 0),
(38, 3, 'hs_hr_emp_member_detail.ememb_subs_currency', 'Currency', 'membershipCurrency', 'false', NULL, NULL, 'label', '<xml><getter>membershipCurrency</getter></xml>', '200', '0', NULL, 1, 15, '---', 0, 0),
(39, 3, 'hs_hr_emp_member_detail.ememb_commence_date', 'Subscription Commence Date', 'subscriptionCommenceDate', 'false', NULL, NULL, 'labelDate', '<xml><getter>subscriptionCommenceDate</getter></xml>', '200', '0', NULL, 1, 15, '---', 0, 0),
(40, 3, 'hs_hr_emp_member_detail.ememb_renewal_date', 'Subscription Renewal Date', 'subscriptionRenewalDate', 'false', NULL, NULL, 'labelDate', '<xml><getter>subscriptionRenewalDate</getter></xml>', '200', '0', NULL, 1, 15, '---', 0, 0),
(41, 3, 'hs_hr_emp_work_experience.eexp_employer', 'Company', 'expCompany', 'false', NULL, NULL, 'label', '<xml><getter>expCompany</getter></xml>', '200', '0', NULL, 1, 10, '---', 0, 0),
(42, 3, 'hs_hr_emp_work_experience.eexp_jobtit', 'Job Title', 'expJobTitle', 'false', NULL, NULL, 'label', '<xml><getter>expJobTitle</getter></xml>', '200', '0', NULL, 1, 10, '---', 0, 0),
(43, 3, 'hs_hr_emp_work_experience.eexp_from_date', 'From', 'expFrom', 'false', NULL, NULL, 'labelDate', '<xml><getter>expFrom</getter></xml>', '100', '0', NULL, 1, 10, '---', 0, 0),
(44, 3, 'hs_hr_emp_work_experience.eexp_to_date', 'To', 'expTo', 'false', NULL, NULL, 'labelDate', '<xml><getter>expTo</getter></xml>', '100', '0', NULL, 1, 10, '---', 0, 0),
(45, 3, 'hs_hr_emp_work_experience.eexp_comments', 'Comment', 'expComment', 'false', NULL, NULL, 'label', '<xml><getter>expComment</getter></xml>', '200', '0', NULL, 1, 10, '---', 0, 0),
(47, 3, 'ohrm_education.name', 'Level', 'eduProgram', 'false', NULL, NULL, 'label', '<xml><getter>eduProgram</getter></xml>', '200', '0', NULL, 1, 11, '---', 0, 0),
(48, 3, 'ohrm_emp_education.year', 'Year', 'eduYear', 'false', NULL, NULL, 'label', '<xml><getter>eduYear</getter></xml>', '100', '0', NULL, 1, 11, '---', 0, 0),
(49, 3, 'ohrm_emp_education.score', 'Score', 'eduGPAOrScore', 'false', NULL, NULL, 'label', '<xml><getter>eduGPAOrScore</getter></xml>', '80', '0', NULL, 1, 11, '---', 0, 0),
(52, 3, 'ohrm_skill.name', 'Skill', 'skill', 'false', NULL, NULL, 'label', '<xml><getter>skill</getter></xml>', '200', '0', NULL, 1, 12, '---', 0, 0),
(53, 3, 'hs_hr_emp_skill.years_of_exp', 'Years of Experience', 'skillYearsOfExperience', 'false', NULL, NULL, 'label', '<xml><getter>skillYearsOfExperience</getter></xml>', '135', '0', NULL, 1, 12, '---', 0, 0),
(54, 3, 'hs_hr_emp_skill.comments', 'Comments', 'skillComments', 'false', NULL, NULL, 'label', '<xml><getter>skillComments</getter></xml>', '200', '0', NULL, 1, 12, '---', 0, 0),
(55, 3, 'ohrm_language.name', 'Language', 'langName', 'false', NULL, NULL, 'label', '<xml><getter>langName</getter></xml>', '200', '0', NULL, 1, 13, '---', 0, 0),
(57, 3, 'CASE hs_hr_emp_language.competency WHEN 1 THEN \"Poor\" WHEN 2 THEN \"Basic\" WHEN 3 THEN \"Good\" WHEN 4 THEN \"Mother Tongue\" END', 'Competency', 'langCompetency', 'false', NULL, NULL, 'label', '<xml><getter>langCompetency</getter></xml>', '130', '0', NULL, 1, 13, '---', 0, 0),
(58, 3, 'hs_hr_emp_language.comments', 'Comments', 'langComments', 'false', NULL, NULL, 'label', '<xml><getter>langComments</getter></xml>', '200', '0', NULL, 1, 13, '---', 0, 0),
(59, 3, 'ohrm_license.name', 'License Type', 'empLicenseType', 'false', NULL, NULL, 'label', '<xml><getter>empLicenseType</getter></xml>', '200', '0', NULL, 1, 14, '---', 0, 0),
(60, 3, 'ohrm_emp_license.license_issued_date', 'Issued Date', 'empLicenseIssuedDate', 'false', NULL, NULL, 'labelDate', '<xml><getter>empLicenseIssuedDate</getter></xml>', '100', '0', NULL, 1, 14, '---', 0, 0),
(61, 3, 'ohrm_emp_license.license_expiry_date', 'Expiry Date', 'empLicenseExpiryDate', 'false', NULL, NULL, 'labelDate', '<xml><getter>empLicenseExpiryDate</getter></xml>', '100', '0', NULL, 1, 14, '---', 0, 0),
(62, 3, 'supervisor.emp_firstname', 'First Name', 'supervisorFirstName', 'false', NULL, NULL, 'label', '<xml><getter>supervisorFirstName</getter></xml>', '200', '0', NULL, 1, 9, '---', 0, 0),
(63, 3, 'subordinate.emp_firstname', 'First Name', 'subordinateFirstName', 'false', NULL, NULL, 'label', '<xml><getter>subordinateFirstName</getter></xml>', '200', '0', NULL, 1, 8, '---', 0, 0),
(64, 3, 'supervisor.emp_lastname', 'Last Name', 'supervisorLastName', 'false', NULL, NULL, 'label', '<xml><getter>supervisorLastName</getter></xml>', '200', '0', NULL, 1, 9, '---', 0, 0),
(65, 3, 'ohrm_pay_grade.name', 'Pay Grade', 'salPayGrade', 'false', NULL, NULL, 'label', '<xml><getter>salPayGrade</getter></xml>', '200', '0', NULL, 1, 7, '---', 0, 0),
(66, 3, 'hs_hr_emp_basicsalary.salary_component', 'Salary Component', 'salSalaryComponent', 'false', NULL, NULL, 'label', '<xml><getter>salSalaryComponent</getter></xml>', '200', '0', NULL, 1, 7, '---', 0, 0),
(67, 3, 'hs_hr_emp_basicsalary.ebsal_basic_salary', 'Amount', 'salAmount', 'false', NULL, NULL, 'label', '<xml><getter>salAmount</getter></xml>', '200', '0', NULL, 1, 7, '---', 1, 0),
(68, 3, 'hs_hr_emp_basicsalary.comments', 'Comments', 'salComments', 'false', NULL, NULL, 'label', '<xml><getter>salComments</getter></xml>', '200', '0', NULL, 1, 7, '---', 0, 0),
(69, 3, 'hs_hr_payperiod.payperiod_name', 'Pay Frequency', 'salPayFrequency', 'false', NULL, NULL, 'label', '<xml><getter>salPayFrequency</getter></xml>', '200', '0', NULL, 1, 7, '---', 0, 0),
(70, 3, 'hs_hr_currency_type.currency_name', 'Currency', 'salCurrency', 'false', NULL, NULL, 'label', '<xml><getter>salCurrency</getter></xml>', '200', '0', NULL, 1, 7, '---', 0, 0),
(71, 3, 'hs_hr_emp_directdebit.dd_account', 'Direct Deposit Account Number', 'ddAccountNumber', 'false', NULL, NULL, 'label', '<xml><getter>ddAccountNumber</getter></xml>', '200', '0', NULL, 1, 7, '---', 0, 0),
(72, 3, 'hs_hr_emp_directdebit.dd_account_type', 'Direct Deposit Account Type', 'ddAccountType', 'false', NULL, NULL, 'label', '<xml><getter>ddAccountType</getter></xml>', '200', '0', NULL, 1, 7, '---', 0, 0),
(73, 3, 'hs_hr_emp_directdebit.dd_routing_num', 'Direct Deposit Routing Number', 'ddRoutingNumber', 'false', NULL, NULL, 'label', '<xml><getter>ddRoutingNumber</getter></xml>', '200', '0', NULL, 1, 7, '---', 0, 0),
(74, 3, 'hs_hr_emp_directdebit.dd_amount', 'Direct Deposit Amount', 'ddAmount', 'false', NULL, NULL, 'label', '<xml><getter>ddAmount</getter></xml>', '200', '0', NULL, 1, 7, '---', 0, 0),
(75, 3, 'hs_hr_emp_contract_extend.econ_extend_start_date', 'Contract Start Date', 'empContStartDate', 'false', NULL, NULL, 'labelDate', '<xml><getter>empContStartDate</getter></xml>', '200', '0', NULL, 1, 6, '---', 0, 0),
(76, 3, 'hs_hr_emp_contract_extend.econ_extend_end_date', 'Contract End Date', 'empContEndDate', 'false', NULL, NULL, 'labelDate', '<xml><getter>empContEndDate</getter></xml>', '200', '0', NULL, 1, 6, '---', 0, 0),
(77, 3, 'ohrm_job_title.job_title', 'Job Title', 'empJobTitle', 'false', NULL, NULL, 'label', '<xml><getter>empJobTitle</getter></xml>', '200', '0', NULL, 1, 6, '---', 0, 0),
(78, 3, 'ohrm_employment_status.name', 'Employment Status', 'empEmploymentStatus', 'false', NULL, NULL, 'label', '<xml><getter>empEmploymentStatus</getter></xml>', '200', '0', NULL, 1, 6, '---', 0, 0),
(80, 3, 'ohrm_job_category.name', 'Job Category', 'empJobCategory', 'false', NULL, NULL, 'label', '<xml><getter>empJobCategory</getter></xml>', '200', '0', NULL, 1, 6, '---', 0, 0),
(81, 3, 'hs_hr_employee.joined_date', 'Joined Date', 'empJoinedDate', 'false', NULL, NULL, 'labelDate', '<xml><getter>empJoinedDate</getter></xml>', '100', '0', NULL, 1, 6, '---', 0, 0),
(82, 3, 'ohrm_subunit.name', 'Sub Unit', 'empSubUnit', 'false', NULL, NULL, 'label', '<xml><getter>empSubUnit</getter></xml>', '200', '0', NULL, 1, 6, '---', 0, 0),
(83, 3, 'ohrm_location.name', 'Location', 'empLocation', 'false', NULL, NULL, 'label', '<xml><getter>empLocation</getter></xml>', '200', '0', NULL, 1, 6, '---', 0, 0),
(84, 3, 'hs_hr_emp_passport.ep_passport_num', 'Number', 'empPassportNo', 'false', NULL, NULL, 'label', '<xml><getter>empPassportNo</getter></xml>', '200', '0', NULL, 1, 5, '---', 0, 0),
(85, 3, 'hs_hr_emp_passport.ep_passportissueddate', 'Issued Date', 'empPassportIssuedDate', 'false', NULL, NULL, 'labelDate', '<xml><getter>empPassportIssuedDate</getter></xml>', '100', '0', NULL, 1, 5, '---', 0, 0),
(86, 3, 'hs_hr_emp_passport.ep_passportexpiredate', 'Expiry Date', 'empPassportExpiryDate', 'false', NULL, NULL, 'labelDate', '<xml><getter>empPassportExpiryDate</getter></xml>', '100', '0', NULL, 1, 5, '---', 0, 0),
(87, 3, 'hs_hr_emp_passport.ep_i9_status', 'Eligibility Status', 'empPassportEligibleStatus', 'false', NULL, NULL, 'label', '<xml><getter>empPassportEligibleStatus</getter></xml>', '200', '0', NULL, 1, 5, '---', 0, 0),
(88, 3, 'hs_hr_emp_passport.cou_code', 'Issued By', 'empPassportIssuedBy', 'false', NULL, NULL, 'label', '<xml><getter>empPassportIssuedBy</getter></xml>', '200', '0', NULL, 1, 5, '---', 0, 0),
(89, 3, 'hs_hr_emp_passport.ep_i9_review_date', 'Eligibility Review Date', 'empPassportEligibleReviewDate', 'false', NULL, NULL, 'labelDate', '<xml><getter>empPassportEligibleReviewDate</getter></xml>', '200', '0', NULL, 1, 5, '---', 0, 0),
(90, 3, 'hs_hr_emp_passport.ep_comments', 'Comments', 'empPassportComments', 'false', NULL, NULL, 'label', '<xml><getter>empPassportComments</getter></xml>', '200', '0', NULL, 1, 5, '---', 0, 0),
(91, 3, 'subordinate.emp_lastname', 'Last Name', 'subordinateLastName', 'false', NULL, NULL, 'label', '<xml><getter>subordinateLastName</getter></xml>', '200', '0', NULL, 1, 8, '---', 0, 0),
(92, 3, 'CASE hs_hr_emp_language.fluency WHEN 1 THEN \"Writing\" WHEN 2 THEN \"Speaking\" WHEN 3 THEN \"Reading\" END', 'Fluency', 'langFluency', 'false', NULL, NULL, 'label', '<xml><getter>langFluency</getter></xml>', '200', '0', NULL, 1, 13, '---', 0, 0),
(93, 3, 'supervisor_reporting_method.reporting_method_name', 'Reporting Method', 'supReportingMethod', 'false', NULL, NULL, 'label', '<xml><getter>supReportingMethod</getter></xml>', '200', '0', NULL, 1, 9, '---', 0, 0),
(94, 3, 'subordinate_reporting_method.reporting_method_name', 'Reporting Method', 'subReportingMethod', 'false', NULL, NULL, 'label', '<xml><getter>subReportingMethod</getter></xml>', '200', '0', NULL, 1, 8, '---', 0, 0),
(95, 3, 'CASE hs_hr_emp_passport.ep_passport_type_flg WHEN 1 THEN \"Passport\" WHEN 2 THEN \"Visa\" END', 'Document Type', 'documentType', 'false', NULL, NULL, 'label', '<xml><getter>documentType</getter></xml>', '200', '0', NULL, 1, 5, '---', 0, 0),
(97, 3, 'hs_hr_employee.emp_other_id', 'Other Id', 'otherId', 'false', NULL, NULL, 'label', '<xml><getter>otherId</getter></xml>', '100', '0', NULL, 0, 1, '---', 0, 0),
(98, 3, 'hs_hr_emp_emergency_contacts.eec_seqno', 'ecSeqNo', 'ecSeqNo', 'false', NULL, NULL, 'label', '<xml><getter>ecMobile</getter></xml>', '100', '0', NULL, 1, 3, '---', 0, 1),
(99, 3, 'hs_hr_emp_dependents.ed_seqno', 'SeqNo', 'edSeqNo', 'false', NULL, NULL, 'label', '<xml><getter>ecMobile</getter></xml>', '100', '0', NULL, 1, 4, '---', 0, 1),
(100, 3, 'hs_hr_emp_passport.ep_seqno', 'SeqNo', 'epSeqNo', 'false', NULL, NULL, 'label', '<xml><getter>ecMobile</getter></xml>', '100', '0', NULL, 1, 5, '---', 0, 1),
(101, 3, 'hs_hr_emp_basicsalary.id', 'salaryId', 'salaryId', 'false', NULL, NULL, 'label', '<xml><getter>ecMobile</getter></xml>', '100', '0', NULL, 1, 7, '---', 0, 1),
(102, 3, 'subordinate.emp_number', 'subordinateId', 'subordinateId', 'false', NULL, NULL, 'label', '<xml><getter>ecMobile</getter></xml>', '100', '0', NULL, 1, 8, '---', 0, 1),
(103, 3, 'supervisor.emp_number', 'supervisorId', 'supervisorId', 'false', NULL, NULL, 'label', '<xml><getter>ecMobile</getter></xml>', '100', '0', NULL, 1, 9, '---', 0, 1),
(104, 3, 'hs_hr_emp_work_experience.eexp_seqno', 'workExpSeqNo', 'workExpSeqNo', 'false', NULL, NULL, 'label', '<xml><getter>ecMobile</getter></xml>', '100', '0', NULL, 1, 10, '---', 0, 1),
(105, 3, 'ohrm_emp_education.education_id', 'empEduCode', 'empEduCode', 'false', NULL, NULL, 'label', '<xml><getter>ecMobile</getter></xml>', '100', '0', NULL, 1, 11, '---', 0, 1),
(106, 3, 'hs_hr_emp_skill.skill_id', 'empSkillCode', 'empSkillCode', 'false', NULL, NULL, 'label', '<xml><getter>ecMobile</getter></xml>', '100', '0', NULL, 1, 12, '---', 0, 1),
(107, 3, 'hs_hr_emp_language.lang_id', 'empLangCode', 'empLangCode', 'false', NULL, NULL, 'label', '<xml><getter>ecMobile</getter></xml>', '100', '0', NULL, 1, 13, '---', 0, 1),
(108, 3, 'hs_hr_emp_language.fluency', 'empLangType', 'empLangType', 'false', NULL, NULL, 'label', '<xml><getter>ecMobile</getter></xml>', '100', '0', NULL, 1, 13, '---', 0, 1),
(109, 3, 'ohrm_emp_license.license_id', 'empLicenseCode', 'empLicenseCode', 'false', NULL, NULL, 'label', '<xml><getter>ecMobile</getter></xml>', '100', '0', NULL, 1, 14, '---', 0, 1),
(110, 3, 'hs_hr_emp_member_detail.membship_code', 'membershipCode', 'membershipCode', 'false', NULL, NULL, 'label', '<xml><getter>ecMobile</getter></xml>', '100', '0', NULL, 1, 15, '---', 0, 1),
(112, 3, 'ROUND(DATEDIFF(hs_hr_emp_work_experience.eexp_to_date, hs_hr_emp_work_experience.eexp_from_date)/365,1)', 'Duration', 'expDuration', 'false', NULL, NULL, 'label', '<xml><getter>expDuration</getter></xml>', '100', '0', NULL, 1, 10, '---', 0, 0),
(113, 3, 'ohrm_emp_termination.termination_date', 'Termination Date', 'terminationDate', 'false', NULL, NULL, 'labelDate', '<xml><getter>terminationDate</getter></xml>', '100', '0', NULL, 1, 6, '---', 0, 0),
(114, 3, 'ohrm_emp_termination_reason.name', 'Termination Reason', 'terminationReason', 'false', NULL, NULL, 'label', '<xml><getter>terminationReason</getter></xml>', '100', '0', NULL, 1, 6, '---', 0, 0),
(115, 3, 'ohrm_emp_education.institute', 'Institute', 'getInstitute', 'false', NULL, NULL, 'label', '<xml><getter>getInstitute</getter></xml>', '80', '0', NULL, 1, 11, '---', 0, 0),
(116, 3, 'ohrm_emp_education.major', 'Major/Specialization', 'getMajor', 'false', NULL, NULL, 'label', '<xml><getter>getMajor</getter></xml>', '80', '0', NULL, 1, 11, '---', 0, 0),
(117, 3, 'ohrm_emp_education.start_date', 'Start Date', 'getStartDate', 'false', NULL, NULL, 'labelDate', '<xml><getter>getStartDate</getter></xml>', '80', '0', NULL, 1, 11, '---', 0, 0),
(118, 3, 'ohrm_emp_education.end_date', 'End Date', 'getEndDate', 'false', NULL, NULL, 'labelDate', '<xml><getter>getEndDate</getter></xml>', '80', '0', NULL, 1, 11, '---', 0, 0),
(119, 3, 'ohrm_emp_license.license_no', 'License Number', 'getLicenseNo', 'false', NULL, NULL, 'label', '<xml><getter>getLicenseNo</getter></xml>', '200', '0', NULL, 1, 14, '---', 0, 0),
(120, 3, 'ohrm_emp_termination.note', 'Termination Note', 'getNote', 'false', NULL, NULL, 'label', '<xml><getter>getNote</getter></xml>', '100', '0', NULL, 1, 6, '---', 0, 0);

-- --------------------------------------------------------

--
-- Table structure for table `ohrm_display_field_group`
--

CREATE TABLE `ohrm_display_field_group` (
  `id` int(10) UNSIGNED NOT NULL,
  `report_group_id` bigint(20) NOT NULL,
  `name` varchar(255) NOT NULL,
  `is_list` tinyint(1) NOT NULL DEFAULT 0
) ENGINE=InnoDB DEFAULT CHARSET=utf8;

--
-- Dumping data for table `ohrm_display_field_group`
--

INSERT INTO `ohrm_display_field_group` (`id`, `report_group_id`, `name`, `is_list`) VALUES
(1, 3, 'Personal', 0),
(2, 3, 'Contact Details', 0),
(3, 3, 'Emergency Contacts', 1),
(4, 3, 'Dependents', 1),
(5, 3, 'Immigration', 1),
(6, 3, 'Job', 0),
(7, 3, 'Salary', 1),
(8, 3, 'Subordinates', 1),
(9, 3, 'Supervisors', 1),
(10, 3, 'Work Experience', 1),
(11, 3, 'Education', 1),
(12, 3, 'Skills', 1),
(13, 3, 'Languages', 1),
(14, 3, 'License', 1),
(15, 3, 'Memberships', 1),
(16, 3, 'Custom Fields', 0);

-- --------------------------------------------------------

--
-- Table structure for table `ohrm_education`
--

CREATE TABLE `ohrm_education` (
  `id` int(11) NOT NULL,
  `name` varchar(100) NOT NULL
) ENGINE=InnoDB DEFAULT CHARSET=utf8;

--
-- Dumping data for table `ohrm_education`
--

INSERT INTO `ohrm_education` (`id`, `name`) VALUES
(1, 'Olevel'),
(2, 'BSc'),
(3, 'HND'),
(4, 'B Ed'),
(5, 'MSC'),
(6, 'MBA');

-- --------------------------------------------------------

--
-- Table structure for table `ohrm_email`
--

CREATE TABLE `ohrm_email` (
  `id` int(6) NOT NULL,
  `name` varchar(100) NOT NULL
) ENGINE=InnoDB DEFAULT CHARSET=utf8;

--
-- Dumping data for table `ohrm_email`
--

INSERT INTO `ohrm_email` (`id`, `name`) VALUES
(1, 'leave.apply'),
(3, 'leave.approve'),
(2, 'leave.assign'),
(4, 'leave.cancel'),
(6, 'leave.change'),
(5, 'leave.reject');

-- --------------------------------------------------------

--
-- Table structure for table `ohrm_email_configuration`
--

CREATE TABLE `ohrm_email_configuration` (
  `id` int(10) NOT NULL,
  `mail_type` varchar(50) DEFAULT NULL,
  `sent_as` varchar(250) NOT NULL,
  `smtp_host` varchar(250) DEFAULT NULL,
  `smtp_port` int(10) DEFAULT NULL,
  `smtp_username` varchar(250) DEFAULT NULL,
  `smtp_password` varchar(250) DEFAULT NULL,
  `smtp_auth_type` varchar(50) DEFAULT NULL,
  `smtp_security_type` varchar(50) DEFAULT NULL
) ENGINE=InnoDB DEFAULT CHARSET=utf8;

--
-- Dumping data for table `ohrm_email_configuration`
--

INSERT INTO `ohrm_email_configuration` (`id`, `mail_type`, `sent_as`, `smtp_host`, `smtp_port`, `smtp_username`, `smtp_password`, `smtp_auth_type`, `smtp_security_type`) VALUES
(1, 'sendmail', 'info@pcc.gov.ng', '', NULL, '', NULL, 'login', 'ssl');

-- --------------------------------------------------------

--
-- Table structure for table `ohrm_email_notification`
--

CREATE TABLE `ohrm_email_notification` (
  `id` int(6) NOT NULL,
  `name` varchar(100) NOT NULL,
  `is_enable` int(6) NOT NULL
) ENGINE=InnoDB DEFAULT CHARSET=utf8;

--
-- Dumping data for table `ohrm_email_notification`
--

INSERT INTO `ohrm_email_notification` (`id`, `name`, `is_enable`) VALUES
(1, 'Leave Applications', 0),
(2, 'Leave Assignments', 0),
(3, 'Leave Approvals', 0),
(4, 'Leave Cancellations', 0),
(5, 'Leave Rejections', 0);

-- --------------------------------------------------------

--
-- Table structure for table `ohrm_email_processor`
--

CREATE TABLE `ohrm_email_processor` (
  `id` int(6) NOT NULL,
  `email_id` int(6) NOT NULL,
  `class_name` varchar(100) DEFAULT NULL
) ENGINE=InnoDB DEFAULT CHARSET=utf8;

--
-- Dumping data for table `ohrm_email_processor`
--

INSERT INTO `ohrm_email_processor` (`id`, `email_id`, `class_name`) VALUES
(1, 1, 'LeaveEmailProcessor'),
(2, 2, 'LeaveEmailProcessor'),
(3, 3, 'LeaveEmailProcessor'),
(4, 4, 'LeaveEmailProcessor'),
(5, 5, 'LeaveEmailProcessor'),
(6, 6, 'LeaveChangeMailProcessor');

-- --------------------------------------------------------

--
-- Table structure for table `ohrm_email_subscriber`
--

CREATE TABLE `ohrm_email_subscriber` (
  `id` int(6) NOT NULL,
  `notification_id` int(6) NOT NULL,
  `name` varchar(100) NOT NULL,
  `email` varchar(100) NOT NULL
) ENGINE=InnoDB DEFAULT CHARSET=utf8;

-- --------------------------------------------------------

--
-- Table structure for table `ohrm_email_template`
--

CREATE TABLE `ohrm_email_template` (
  `id` int(6) NOT NULL,
  `email_id` int(6) NOT NULL,
  `locale` varchar(20) DEFAULT NULL,
  `performer_role` varchar(50) DEFAULT NULL,
  `recipient_role` varchar(50) DEFAULT NULL,
  `subject` varchar(255) DEFAULT NULL,
  `body` text DEFAULT NULL
) ENGINE=InnoDB DEFAULT CHARSET=utf8;

--
-- Dumping data for table `ohrm_email_template`
--

INSERT INTO `ohrm_email_template` (`id`, `email_id`, `locale`, `performer_role`, `recipient_role`, `subject`, `body`) VALUES
(1, 1, 'en_US', NULL, 'supervisor', 'orangehrmLeavePlugin/modules/leave/templates/mail/en_US/apply/leaveApplicationSubject.txt', 'orangehrmLeavePlugin/modules/leave/templates/mail/en_US/apply/leaveApplicationBody.txt'),
(2, 1, 'en_US', NULL, 'subscriber', 'orangehrmLeavePlugin/modules/leave/templates/mail/en_US/apply/leaveApplicationSubject.txt', 'orangehrmLeavePlugin/modules/leave/templates/mail/en_US/apply/leaveApplicationSubscriberBody.txt'),
(3, 3, 'en_US', NULL, 'ess', 'orangehrmLeavePlugin/modules/leave/templates/mail/en_US/approve/leaveApprovalSubject.txt', 'orangehrmLeavePlugin/modules/leave/templates/mail/en_US/approve/leaveApprovalBody.txt'),
(4, 3, 'en_US', NULL, 'subscriber', 'orangehrmLeavePlugin/modules/leave/templates/mail/en_US/approve/leaveApprovalSubscriberSubject.txt', 'orangehrmLeavePlugin/modules/leave/templates/mail/en_US/approve/leaveApprovalSubscriberBody.txt'),
(5, 2, 'en_US', NULL, 'ess', 'orangehrmLeavePlugin/modules/leave/templates/mail/en_US/assign/leaveAssignmentSubject.txt', 'orangehrmLeavePlugin/modules/leave/templates/mail/en_US/assign/leaveAssignmentBody.txt'),
(6, 2, 'en_US', NULL, 'supervisor', 'orangehrmLeavePlugin/modules/leave/templates/mail/en_US/assign/leaveAssignmentSubjectForSupervisors.txt', 'orangehrmLeavePlugin/modules/leave/templates/mail/en_US/assign/leaveAssignmentBodyForSupervisors.txt'),
(7, 2, 'en_US', NULL, 'subscriber', 'orangehrmLeavePlugin/modules/leave/templates/mail/en_US/assign/leaveAssignmentSubscriberSubject.txt', 'orangehrmLeavePlugin/modules/leave/templates/mail/en_US/assign/leaveAssignmentSubscriberBody.txt'),
(8, 4, 'en_US', 'ess', 'supervisor', 'orangehrmLeavePlugin/modules/leave/templates/mail/en_US/cancel/leaveEmployeeCancellationSubject.txt', 'orangehrmLeavePlugin/modules/leave/templates/mail/en_US/cancel/leaveEmployeeCancellationBody.txt'),
(9, 4, 'en_US', 'ess', 'subscriber', 'orangehrmLeavePlugin/modules/leave/templates/mail/en_US/cancel/leaveEmployeeCancellationSubscriberSubject.txt', 'orangehrmLeavePlugin/modules/leave/templates/mail/en_US/cancel/leaveEmployeeCancellationSubscriberBody.txt'),
(10, 4, 'en_US', NULL, 'ess', 'orangehrmLeavePlugin/modules/leave/templates/mail/en_US/cancel/leaveCancellationSubject.txt', 'orangehrmLeavePlugin/modules/leave/templates/mail/en_US/cancel/leaveCancellationBody.txt'),
(11, 4, 'en_US', NULL, 'subscriber', 'orangehrmLeavePlugin/modules/leave/templates/mail/en_US/cancel/leaveCancellationSubscriberSubject.txt', 'orangehrmLeavePlugin/modules/leave/templates/mail/en_US/cancel/leaveCancellationSubscriberBody.txt'),
(12, 5, 'en_US', NULL, 'ess', 'orangehrmLeavePlugin/modules/leave/templates/mail/en_US/reject/leaveRejectionSubject.txt', 'orangehrmLeavePlugin/modules/leave/templates/mail/en_US/reject/leaveRejectionBody.txt'),
(13, 5, 'en_US', NULL, 'subscriber', 'orangehrmLeavePlugin/modules/leave/templates/mail/en_US/reject/leaveRejectionSubscriberSubject.txt', 'orangehrmLeavePlugin/modules/leave/templates/mail/en_US/reject/leaveRejectionSubscriberBody.txt'),
(14, 6, 'en_US', NULL, 'ess', 'orangehrmLeavePlugin/modules/leave/templates/mail/en_US/change/leaveChangeSubject.txt', 'orangehrmLeavePlugin/modules/leave/templates/mail/en_US/change/leaveChangeBody.txt'),
(15, 6, 'en_US', NULL, 'subscriber', 'orangehrmLeavePlugin/modules/leave/templates/mail/en_US/change/leaveChangeSubscriberSubject.txt', 'orangehrmLeavePlugin/modules/leave/templates/mail/en_US/change/leaveChangeSubscriberBody.txt');

-- --------------------------------------------------------

--
-- Table structure for table `ohrm_employee_event`
--

CREATE TABLE `ohrm_employee_event` (
  `event_id` int(7) NOT NULL,
  `employee_id` int(7) NOT NULL DEFAULT 0,
  `type` varchar(45) DEFAULT NULL,
  `event` varchar(45) DEFAULT NULL,
  `note` varchar(150) DEFAULT NULL,
  `created_date` datetime DEFAULT NULL,
  `created_by` varchar(45) DEFAULT NULL
) ENGINE=InnoDB DEFAULT CHARSET=latin1;

--
-- Dumping data for table `ohrm_employee_event`
--

INSERT INTO `ohrm_employee_event` (`event_id`, `employee_id`, `type`, `event`, `note`, `created_date`, `created_by`) VALUES
(1, 2, 'employee', 'SAVE', 'Saving Employee', '2022-04-03 10:25:24', 'Admin'),
(2, 2, 'employee', 'UPDATE', 'Updating Employee Details', '2022-04-03 10:25:56', NULL),
(3, 3, 'employee', 'SAVE', 'Saving Employee', '2022-04-22 01:59:35', 'Admin'),
(4, 3, 'employee', 'UPDATE', 'Updating Employee Details', '2022-04-22 02:01:09', NULL),
(5, 3, 'dependent', 'UPDATE', 'Employee Dependent Details Changed', '2022-04-22 02:02:45', 'Admin'),
(6, 3, 'jobDetail', 'UPDATE', 'Updating Employee Job Details', '2022-04-22 02:04:31', 'Admin');

-- --------------------------------------------------------

--
-- Table structure for table `ohrm_employee_subscription`
--

CREATE TABLE `ohrm_employee_subscription` (
  `id` int(10) UNSIGNED NOT NULL,
  `employee_id` int(7) NOT NULL,
  `status` smallint(6) NOT NULL,
  `created_at` date NOT NULL
) ENGINE=InnoDB DEFAULT CHARSET=utf8;

-- --------------------------------------------------------

--
-- Table structure for table `ohrm_employee_work_shift`
--

CREATE TABLE `ohrm_employee_work_shift` (
  `work_shift_id` int(11) NOT NULL,
  `emp_number` int(11) NOT NULL
) ENGINE=InnoDB DEFAULT CHARSET=utf8;

-- --------------------------------------------------------

--
-- Table structure for table `ohrm_employment_status`
--

CREATE TABLE `ohrm_employment_status` (
  `id` int(11) NOT NULL,
  `name` varchar(60) NOT NULL
) ENGINE=InnoDB DEFAULT CHARSET=utf8;

--
-- Dumping data for table `ohrm_employment_status`
--

INSERT INTO `ohrm_employment_status` (`id`, `name`) VALUES
(1, 'Active'),
(2, 'Inactive');

-- --------------------------------------------------------

--
-- Table structure for table `ohrm_emp_education`
--

CREATE TABLE `ohrm_emp_education` (
  `id` int(11) NOT NULL,
  `emp_number` int(11) NOT NULL,
  `education_id` int(11) NOT NULL,
  `institute` varchar(100) DEFAULT NULL,
  `major` varchar(100) DEFAULT NULL,
  `year` decimal(4,0) DEFAULT NULL,
  `score` varchar(25) DEFAULT NULL,
  `start_date` date DEFAULT NULL,
  `end_date` date DEFAULT NULL
) ENGINE=InnoDB DEFAULT CHARSET=utf8;

-- --------------------------------------------------------

--
-- Table structure for table `ohrm_emp_license`
--

CREATE TABLE `ohrm_emp_license` (
  `emp_number` int(11) NOT NULL,
  `license_id` int(11) NOT NULL,
  `license_no` varchar(50) DEFAULT NULL,
  `license_issued_date` date DEFAULT NULL,
  `license_expiry_date` date DEFAULT NULL
) ENGINE=InnoDB DEFAULT CHARSET=utf8;

-- --------------------------------------------------------

--
-- Table structure for table `ohrm_emp_reporting_method`
--

CREATE TABLE `ohrm_emp_reporting_method` (
  `reporting_method_id` int(7) NOT NULL,
  `reporting_method_name` varchar(100) NOT NULL
) ENGINE=InnoDB DEFAULT CHARSET=utf8;

--
-- Dumping data for table `ohrm_emp_reporting_method`
--

INSERT INTO `ohrm_emp_reporting_method` (`reporting_method_id`, `reporting_method_name`) VALUES
(1, 'Direct'),
(2, 'Indirect');

-- --------------------------------------------------------

--
-- Table structure for table `ohrm_emp_termination`
--

CREATE TABLE `ohrm_emp_termination` (
  `id` int(4) NOT NULL,
  `emp_number` int(4) DEFAULT NULL,
  `reason_id` int(4) DEFAULT NULL,
  `termination_date` date NOT NULL,
  `note` varchar(255) DEFAULT NULL
) ENGINE=InnoDB DEFAULT CHARSET=utf8;

-- --------------------------------------------------------

--
-- Table structure for table `ohrm_emp_termination_reason`
--

CREATE TABLE `ohrm_emp_termination_reason` (
  `id` int(4) NOT NULL,
  `name` varchar(100) DEFAULT NULL
) ENGINE=InnoDB DEFAULT CHARSET=utf8;

--
-- Dumping data for table `ohrm_emp_termination_reason`
--

INSERT INTO `ohrm_emp_termination_reason` (`id`, `name`) VALUES
(1, 'Other'),
(2, 'Retired'),
(3, 'Contract Not Renewed'),
(4, 'Resigned - Company Requested'),
(5, 'Resigned - Self Proposed'),
(6, 'Resigned'),
(7, 'Deceased'),
(8, 'Physically Disabled/Compensated'),
(9, 'Laid-off'),
(10, 'Dismissed'),
(11, 'Appointment Terminated');

-- --------------------------------------------------------

--
-- Table structure for table `ohrm_filter_field`
--

CREATE TABLE `ohrm_filter_field` (
  `filter_field_id` bigint(20) NOT NULL,
  `report_group_id` bigint(20) NOT NULL,
  `name` varchar(255) NOT NULL,
  `where_clause_part` mediumtext NOT NULL,
  `filter_field_widget` varchar(255) DEFAULT NULL,
  `condition_no` int(20) NOT NULL,
  `required` varchar(10) DEFAULT NULL
) ENGINE=InnoDB DEFAULT CHARSET=utf8;

--
-- Dumping data for table `ohrm_filter_field`
--

INSERT INTO `ohrm_filter_field` (`filter_field_id`, `report_group_id`, `name`, `where_clause_part`, `filter_field_widget`, `condition_no`, `required`) VALUES
(1, 1, 'project_name', 'ohrm_project.project_id', 'ohrmWidgetProjectList', 2, 'true'),
(2, 1, 'activity_show_deleted', 'ohrm_project_activity.is_deleted', 'ohrmWidgetInputCheckbox', 2, 'false'),
(3, 1, 'project_date_range', 'date', 'ohrmWidgetDateRange', 1, 'false'),
(4, 1, 'employee', 'hs_hr_employee.emp_number', 'ohrmReportWidgetEmployeeListAutoFill', 2, 'true'),
(5, 1, 'activity_name', 'ohrm_project_activity.activity_id', 'ohrmWidgetProjectActivityList', 2, 'true'),
(6, 1, 'project_name', 'ohrm_project.project_id', 'ohrmWidgetProjectListWithAllOption', 2, 'true'),
(7, 1, 'only_include_approved_timesheets', 'ohrm_timesheet.state', 'ohrmWidgetApprovedTimesheetInputCheckBox', 2, NULL),
(8, 3, 'employee_name', 'hs_hr_employee.emp_number', 'ohrmReportWidgetEmployeeListAutoFill', 1, NULL),
(9, 3, 'pay_grade', 'hs_hr_emp_basicsalary.sal_grd_code', 'ohrmReportWidgetPayGradeDropDown', 1, NULL),
(10, 3, 'education', 'ohrm_emp_education.education_id', 'ohrmReportWidgetEducationtypeDropDown', 1, NULL),
(11, 3, 'employment_status', 'hs_hr_employee.emp_status', 'ohrmWidgetEmploymentStatusList', 1, NULL),
(12, 3, 'service_period', 'datediff(current_date(), hs_hr_employee.joined_date)/365', 'ohrmReportWidgetServicePeriod', 1, NULL),
(13, 3, 'joined_date', 'hs_hr_employee.joined_date', 'ohrmReportWidgetJoinedDate', 1, NULL),
(14, 3, 'job_title', 'hs_hr_employee.job_title_code', 'ohrmWidgetJobTitleList', 1, NULL),
(15, 3, 'language', 'hs_hr_emp_language.lang_id', 'ohrmReportWidgetLanguageDropDown', 1, NULL),
(16, 3, 'skill', 'hs_hr_emp_skill.skill_id', 'ohrmReportWidgetSkillDropDown', 1, NULL),
(17, 3, 'age_group', 'datediff(current_date(), hs_hr_employee.emp_birthday)/365', 'ohrmReportWidgetAgeGroup', 1, NULL),
(18, 3, 'sub_unit', 'hs_hr_employee.work_station', 'ohrmWidgetSubDivisionList', 1, NULL),
(19, 3, 'gender', 'hs_hr_employee.emp_gender', 'ohrmReportWidgetGenderDropDown', 1, NULL),
(20, 3, 'location', 'ohrm_location.id', 'ohrmReportWidgetOperationalCountryLocationDropDown', 1, NULL),
(21, 1, 'is_deleted', 'ohrm_project_activity.is_deleted', '', 2, NULL),
(22, 3, 'include', 'hs_hr_employee.termination_id', 'ohrmReportWidgetIncludedEmployeesDropDown', 1, 'true');

-- --------------------------------------------------------

--
-- Table structure for table `ohrm_group_field`
--

CREATE TABLE `ohrm_group_field` (
  `group_field_id` bigint(20) NOT NULL,
  `name` varchar(255) NOT NULL,
  `group_by_clause` mediumtext NOT NULL,
  `group_field_widget` varchar(255) DEFAULT NULL
) ENGINE=InnoDB DEFAULT CHARSET=utf8;

--
-- Dumping data for table `ohrm_group_field`
--

INSERT INTO `ohrm_group_field` (`group_field_id`, `name`, `group_by_clause`, `group_field_widget`) VALUES
(1, 'activity id', 'GROUP BY ohrm_project_activity.activity_id', NULL),
(2, 'employee number', 'GROUP BY hs_hr_employee.emp_number', NULL);

-- --------------------------------------------------------

--
-- Table structure for table `ohrm_holiday`
--

CREATE TABLE `ohrm_holiday` (
  `id` int(10) UNSIGNED NOT NULL,
  `description` text DEFAULT NULL,
  `date` date DEFAULT NULL,
  `recurring` tinyint(3) UNSIGNED DEFAULT 0,
  `length` int(10) UNSIGNED DEFAULT NULL,
  `operational_country_id` int(10) UNSIGNED DEFAULT NULL
) ENGINE=InnoDB DEFAULT CHARSET=utf8;

-- --------------------------------------------------------

--
-- Table structure for table `ohrm_home_page`
--

CREATE TABLE `ohrm_home_page` (
  `id` int(11) NOT NULL,
  `user_role_id` int(11) NOT NULL,
  `action` varchar(255) DEFAULT NULL,
  `enable_class` varchar(100) DEFAULT NULL,
  `priority` int(11) NOT NULL DEFAULT 0 COMMENT 'lowest priority 0'
) ENGINE=InnoDB DEFAULT CHARSET=utf8;

--
-- Dumping data for table `ohrm_home_page`
--

INSERT INTO `ohrm_home_page` (`id`, `user_role_id`, `action`, `enable_class`, `priority`) VALUES
(1, 1, 'dashboard/index', NULL, 15),
(2, 2, 'dashboard/index', NULL, 5);

-- --------------------------------------------------------

--
-- Table structure for table `ohrm_i18n_group`
--

CREATE TABLE `ohrm_i18n_group` (
  `id` int(11) NOT NULL,
  `name` varchar(255) DEFAULT NULL,
  `title` varchar(255) DEFAULT NULL
) ENGINE=InnoDB DEFAULT CHARSET=utf8mb4;

--
-- Dumping data for table `ohrm_i18n_group`
--

INSERT INTO `ohrm_i18n_group` (`id`, `name`, `title`) VALUES
(1, 'general', 'General'),
(2, 'admin', 'Admin'),
(3, 'pim', 'PIM'),
(4, 'leave', 'Leave'),
(5, 'time', 'Time'),
(6, 'recruitment', 'Recruitment'),
(7, 'performance', 'Performance'),
(8, 'dashboard', 'Dashboard'),
(9, 'directory', 'Directory'),
(10, 'maintenance', 'Maintenance'),
(11, 'buzz', 'Buzz'),
(12, 'marketplace', 'Marketplace'),
(13, 'mobile', 'Mobile'),
(14, 'help', 'Help'),
(15, 'branding', 'Corporate Branding');

-- --------------------------------------------------------

--
-- Table structure for table `ohrm_i18n_language`
--

CREATE TABLE `ohrm_i18n_language` (
  `id` int(11) NOT NULL,
  `name` varchar(255) DEFAULT NULL,
  `code` varchar(100) NOT NULL,
  `enabled` tinyint(3) UNSIGNED NOT NULL DEFAULT 1,
  `added` tinyint(3) UNSIGNED NOT NULL DEFAULT 0,
  `modified_at` datetime DEFAULT NULL
) ENGINE=InnoDB DEFAULT CHARSET=utf8mb4;

--
-- Dumping data for table `ohrm_i18n_language`
--

INSERT INTO `ohrm_i18n_language` (`id`, `name`, `code`, `enabled`, `added`, `modified_at`) VALUES
(1, 'Chinese (Simplified, China) - 中文（简体，中国）', 'zh_Hans_CN', 1, 1, NULL),
(2, 'Chinese (Traditional, Taiwan) - 中文（繁體，台灣）', 'zh_Hant_TW', 1, 1, NULL),
(3, 'Dutch - Nederlands', 'nl', 1, 1, NULL),
(4, 'English (United States)', 'en_US', 1, 1, NULL),
(5, 'French - Français', 'fr', 1, 1, NULL),
(6, 'German - Deutsch', 'de', 1, 1, NULL),
(7, 'Spanish - Español', 'es', 1, 1, NULL),
(8, 'Spanish (Costa Rica) - Español (Costa Rica)', 'es_CR', 1, 1, NULL),
(9, 'test - TEST', 'zz_ZZ', 0, 0, NULL),
(10, 'Afrikaans (Namibia) - Afrikaans (Namibië)', 'af_NA', 1, 0, NULL),
(11, 'Afrikaans (South Africa) - Afrikaans (Suid-Afrika)', 'af_ZA', 1, 0, NULL),
(12, 'Aghem (Cameroon)', 'agq_CM', 1, 0, NULL),
(13, 'Akan (Ghana)', 'ak_GH', 1, 0, NULL),
(14, 'Albanian (Albania) - Albanian (Albania)', 'sq_AL', 1, 0, NULL),
(15, 'Albanian (Macedonia) - Albanian (Macedonia)', 'sq_MK', 1, 0, NULL),
(16, 'Amharic (Ethiopia) - Amharic (Ethiopia)', 'am_ET', 1, 0, NULL),
(17, 'Arabic (Algeria) - العربية (الجزائر)', 'ar_DZ', 1, 0, NULL),
(18, 'Arabic (Bahrain) - العربية (البحرين)', 'ar_BH', 1, 0, NULL),
(19, 'Arabic (Chad) - العربية (تشاد)', 'ar_TD', 1, 0, NULL),
(20, 'Arabic (Comoros) - العربية (جزر القمر)', 'ar_KM', 1, 0, NULL),
(21, 'Arabic (Djibouti) - العربية (جيبوتي)', 'ar_DJ', 1, 0, NULL),
(22, 'Arabic (Egypt) - العربية (مصر)', 'ar_EG', 1, 0, NULL),
(23, 'Arabic (Eritrea) - العربية (إريتريا)', 'ar_ER', 1, 0, NULL),
(24, 'Arabic (Iraq) - العربية (العراق)', 'ar_IQ', 1, 0, NULL),
(25, 'Arabic (Israel) - العربية (إسرائيل)', 'ar_IL', 1, 0, NULL),
(26, 'Arabic (Jordan) - العربية (الأردن)', 'ar_JO', 1, 0, NULL),
(27, 'Arabic (Kuwait) - العربية (الكويت)', 'ar_KW', 1, 0, NULL),
(28, 'Arabic (Lebanon) - العربية (لبنان)', 'ar_LB', 1, 0, NULL),
(29, 'Arabic (Libya) - العربية (ليبيا)', 'ar_LY', 1, 0, NULL),
(30, 'Arabic (Mauritania) - العربية (موريتانيا)', 'ar_MR', 1, 0, NULL),
(31, 'Arabic (Morocco) - العربية (المغرب)', 'ar_MA', 1, 0, NULL),
(32, 'Arabic (Oman) - العربية (عمان)', 'ar_OM', 1, 0, NULL),
(33, 'Arabic (Palestinian Territories) - العربية (الأراضي الفلسطينية)', 'ar_PS', 1, 0, NULL),
(34, 'Arabic (Qatar) - العربية (قطر)', 'ar_QA', 1, 0, NULL),
(35, 'Arabic (Saudi Arabia) - العربية (المملكة العربية السعودية)', 'ar_SA', 1, 0, NULL),
(36, 'Arabic (Somalia) - العربية (الصومال)', 'ar_SO', 1, 0, NULL),
(37, 'Arabic (South Sudan) - العربية (جنوب السودان)', 'ar_SS', 1, 0, NULL),
(38, 'Arabic (Sudan) - العربية (السودان)', 'ar_SD', 1, 0, NULL),
(39, 'Arabic (Syria) - العربية (سوريا)', 'ar_SY', 1, 0, NULL),
(40, 'Arabic (Tunisia) - العربية (تونس)', 'ar_TN', 1, 0, NULL),
(41, 'Arabic (United Arab Emirates) - العربية (الإمارات العربية المتحدة)', 'ar_AE', 1, 0, NULL),
(42, 'Arabic (Western Sahara) - العربية (الصحراء الغربية)', 'ar_EH', 1, 0, NULL),
(43, 'Arabic (Yemen) - العربية (اليمن)', 'ar_YE', 1, 0, NULL),
(44, 'Armenian (Armenia) - Հայերեն (Հայաստան)', 'hy_AM', 1, 0, NULL),
(45, 'Assamese (India)', 'as_IN', 1, 0, NULL),
(46, 'Asturian (Spain)', 'ast_ES', 1, 0, NULL),
(47, 'Asu (Tanzania)', 'asa_TZ', 1, 0, NULL),
(48, 'Azerbaijani (Cyrillic, Azerbaijan) - Azərbaycan (kiril, Azərbaycan)', 'az_Cyrl_AZ', 1, 0, NULL),
(49, 'Azerbaijani (Latin, Azerbaijan) - Azərbaycan (Latın, Azərbaycan)', 'az_Latn_AZ', 1, 0, NULL),
(50, 'Bafia (Cameroon)', 'ksf_CM', 1, 0, NULL),
(51, 'Bambara (Mali)', 'bm_ML', 1, 0, NULL),
(52, 'Bangla (Bangladesh) - বাংলা (বাংলাদেশ)', 'bn_BD', 1, 0, NULL),
(53, 'Bangla (India) - বাংলা (ভারত)', 'bn_IN', 1, 0, NULL),
(54, 'Basaa (Cameroon)', 'bas_CM', 1, 0, NULL),
(55, 'Basque (Spain) - Basque (Espainia)', 'eu_ES', 1, 0, NULL),
(56, 'Belarusian (Belarus) - Беларуская (Беларусь)', 'be_BY', 1, 0, NULL),
(57, 'Bemba (Zambia)', 'bem_ZM', 1, 0, NULL),
(58, 'Bena (Tanzania)', 'bez_TZ', 1, 0, NULL),
(59, 'Bodo (India)', 'brx_IN', 1, 0, NULL),
(60, 'Bosnian (Cyrillic, Bosnia & Herzegovina) - Bosanski (ćirilica, Bosna i Hercegovina)', 'bs_Cyrl_BA', 1, 0, NULL),
(61, 'Bosnian (Latin, Bosnia & Herzegovina) - Bosanski (latinica, Bosna i Hercegovina)', 'bs_Latn_BA', 1, 0, NULL),
(62, 'Breton (France)', 'br_FR', 1, 0, NULL),
(63, 'Bulgarian (Bulgaria) - Български (България)', 'bg_BG', 1, 0, NULL),
(64, 'Burmese (Myanmar [Burma]) - မြန်မာ (မြန်မာ [မြန်မာနိုင်ငံ])', 'my_MM', 1, 0, NULL),
(65, 'Cantonese (Simplified, China) - 广东话（简体中文）', 'yue_Hans_CN', 1, 0, NULL),
(66, 'Cantonese (Traditional, Hong Kong SAR China) - 粵語（繁體中文，中國香港特別行政區）', 'yue_Hant_HK', 1, 0, NULL),
(67, 'Catalan (Andorra) - Català (Andorra)', 'ca_AD', 1, 0, NULL),
(68, 'Catalan (France) - Català (França)', 'ca_FR', 1, 0, NULL),
(69, 'Catalan (Italy) - Català (Itàlia)', 'ca_IT', 1, 0, NULL),
(70, 'Catalan (Spain) - Català (Espanya)', 'ca_ES', 1, 0, NULL),
(71, 'Central Atlas Tamazight (Morocco)', 'tzm_MA', 1, 0, NULL),
(72, 'Central Kurdish (Iran)', 'ckb_IR', 1, 0, NULL),
(73, 'Central Kurdish (Iraq)', 'ckb_IQ', 1, 0, NULL),
(74, 'Chakma (Bangladesh)', 'ccp_BD', 1, 0, NULL),
(75, 'Chakma (India)', 'ccp_IN', 1, 0, NULL),
(76, 'Chechen (Russia)', 'ce_RU', 1, 0, NULL),
(77, 'Cherokee (United States)', 'chr_US', 1, 0, NULL),
(78, 'Chiga (Uganda)', 'cgg_UG', 1, 0, NULL),
(79, 'Chinese (Simplified, Hong Kong SAR China) - 中文（简体，中国香港特别行政区）', 'zh_Hans_HK', 1, 0, NULL),
(80, 'Chinese (Simplified, Macau SAR China) - 中文（简体，中国澳门特别行政区）', 'zh_Hans_MO', 1, 0, NULL),
(81, 'Chinese (Simplified, Singapore) - 中文（简体，新加坡）', 'zh_Hans_SG', 1, 0, NULL),
(82, 'Chinese (Traditional, Hong Kong SAR China) - 中文（繁體字，中國香港特別行政區）', 'zh_Hant_HK', 1, 0, NULL),
(83, 'Chinese (Traditional, Macau SAR China) - 中文（繁體字，中國澳門特別行政區）', 'zh_Hant_MO', 1, 0, NULL),
(84, 'Colognian (Germany)', 'ksh_DE', 1, 0, NULL),
(85, 'Cornish (United Kingdom)', 'kw_GB', 1, 0, NULL),
(86, 'Croatian (Bosnia & Herzegovina) - Hrvatska (Bosna i Hercegovina)', 'hr_BA', 1, 0, NULL),
(87, 'Croatian (Croatia) - Hrvatski (Hrvatska)', 'hr_HR', 1, 0, NULL),
(88, 'Czech (Czechia) - Český (Česko)', 'cs_CZ', 1, 0, NULL),
(89, 'Danish (Denmark) - Dansk (Danmark)', 'da_DK', 1, 0, NULL),
(90, 'Danish (Greenland) - Dansk (Grønland)', 'da_GL', 1, 0, NULL),
(91, 'Duala (Cameroon)', 'dua_CM', 1, 0, NULL),
(92, 'Dutch (Aruba) - Nederlands (Aruba)', 'nl_AW', 1, 0, NULL),
(93, 'Dutch (Belgium) - Nederlands (België)', 'nl_BE', 1, 0, NULL),
(94, 'Dutch (Caribbean Netherlands) - Nederlands (Caribisch Nederland)', 'nl_BQ', 1, 0, NULL),
(95, 'Dutch (Curaçao) - Nederlands (Curaçao)', 'nl_CW', 1, 0, NULL),
(96, 'Dutch (Netherlands) - Nederlands (Nederland)', 'nl_NL', 1, 0, NULL),
(97, 'Dutch (Sint Maarten) - Nederlands (Sint Maarten)', 'nl_SX', 1, 0, NULL),
(98, 'Dutch (Suriname) - Nederlands (Suriname)', 'nl_SR', 1, 0, NULL),
(99, 'Dzongkha (Bhutan)', 'dz_BT', 1, 0, NULL),
(100, 'Embu (Kenya)', 'ebu_KE', 1, 0, NULL),
(101, 'English (American Samoa)', 'en_AS', 1, 0, NULL),
(102, 'English (Anguilla)', 'en_AI', 1, 0, NULL),
(103, 'English (Antigua & Barbuda)', 'en_AG', 1, 0, NULL),
(104, 'English (Australia)', 'en_AU', 1, 0, NULL),
(105, 'English (Austria)', 'en_AT', 1, 0, NULL),
(106, 'English (Bahamas)', 'en_BS', 1, 0, NULL),
(107, 'English (Barbados)', 'en_BB', 1, 0, NULL),
(108, 'English (Belgium)', 'en_BE', 1, 0, NULL),
(109, 'English (Belize)', 'en_BZ', 1, 0, NULL),
(110, 'English (Bermuda)', 'en_BM', 1, 0, NULL),
(111, 'English (Botswana)', 'en_BW', 1, 0, NULL),
(112, 'English (British Indian Ocean Territory)', 'en_IO', 1, 0, NULL),
(113, 'English (British Virgin Islands)', 'en_VG', 1, 0, NULL),
(114, 'English (Burundi)', 'en_BI', 1, 0, NULL),
(115, 'English (Cameroon)', 'en_CM', 1, 0, NULL),
(116, 'English (Canada)', 'en_CA', 1, 0, NULL),
(117, 'English (Cayman Islands)', 'en_KY', 1, 0, NULL),
(118, 'English (Christmas Island)', 'en_CX', 1, 0, NULL),
(119, 'English (Cocos [Keeling] Islands)', 'en_CC', 1, 0, NULL),
(120, 'English (Cook Islands)', 'en_CK', 1, 0, NULL),
(121, 'English (Cyprus)', 'en_CY', 1, 0, NULL),
(122, 'English (Denmark)', 'en_DK', 1, 0, NULL),
(123, 'English (Dominica)', 'en_DM', 1, 0, NULL),
(124, 'English (Eritrea)', 'en_ER', 1, 0, NULL),
(125, 'English (Falkland Islands)', 'en_FK', 1, 0, NULL),
(126, 'English (Fiji)', 'en_FJ', 1, 0, NULL),
(127, 'English (Finland)', 'en_FI', 1, 0, NULL),
(128, 'English (Gambia)', 'en_GM', 1, 0, NULL),
(129, 'English (Germany)', 'en_DE', 1, 0, NULL),
(130, 'English (Ghana)', 'en_GH', 1, 0, NULL),
(131, 'English (Gibraltar)', 'en_GI', 1, 0, NULL),
(132, 'English (Grenada)', 'en_GD', 1, 0, NULL),
(133, 'English (Guam)', 'en_GU', 1, 0, NULL),
(134, 'English (Guernsey)', 'en_GG', 1, 0, NULL),
(135, 'English (Guyana)', 'en_GY', 1, 0, NULL),
(136, 'English (Hong Kong SAR China)', 'en_HK', 1, 0, NULL),
(137, 'English (India)', 'en_IN', 1, 0, NULL),
(138, 'English (Ireland)', 'en_IE', 1, 0, NULL),
(139, 'English (Isle of Man)', 'en_IM', 1, 0, NULL),
(140, 'English (Israel)', 'en_IL', 1, 0, NULL),
(141, 'English (Jamaica)', 'en_JM', 1, 0, NULL),
(142, 'English (Jersey)', 'en_JE', 1, 0, NULL),
(143, 'English (Kenya)', 'en_KE', 1, 0, NULL),
(144, 'English (Kiribati)', 'en_KI', 1, 0, NULL),
(145, 'English (Lesotho)', 'en_LS', 1, 0, NULL),
(146, 'English (Liberia)', 'en_LR', 1, 0, NULL),
(147, 'English (Macau SAR China)', 'en_MO', 1, 0, NULL),
(148, 'English (Madagascar)', 'en_MG', 1, 0, NULL),
(149, 'English (Malawi)', 'en_MW', 1, 0, NULL),
(150, 'English (Malaysia)', 'en_MY', 1, 0, NULL),
(151, 'English (Malta)', 'en_MT', 1, 0, NULL),
(152, 'English (Marshall Islands)', 'en_MH', 1, 0, NULL),
(153, 'English (Mauritius)', 'en_MU', 1, 0, NULL),
(154, 'English (Micronesia)', 'en_FM', 1, 0, NULL),
(155, 'English (Montserrat)', 'en_MS', 1, 0, NULL),
(156, 'English (Namibia)', 'en_NA', 1, 0, NULL),
(157, 'English (Nauru)', 'en_NR', 1, 0, NULL),
(158, 'English (Netherlands)', 'en_NL', 1, 0, NULL),
(159, 'English (New Zealand)', 'en_NZ', 1, 0, NULL),
(160, 'English (Nigeria)', 'en_NG', 1, 0, NULL),
(161, 'English (Niue)', 'en_NU', 1, 0, NULL),
(162, 'English (Norfolk Island)', 'en_NF', 1, 0, NULL),
(163, 'English (Northern Mariana Islands)', 'en_MP', 1, 0, NULL),
(164, 'English (Pakistan)', 'en_PK', 1, 0, NULL),
(165, 'English (Palau)', 'en_PW', 1, 0, NULL),
(166, 'English (Papua New Guinea)', 'en_PG', 1, 0, NULL),
(167, 'English (Philippines)', 'en_PH', 1, 0, NULL),
(168, 'English (Pitcairn Islands)', 'en_PN', 1, 0, NULL),
(169, 'English (Puerto Rico)', 'en_PR', 1, 0, NULL),
(170, 'English (Rwanda)', 'en_RW', 1, 0, NULL),
(171, 'English (Samoa)', 'en_WS', 1, 0, NULL),
(172, 'English (Seychelles)', 'en_SC', 1, 0, NULL),
(173, 'English (Sierra Leone)', 'en_SL', 1, 0, NULL),
(174, 'English (Singapore)', 'en_SG', 1, 0, NULL),
(175, 'English (Sint Maarten)', 'en_SX', 1, 0, NULL),
(176, 'English (Slovenia)', 'en_SI', 1, 0, NULL),
(177, 'English (Solomon Islands)', 'en_SB', 1, 0, NULL),
(178, 'English (South Africa)', 'en_ZA', 1, 0, NULL),
(179, 'English (South Sudan)', 'en_SS', 1, 0, NULL),
(180, 'English (St. Helena)', 'en_SH', 1, 0, NULL),
(181, 'English (St. Kitts & Nevis)', 'en_KN', 1, 0, NULL),
(182, 'English (St. Lucia)', 'en_LC', 1, 0, NULL),
(183, 'English (St. Vincent & Grenadines)', 'en_VC', 1, 0, NULL),
(184, 'English (Sudan)', 'en_SD', 1, 0, NULL),
(185, 'English (Swaziland)', 'en_SZ', 1, 0, NULL),
(186, 'English (Sweden)', 'en_SE', 1, 0, NULL),
(187, 'English (Switzerland)', 'en_CH', 1, 0, NULL),
(188, 'English (Tanzania)', 'en_TZ', 1, 0, NULL),
(189, 'English (Tokelau)', 'en_TK', 1, 0, NULL),
(190, 'English (Tonga)', 'en_TO', 1, 0, NULL),
(191, 'English (Trinidad & Tobago)', 'en_TT', 1, 0, NULL),
(192, 'English (Turks & Caicos Islands)', 'en_TC', 1, 0, NULL),
(193, 'English (Tuvalu)', 'en_TV', 1, 0, NULL),
(194, 'English (U.S. Outlying Islands)', 'en_UM', 1, 0, NULL),
(195, 'English (U.S. Virgin Islands)', 'en_VI', 1, 0, NULL),
(196, 'English (Uganda)', 'en_UG', 1, 0, NULL),
(197, 'English (United Kingdom)', 'en_GB', 1, 0, NULL),
(198, 'English (United States, Computer)', 'en_US_POSIX', 1, 0, NULL),
(199, 'English (Vanuatu)', 'en_VU', 1, 0, NULL),
(200, 'English (Zambia)', 'en_ZM', 1, 0, NULL),
(201, 'English (Zimbabwe)', 'en_ZW', 1, 0, NULL),
(202, 'Estonian (Estonia) - Eesti (Eesti)', 'et_EE', 1, 0, NULL),
(203, 'Ewe (Ghana)', 'ee_GH', 1, 0, NULL),
(204, 'Ewe (Togo)', 'ee_TG', 1, 0, NULL),
(205, 'Ewondo (Cameroon)', 'ewo_CM', 1, 0, NULL),
(206, 'Faroese (Denmark)', 'fo_DK', 1, 0, NULL),
(207, 'Faroese (Faroe Islands)', 'fo_FO', 1, 0, NULL),
(208, 'Filipino (Philippines) - Filipino (Pilipinas)', 'fil_PH', 1, 0, NULL),
(209, 'Finnish (Finland) - Suomi (Suomi)', 'fi_FI', 1, 0, NULL),
(210, 'French (Algeria) - Français (Algérie)', 'fr_DZ', 1, 0, NULL),
(211, 'French (Belgium) - Français (Belgique)', 'fr_BE', 1, 0, NULL),
(212, 'French (Benin) - Français (Bénin)', 'fr_BJ', 1, 0, NULL),
(213, 'French (Burkina Faso) - Français (Burkina Faso)', 'fr_BF', 1, 0, NULL),
(214, 'French (Burundi) - Français (Burundi)', 'fr_BI', 1, 0, NULL),
(215, 'French (Cameroon) - Français (Cameroun)', 'fr_CM', 1, 0, NULL),
(216, 'French (Canada) - Français (Canada)', 'fr_CA', 1, 0, NULL),
(217, 'French (Central African Republic) - Français (République centrafricaine)', 'fr_CF', 1, 0, NULL),
(218, 'French (Chad) - Français (Tchad)', 'fr_TD', 1, 0, NULL),
(219, 'French (Comoros) - Français (Comores)', 'fr_KM', 1, 0, NULL),
(220, 'French (Congo - Brazzaville) (fr-CG) - Français (Congo-Brazzaville) (fr-CG)', 'fr_CG', 1, 0, NULL),
(221, 'French (Congo - Kinshasa) - Français (Congo-Kinshasa)', 'fr_CD', 1, 0, NULL),
(222, 'French (Côte d’Ivoire) - Français (Côte d\'Ivoire)', 'fr_CI', 1, 0, NULL),
(223, 'French (Djibouti) - Français (Djibouti)', 'fr_DJ', 1, 0, NULL),
(224, 'French (Equatorial Guinea) - Français (Guinée équatoriale)', 'fr_GQ', 1, 0, NULL),
(225, 'French (France) - France francaise)', 'fr_FR', 1, 0, NULL),
(226, 'French (French Guiana) - Français (Guyane française)', 'fr_GF', 1, 0, NULL),
(227, 'French (French Polynesia) - Français (Polynésie française)', 'fr_PF', 1, 0, NULL),
(228, 'French (Gabon) - Français (Gabon)', 'fr_GA', 1, 0, NULL),
(229, 'French (Guadeloupe) - Français (Guadeloupe)', 'fr_GP', 1, 0, NULL),
(230, 'French (Guinea) - Français (Guinée)', 'fr_GN', 1, 0, NULL),
(231, 'French (Haiti) - Français (Haïti)', 'fr_HT', 1, 0, NULL),
(232, 'French (Luxembourg) - Français (Luxembourg)', 'fr_LU', 1, 0, NULL),
(233, 'French (Madagascar) - Français (Madagascar)', 'fr_MG', 1, 0, NULL),
(234, 'French (Mali) - Français (Mali)', 'fr_ML', 1, 0, NULL),
(235, 'French (Martinique) - Français (Martinique)', 'fr_MQ', 1, 0, NULL),
(236, 'French (Mauritania) - Français (Mauritanie)', 'fr_MR', 1, 0, NULL),
(237, 'French (Mauritius) - Français (Maurice)', 'fr_MU', 1, 0, NULL),
(238, 'French (Mayotte) - Français (Mayotte)', 'fr_YT', 1, 0, NULL),
(239, 'French (Monaco) - Français (Monaco)', 'fr_MC', 1, 0, NULL),
(240, 'French (Morocco) - Français (Maroc)', 'fr_MA', 1, 0, NULL),
(241, 'French (New Caledonia) - Français (Nouvelle-Calédonie)', 'fr_NC', 1, 0, NULL),
(242, 'French (Niger) - Français (Niger)', 'fr_NE', 1, 0, NULL),
(243, 'French (Réunion) - Français (Réunion)', 'fr_RE', 1, 0, NULL),
(244, 'French (Rwanda) - Français (Rwanda)', 'fr_RW', 1, 0, NULL),
(245, 'French (Senegal) - Français (Sénégal)', 'fr_SN', 1, 0, NULL),
(246, 'French (Seychelles) - Français (Seychelles)', 'fr_SC', 1, 0, NULL),
(247, 'French (St. Barthélemy) - Français (Saint-Barthélemy)', 'fr_BL', 1, 0, NULL),
(248, 'French (St. Martin) - Français (Saint-Martin)', 'fr_MF', 1, 0, NULL),
(249, 'French (St. Pierre & Miquelon) - Français (Saint-Pierre-et-Miquelon)', 'fr_PM', 1, 0, NULL),
(250, 'French (Switzerland) - Français (Suisse)', 'fr_CH', 1, 0, NULL),
(251, 'French (Syria) - Français (Syrie)', 'fr_SY', 1, 0, NULL),
(252, 'French (Togo) - Français (Togo)', 'fr_TG', 1, 0, NULL),
(253, 'French (Tunisia) - Français (Tunisie)', 'fr_TN', 1, 0, NULL),
(254, 'French (Vanuatu) - Français (Vanuatu)', 'fr_VU', 1, 0, NULL),
(255, 'French (Wallis & Futuna) - Français (Wallis et Futuna)', 'fr_WF', 1, 0, NULL),
(256, 'Friulian (Italy)', 'fur_IT', 1, 0, NULL),
(257, 'Fulah (Cameroon)', 'ff_CM', 1, 0, NULL),
(258, 'Fulah (Guinea)', 'ff_GN', 1, 0, NULL),
(259, 'Fulah (Mauritania)', 'ff_MR', 1, 0, NULL),
(260, 'Fulah (Senegal)', 'ff_SN', 1, 0, NULL),
(261, 'Galician (Spain) - Galicia (España)', 'gl_ES', 1, 0, NULL),
(262, 'Ganda (Uganda)', 'lg_UG', 1, 0, NULL),
(263, 'Georgian (Georgia) - Georgian (Georgia)', 'ka_GE', 1, 0, NULL),
(264, 'German (Austria) - Deutsch (Österreich)', 'de_AT', 1, 0, NULL),
(265, 'German (Belgium) - Deutsch (Belgien)', 'de_BE', 1, 0, NULL),
(266, 'German (Germany) - Deutsches Deutschland)', 'de_DE', 1, 0, NULL),
(267, 'German (Italy) - Deutsch (Italien)', 'de_IT', 1, 0, NULL),
(268, 'German (Liechtenstein) - Deutsch (Liechtenstein)', 'de_LI', 1, 0, NULL),
(269, 'German (Luxembourg) - Deutsch (Luxemburg)', 'de_LU', 1, 0, NULL),
(270, 'German (Switzerland) - Deutsch (Schweiz)', 'de_CH', 1, 0, NULL),
(271, 'Greek (Cyprus) - Ελληνικά (Κύπρος)', 'el_CY', 1, 0, NULL),
(272, 'Greek (Greece) - Ελληνικά (Ελλάδα)', 'el_GR', 1, 0, NULL),
(273, 'Gujarati (India) - ગુજરાતી (ભારત)', 'gu_IN', 1, 0, NULL),
(274, 'Gusii (Kenya)', 'guz_KE', 1, 0, NULL),
(275, 'Hausa (Ghana) - Hausa (Ghana)', 'ha_GH', 1, 0, NULL),
(276, 'Hausa (Niger) - Hausa (Nijar)', 'ha_NE', 1, 0, NULL),
(277, 'Hausa (Nigeria) - Hausa (Nigeria)', 'ha_NG', 1, 0, NULL),
(278, 'Hawaiian (United States) - Hawaiian (United States)', 'haw_US', 1, 0, NULL),
(279, 'Hebrew (Israel) - עברית (ישראל)', 'he_IL', 1, 0, NULL),
(280, 'Hindi (India) - हिंदी भारत)', 'hi_IN', 1, 0, NULL),
(281, 'Hungarian (Hungary) - Magyar (Magyarország)', 'hu_HU', 1, 0, NULL),
(282, 'Icelandic (Iceland) - Icelandic (Iceland)', 'is_IS', 1, 0, NULL),
(283, 'Igbo (Nigeria) - Igbo (Nigeria)', 'ig_NG', 1, 0, NULL),
(284, 'Inari Sami (Finland)', 'smn_FI', 1, 0, NULL),
(285, 'Indonesian (Indonesia) - Indonesia (Indonesia)', 'id_ID', 1, 0, NULL),
(286, 'Irish (Ireland) - Gaeilge (Éire)', 'ga_IE', 1, 0, NULL),
(287, 'Italian (Italy) - Italiano (Italia)', 'it_IT', 1, 0, NULL),
(288, 'Italian (San Marino) - Italiano (San Marino)', 'it_SM', 1, 0, NULL),
(289, 'Italian (Switzerland) - Italiano (Svizzera)', 'it_CH', 1, 0, NULL),
(290, 'Italian (Vatican City) - Italiano (Città del Vaticano)', 'it_VA', 1, 0, NULL),
(291, 'Japanese (Japan) - 日本語（日本）', 'ja_JP', 1, 0, NULL),
(292, 'Jola-Fonyi (Senegal)', 'dyo_SN', 1, 0, NULL),
(293, 'Kabuverdianu (Cape Verde)', 'kea_CV', 1, 0, NULL),
(294, 'Kabyle (Algeria)', 'kab_DZ', 1, 0, NULL),
(295, 'Kako (Cameroon)', 'kkj_CM', 1, 0, NULL),
(296, 'Kalaallisut (Greenland)', 'kl_GL', 1, 0, NULL),
(297, 'Kalenjin (Kenya)', 'kln_KE', 1, 0, NULL),
(298, 'Kamba (Kenya)', 'kam_KE', 1, 0, NULL),
(299, 'Kannada (India) - ಕನ್ನಡ (ಭಾರತ)', 'kn_IN', 1, 0, NULL),
(300, 'Kashmiri (India)', 'ks_IN', 1, 0, NULL),
(301, 'Kazakh (Kazakhstan) - Қазақ (Қазақстан)', 'kk_KZ', 1, 0, NULL),
(302, 'Khmer (Cambodia) - ខ្មែរ (កម្ពុជា)', 'km_KH', 1, 0, NULL),
(303, 'Kikuyu (Kenya)', 'ki_KE', 1, 0, NULL),
(304, 'Kinyarwanda (Rwanda) - Kinyarwanda (Rwanda)', 'rw_RW', 1, 0, NULL),
(305, 'Konkani (India)', 'kok_IN', 1, 0, NULL),
(306, 'Korean (North Korea) - 한국어 (북한)', 'ko_KP', 1, 0, NULL),
(307, 'Korean (South Korea) - 한국어 (한국)', 'ko_KR', 1, 0, NULL),
(308, 'Koyra Chiini (Mali)', 'khq_ML', 1, 0, NULL),
(309, 'Koyraboro Senni (Mali)', 'ses_ML', 1, 0, NULL),
(310, 'Kwasio (Cameroon)', 'nmg_CM', 1, 0, NULL),
(311, 'Kyrgyz (Kyrgyzstan) - Kyrgyz (Kyrgyzstan)', 'ky_KG', 1, 0, NULL),
(312, 'Lakota (United States)', 'lkt_US', 1, 0, NULL),
(313, 'Langi (Tanzania)', 'lag_TZ', 1, 0, NULL),
(314, 'Lao (Laos) - ລາວ (ລາວ)', 'lo_LA', 1, 0, NULL),
(315, 'Latvian (Latvia) - Latviešu (Latvija)', 'lv_LV', 1, 0, NULL),
(316, 'Lingala (Angola)', 'ln_AO', 1, 0, NULL),
(317, 'Lingala (Central African Republic)', 'ln_CF', 1, 0, NULL),
(318, 'Lingala (Congo - Brazzaville)', 'ln_CG', 1, 0, NULL),
(319, 'Lingala (Congo - Kinshasa)', 'ln_CD', 1, 0, NULL),
(320, 'Lithuanian (Lithuania) - Lietuvių (Lietuva)', 'lt_LT', 1, 0, NULL),
(321, 'Low German (Germany)', 'nds_DE', 1, 0, NULL),
(322, 'Low German (Netherlands)', 'nds_NL', 1, 0, NULL),
(323, 'Lower Sorbian (Germany)', 'dsb_DE', 1, 0, NULL),
(324, 'Luba-Katanga (Congo - Kinshasa)', 'lu_CD', 1, 0, NULL),
(325, 'Luo (Kenya)', 'luo_KE', 1, 0, NULL),
(326, 'Luxembourgish (Luxembourg) - Lëtzebuergesch (Lëtzebuerg)', 'lb_LU', 1, 0, NULL),
(327, 'Luyia (Kenya)', 'luy_KE', 1, 0, NULL),
(328, 'Macedonian (Macedonia) - Македонски (Macedonia)', 'mk_MK', 1, 0, NULL),
(329, 'Machame (Tanzania)', 'jmc_TZ', 1, 0, NULL),
(330, 'Makhuwa-Meetto (Mozambique)', 'mgh_MZ', 1, 0, NULL),
(331, 'Makonde (Tanzania)', 'kde_TZ', 1, 0, NULL),
(332, 'Malagasy (Madagascar) - Malagasy (Madagascar)', 'mg_MG', 1, 0, NULL),
(333, 'Malay (Brunei) - Melayu (Brunei)', 'ms_BN', 1, 0, NULL),
(334, 'Malay (Malaysia) - Melayu (Malaysia)', 'ms_MY', 1, 0, NULL),
(335, 'Malay (Singapore) - Melayu (Singapura)', 'ms_SG', 1, 0, NULL),
(336, 'Malayalam (India) - മലയാളം (ഇന്ത്യ)', 'ml_IN', 1, 0, NULL),
(337, 'Maltese (Malta) - Malti (Malta)', 'mt_MT', 1, 0, NULL),
(338, 'Manx (Isle of Man)', 'gv_IM', 1, 0, NULL),
(339, 'Marathi (India) - मराठी (भारत)', 'mr_IN', 1, 0, NULL),
(340, 'Masai (Kenya)', 'mas_KE', 1, 0, NULL),
(341, 'Masai (Tanzania)', 'mas_TZ', 1, 0, NULL),
(342, 'Mazanderani (Iran)', 'mzn_IR', 1, 0, NULL),
(343, 'Meru (Kenya)', 'mer_KE', 1, 0, NULL),
(344, 'Metaʼ (Cameroon)', 'mgo_CM', 1, 0, NULL),
(345, 'Mongolian (Mongolia) - Монгол улсын (Монгол)', 'mn_MN', 1, 0, NULL),
(346, 'Morisyen (Mauritius)', 'mfe_MU', 1, 0, NULL),
(347, 'Mundang (Cameroon)', 'mua_CM', 1, 0, NULL),
(348, 'Nama (Namibia)', 'naq_NA', 1, 0, NULL),
(349, 'Nepali (India) - नेपाली (भारत)', 'ne_IN', 1, 0, NULL),
(350, 'Nepali (Nepal) - नेपाली (नेपाल)', 'ne_NP', 1, 0, NULL),
(351, 'Ngiemboon (Cameroon)', 'nnh_CM', 1, 0, NULL),
(352, 'Ngomba (Cameroon)', 'jgo_CM', 1, 0, NULL),
(353, 'North Ndebele (Zimbabwe)', 'nd_ZW', 1, 0, NULL),
(354, 'Northern Luri (Iran)', 'lrc_IR', 1, 0, NULL),
(355, 'Northern Luri (Iraq)', 'lrc_IQ', 1, 0, NULL),
(356, 'Northern Sami (Finland)', 'se_FI', 1, 0, NULL),
(357, 'Northern Sami (Norway)', 'se_NO', 1, 0, NULL),
(358, 'Northern Sami (Sweden)', 'se_SE', 1, 0, NULL),
(359, 'Norwegian Bokmål (Norway) - Norsk bokmål (Norge)', 'nb_NO', 1, 0, NULL),
(360, 'Norwegian Bokmål (Svalbard & Jan Mayen) - Norsk bokmål (Svalbard og Jan Mayen)', 'nb_SJ', 1, 0, NULL),
(361, 'Norwegian Nynorsk (Norway)', 'nn_NO', 1, 0, NULL),
(362, 'Nuer (South Sudan)', 'nus_SS', 1, 0, NULL),
(363, 'Nyankole (Uganda)', 'nyn_UG', 1, 0, NULL),
(364, 'Odia (India) - ଓଡ଼ିଆ (ଭାରତ)', 'or_IN', 1, 0, NULL),
(365, 'Oromo (Ethiopia)', 'om_ET', 1, 0, NULL),
(366, 'Oromo (Kenya)', 'om_KE', 1, 0, NULL),
(367, 'Ossetic (Georgia)', 'os_GE', 1, 0, NULL),
(368, 'Ossetic (Russia)', 'os_RU', 1, 0, NULL),
(369, 'Pashto (Afghanistan) - پښتو (افغانستان)', 'ps_AF', 1, 0, NULL),
(370, 'Persian (Afghanistan) - فارسی (افغانستان)', 'fa_AF', 1, 0, NULL),
(371, 'Persian (Iran) - فارسی (ایران)', 'fa_IR', 1, 0, NULL),
(372, 'Polish (Poland) - Polski (Polska)', 'pl_PL', 1, 0, NULL),
(373, 'Portuguese (Angola) - Português (Angola)', 'pt_AO', 1, 0, NULL),
(374, 'Portuguese (Brazil) - Português (Brasil)', 'pt_BR', 1, 0, NULL),
(375, 'Portuguese (Cape Verde) - Português (Cabo Verde)', 'pt_CV', 1, 0, NULL),
(376, 'Portuguese (Equatorial Guinea) - Português (Guiné Equatorial)', 'pt_GQ', 1, 0, NULL),
(377, 'Portuguese (Guinea-Bissau) - Português (Guiné-Bissau)', 'pt_GW', 1, 0, NULL),
(378, 'Portuguese (Luxembourg) - Português (Luxemburgo)', 'pt_LU', 1, 0, NULL),
(379, 'Portuguese (Macau SAR China) - Português (Macau SAR China)', 'pt_MO', 1, 0, NULL),
(380, 'Portuguese (Mozambique) - Português (Moçambique)', 'pt_MZ', 1, 0, NULL),
(381, 'Portuguese (Portugal) - Português (Portugal)', 'pt_PT', 1, 0, NULL),
(382, 'Portuguese (São Tomé & Príncipe) - Português (São Tomé e Príncipe)', 'pt_ST', 1, 0, NULL),
(383, 'Portuguese (Switzerland) - Português (Suíça)', 'pt_CH', 1, 0, NULL),
(384, 'Portuguese (Timor-Leste) - Português (Timor-Leste)', 'pt_TL', 1, 0, NULL),
(385, 'Punjabi (Arabic, Pakistan) - ਪੰਜਾਬੀ (ਅਰਬੀ, ਪਾਕਿਸਤਾਨ)', 'pa_Arab_PK', 1, 0, NULL),
(386, 'Punjabi (Gurmukhi, India) - ਪੰਜਾਬੀ (ਗੁਰਮੁਖੀ, ਭਾਰਤ)', 'pa_Guru_IN', 1, 0, NULL),
(387, 'Quechua (Bolivia)', 'qu_BO', 1, 0, NULL),
(388, 'Quechua (Ecuador)', 'qu_EC', 1, 0, NULL),
(389, 'Quechua (Peru)', 'qu_PE', 1, 0, NULL),
(390, 'Romanian (Moldova) - Română (Moldova)', 'ro_MD', 1, 0, NULL),
(391, 'Romanian (Romania) - Română (România)', 'ro_RO', 1, 0, NULL),
(392, 'Romansh (Switzerland)', 'rm_CH', 1, 0, NULL),
(393, 'Rombo (Tanzania)', 'rof_TZ', 1, 0, NULL),
(394, 'Rundi (Burundi)', 'rn_BI', 1, 0, NULL),
(395, 'Russian (Belarus) - России (Беларусь)', 'ru_BY', 1, 0, NULL),
(396, 'Russian (Kazakhstan) - России (Казахстан)', 'ru_KZ', 1, 0, NULL),
(397, 'Russian (Kyrgyzstan) - России (Кыргызстан)', 'ru_KG', 1, 0, NULL),
(398, 'Russian (Moldova) - России (Молдова)', 'ru_MD', 1, 0, NULL),
(399, 'Russian (Russia) - России (Россия)', 'ru_RU', 1, 0, NULL),
(400, 'Russian (Ukraine) - России (Украина)', 'ru_UA', 1, 0, NULL),
(401, 'Rwa (Tanzania)', 'rwk_TZ', 1, 0, NULL),
(402, 'Sakha (Russia)', 'sah_RU', 1, 0, NULL),
(403, 'Samburu (Kenya)', 'saq_KE', 1, 0, NULL),
(404, 'Sango (Central African Republic)', 'sg_CF', 1, 0, NULL),
(405, 'Sangu (Tanzania)', 'sbp_TZ', 1, 0, NULL),
(406, 'Scottish Gaelic (United Kingdom) - Gàidhlig na h-Alba (An Rìoghachd Aonaichte)', 'gd_GB', 1, 0, NULL),
(407, 'Sena (Mozambique)', 'seh_MZ', 1, 0, NULL),
(408, 'Serbian (Cyrillic, Bosnia & Herzegovina) - Српски језик (Ћирилица, Босна и Херцеговина)', 'sr_Cyrl_BA', 1, 0, NULL),
(409, 'Serbian (Cyrillic, Montenegro) - Српски језик (Ћирилица, Црна Гора)', 'sr_Cyrl_ME', 1, 0, NULL),
(410, 'Serbian (Cyrillic, Serbia) - Српски језик (Ћирилица, Србија)', 'sr_Cyrl_RS', 1, 0, NULL),
(411, 'Serbian (Latin, Bosnia & Herzegovina) - Српски (Ћирилица, Босна и Херцеговина)', 'sr_Latn_BA', 1, 0, NULL),
(412, 'Serbian (Latin, Montenegro) - Српски (латински, Црна Гора)', 'sr_Latn_ME', 1, 0, NULL),
(413, 'Serbian (Latin, Serbia) - Српски (латински, Србија)', 'sr_Latn_RS', 1, 0, NULL),
(414, 'Shambala (Tanzania)', 'ksb_TZ', 1, 0, NULL),
(415, 'Shona (Zimbabwe) - Shona (Zimbabwe)', 'sn_ZW', 1, 0, NULL),
(416, 'Sichuan Yi (China)', 'ii_CN', 1, 0, NULL),
(417, 'Sinhala (Sri Lanka) - සිංහල (ශ්‍රී ලංකාව)', 'si_LK', 1, 0, NULL),
(418, 'Slovak (Slovakia) - Slovenskú (Slovensko)', 'sk_SK', 1, 0, NULL),
(419, 'Slovenian (Slovenia) - Slovensko (Slovenija)', 'sl_SI', 1, 0, NULL),
(420, 'Soga (Uganda)', 'xog_UG', 1, 0, NULL),
(421, 'Somali (Djibouti) - Soomaali (Jabuuti)', 'so_DJ', 1, 0, NULL),
(422, 'Somali (Ethiopia) - Soomaali (Itoobiya)', 'so_ET', 1, 0, NULL),
(423, 'Somali (Kenya) - Soomaali (Kenya)', 'so_KE', 1, 0, NULL),
(424, 'Somali (Somalia) - Soomaali (Soomaaliya)', 'so_SO', 1, 0, NULL),
(425, 'Spanish (Argentina) - Español (Argentina)', 'es_AR', 1, 0, NULL),
(426, 'Spanish (Belize) - Español (Belice)', 'es_BZ', 1, 0, NULL),
(427, 'Spanish (Bolivia) - Español (Bolivia)', 'es_BO', 1, 0, NULL),
(428, 'Spanish (Brazil) - Español (Brasil)', 'es_BR', 1, 0, NULL),
(429, 'Spanish (Chile) - Español (Chile)', 'es_CL', 1, 0, NULL),
(430, 'Spanish (Colombia) - Español (Colombia)', 'es_CO', 1, 0, NULL),
(431, 'Spanish (Cuba) - Español (Cuba)', 'es_CU', 1, 0, NULL),
(432, 'Spanish (Dominican Republic) - Española (República Dominicana)', 'es_DO', 1, 0, NULL),
(433, 'Spanish (Ecuador) - Español (Ecuador)', 'es_EC', 1, 0, NULL),
(434, 'Spanish (El Salvador) - Español (El Salvador)', 'es_SV', 1, 0, NULL),
(435, 'Spanish (Equatorial Guinea) - Español (Guinea Ecuatorial)', 'es_GQ', 1, 0, NULL),
(436, 'Spanish (Guatemala) - Español (Guatemala)', 'es_GT', 1, 0, NULL),
(437, 'Spanish (Honduras) - Español (Honduras)', 'es_HN', 1, 0, NULL),
(438, 'Spanish (Mexico) - Español (México)', 'es_MX', 1, 0, NULL),
(439, 'Spanish (Nicaragua) - Español (Nicaragua)', 'es_NI', 1, 0, NULL),
(440, 'Spanish (Panama) - Español (Panamá)', 'es_PA', 1, 0, NULL),
(441, 'Spanish (Paraguay) - Español (Paraguay)', 'es_PY', 1, 0, NULL),
(442, 'Spanish (Peru) - Español (Perú)', 'es_PE', 1, 0, NULL),
(443, 'Spanish (Philippines) - Español (Filipinas)', 'es_PH', 1, 0, NULL),
(444, 'Spanish (Puerto Rico) - Español (Puerto Rico)', 'es_PR', 1, 0, NULL),
(445, 'Spanish (Spain) - Español (España)', 'es_ES', 1, 0, NULL),
(446, 'Spanish (United States) - Español (Estados Unidos)', 'es_US', 1, 0, NULL),
(447, 'Spanish (Uruguay) - Español (Uruguay)', 'es_UY', 1, 0, NULL),
(448, 'Spanish (Venezuela) - Español (Venezuela)', 'es_VE', 1, 0, NULL),
(449, 'Standard Moroccan Tamazight (Morocco)', 'zgh_MA', 1, 0, NULL),
(450, 'Swahili (Congo - Kinshasa) - Kiswahili (Congo - Kinshasa)', 'sw_CD', 1, 0, NULL),
(451, 'Swahili (Kenya) - Kiswahili (Kenya)', 'sw_KE', 1, 0, NULL),
(452, 'Swahili (Tanzania) - Kiswahili (Tanzania)', 'sw_TZ', 1, 0, NULL),
(453, 'Swahili (Uganda) - Kiswahili (Uganda)', 'sw_UG', 1, 0, NULL),
(454, 'Swedish (Åland Islands) - Svenska (Åland)', 'sv_AX', 1, 0, NULL),
(455, 'Swedish (Finland) - Svenska (Finland)', 'sv_FI', 1, 0, NULL),
(456, 'Swedish (Sweden) - Svenska (Sverige)', 'sv_SE', 1, 0, NULL),
(457, 'Swiss German (France)', 'gsw_FR', 1, 0, NULL),
(458, 'Swiss German (Liechtenstein)', 'gsw_LI', 1, 0, NULL),
(459, 'Swiss German (Switzerland)', 'gsw_CH', 1, 0, NULL),
(460, 'Tachelhit (Latin, Morocco)', 'shi_Latn_MA', 1, 0, NULL),
(461, 'Tachelhit (Tifinagh, Morocco)', 'shi_Tfng_MA', 1, 0, NULL),
(462, 'Taita (Kenya)', 'dav_KE', 1, 0, NULL),
(463, 'Tajik (Tajikistan) - Тоҷикистон (Тоҷикистон)', 'tg_TJ', 1, 0, NULL),
(464, 'Tamil (India) - தமிழ் (இந்தியா)', 'ta_IN', 1, 0, NULL),
(465, 'Tamil (Malaysia) - தமிழ் (மலேஷியா)', 'ta_MY', 1, 0, NULL),
(466, 'Tamil (Singapore) - தமிழ் (சிங்கப்பூர்)', 'ta_SG', 1, 0, NULL),
(467, 'Tamil (Sri Lanka) - தமிழ் (இலங்கை)', 'ta_LK', 1, 0, NULL),
(468, 'Tasawaq (Niger)', 'twq_NE', 1, 0, NULL),
(469, 'Tatar (Russia) - Татар (Россия)', 'tt_RU', 1, 0, NULL),
(470, 'Telugu (India) - తెలుగు (భారతదేశం)', 'te_IN', 1, 0, NULL),
(471, 'Teso (Kenya)', 'teo_KE', 1, 0, NULL),
(472, 'Teso (Uganda)', 'teo_UG', 1, 0, NULL),
(473, 'Thai (Thailand) - ไทย (ไทยแลนด์)', 'th_TH', 1, 0, NULL),
(474, 'Tibetan (China)', 'bo_CN', 1, 0, NULL),
(475, 'Tibetan (India)', 'bo_IN', 1, 0, NULL),
(476, 'Tigrinya (Eritrea)', 'ti_ER', 1, 0, NULL),
(477, 'Tigrinya (Ethiopia)', 'ti_ET', 1, 0, NULL),
(478, 'Tongan (Tonga)', 'to_TO', 1, 0, NULL),
(479, 'Turkish (Cyprus) - Türk (Kıbrıs)', 'tr_CY', 1, 0, NULL),
(480, 'Turkish (Turkey) - Türk (Türkiye)', 'tr_TR', 1, 0, NULL),
(481, 'Ukrainian (Ukraine) - Український (Україна)', 'uk_UA', 1, 0, NULL),
(482, 'Upper Sorbian (Germany)', 'hsb_DE', 1, 0, NULL),
(483, 'Urdu (India) - اردو (بھارت)', 'ur_IN', 1, 0, NULL),
(484, 'Urdu (Pakistan) - اردو (پاکستان)', 'ur_PK', 1, 0, NULL),
(485, 'Uyghur (China) - ئۇيغۇر (جۇڭگو)', 'ug_CN', 1, 0, NULL),
(486, 'Uzbek (Arabic, Afghanistan) - O\'zbekiston (arab, Afg\'oniston)', 'uz_Arab_AF', 1, 0, NULL),
(487, 'Uzbek (Cyrillic, Uzbekistan) - O\'zbek (kirill, O\'zbekiston)', 'uz_Cyrl_UZ', 1, 0, NULL),
(488, 'Uzbek (Latin, Uzbekistan) - O\'zbek (Lotin, O\'zbekiston)', 'uz_Latn_UZ', 1, 0, NULL),
(489, 'Vai (Latin, Liberia)', 'vai_Latn_LR', 1, 0, NULL),
(490, 'Vai (Vai, Liberia)', 'vai_Vaii_LR', 1, 0, NULL),
(491, 'Vietnamese (Vietnam) - Việt (Việt Nam)', 'vi_VN', 1, 0, NULL),
(492, 'Vunjo (Tanzania)', 'vun_TZ', 1, 0, NULL),
(493, 'Walser (Switzerland)', 'wae_CH', 1, 0, NULL),
(494, 'Welsh (United Kingdom) - Cymraeg (Welsh)', 'cy_GB', 1, 0, NULL),
(495, 'Western Frisian (Netherlands) - Western Frysk (Nederland)', 'fy_NL', 1, 0, NULL),
(496, 'Wolof (Senegal)', 'wo_SN', 1, 0, NULL),
(497, 'Yangben (Cameroon)', 'yav_CM', 1, 0, NULL),
(498, 'Yoruba (Benin) - Yorùbá (Benin)', 'yo_BJ', 1, 0, NULL),
(499, 'Yoruba (Nigeria) - Yorùbá (Nigeria)', 'yo_NG', 1, 0, NULL),
(500, 'Zarma (Niger)', 'dje_NE', 1, 0, NULL),
(501, 'Zulu (South Africa) - Zulu (South Africa)', 'zu_ZA', 1, 0, NULL);

-- --------------------------------------------------------

--
-- Table structure for table `ohrm_i18n_lang_string`
--

CREATE TABLE `ohrm_i18n_lang_string` (
  `id` int(11) NOT NULL,
  `unit_id` int(11) NOT NULL,
  `source_id` int(11) DEFAULT NULL,
  `group_id` int(11) DEFAULT NULL,
  `value` text CHARACTER SET utf8mb4 COLLATE utf8mb4_bin NOT NULL,
  `note` text DEFAULT NULL,
  `version` varchar(20) DEFAULT NULL
) ENGINE=InnoDB DEFAULT CHARSET=utf8mb4;

--
-- Dumping data for table `ohrm_i18n_lang_string`
--

INSERT INTO `ohrm_i18n_lang_string` (`id`, `unit_id`, `source_id`, `group_id`, `value`, `note`, `version`) VALUES
(1, 1, 1, 1, '1M Max, any larger attachments will be ignored', 'When uploading any larger attachments which is over 1MB in size will be ignored.', '4.6-'),
(2, 2, 1, 1, 'Add', 'Add in the system', '4.6-'),
(3, 3, 1, 1, 'Add Attachment', 'Insert file attachments, such as pictures and documents.', '4.6-'),
(4, 4, 1, 1, 'Add Employee', 'Add a new employee to the system.', '4.6-'),
(5, 5, 1, 7, 'Add KPI', 'Add Key Performance Indicator,to evaluate the success of an organization or of a particular activity in which it engages.', '4.6-'),
(6, 6, 1, 7, 'Add Review', 'The reviewer can then leave a Positive or Negative review.', '4.6-'),
(7, 7, 1, 3, 'Add Salary Component', 'The HR Admin can define salary components by going to Admin>>Job>> Salary Components. Ex: Car Allowance', '4.6-'),
(8, 8, 1, 3, 'Added By', 'Employees can only view (not modify) the comments added by the reviewers.', '4.6-'),
(9, 9, 1, 2, 'Address', 'The address field which was already there to display employee\'s residence.', '4.6-'),
(10, 10, 1, 1, 'Admin', 'The administrator who has full privilege over the functionality of application.', '4.6-'),
(11, 11, 1, 1, 'Afghan', 'A nationality name', '4.6-'),
(12, 12, 1, 1, 'Afghanistan', 'A country name', '4.6-'),
(13, 13, 1, 1, 'Afghanistan Afghani', 'A currency name', '4.6-'),
(14, 14, 1, 1, 'Age Group', 'When the dependents get covered in the insurance plan, need to specify which age range they are grouped into.', '4.6-'),
(15, 15, 1, 1, 'Alabama', 'A US state name', '4.6-'),
(16, 16, 1, 1, 'Alaska', 'A US state name', '4.6-'),
(17, 17, 1, 1, 'Albania', 'A country name', '4.6-'),
(18, 18, 1, 1, 'Albanian', 'A nationality name', '4.6-'),
(19, 19, 1, 1, 'Albanian Lek', 'A currency name', '4.6-'),
(20, 20, 1, 1, 'Algeria', 'A country name', '4.6-'),
(21, 21, 1, 1, 'Algerian', 'A nationality name', '4.6-'),
(22, 22, 1, 1, 'Algerian Dinar', 'A currency name', '4.6-'),
(23, 23, 1, 1, 'All', 'All the information related', '4.6-'),
(24, 24, 1, 1, 'Allows numbers and only + - / ( )', 'It appears as a validation message when we type an invalid phone number under the contact details tab.', '4.6-'),
(25, 25, 1, 1, 'Already exists', 'Warning message appears when try to add a name that is already available in the system.', '4.6-'),
(26, 26, 1, 1, 'Name Already Exists', 'The set up will not allow you to have duplicate names, if you re-enter the same name, warning message would appear saying Name Already Exists', '4.6-'),
(27, 27, 1, 1, 'American', 'A nationality name', '4.6-'),
(28, 28, 1, 1, 'American Samoa', 'A country name', '4.6-'),
(29, 29, 1, 3, 'Amount', 'Amount to be deposited', '4.6-'),
(30, 30, 1, 1, 'Andorra', 'A country name', '4.6-'),
(31, 31, 1, 1, 'Andorran', 'A nationality name', '4.6-'),
(32, 32, 1, 1, 'Angola', 'A country name', '4.6-'),
(33, 33, 1, 1, 'Angolan', 'A nationality name', '4.6-'),
(34, 34, 1, 1, 'Angolan New Kwanza', 'A currency name', '4.6-'),
(35, 35, 1, 1, 'Anguilla', 'A country name', '4.6-'),
(36, 36, 1, 1, 'Antarctica', 'A country name', '4.6-'),
(37, 37, 1, 1, 'Antigua and Barbuda', 'A country name', '4.6-'),
(38, 38, 1, 1, 'Antiguans', 'A nationality name', '4.6-'),
(39, 39, 1, 1, 'Apply', 'Apply for leave/Job vacancy', '4.6-'),
(40, 40, 1, 1, 'April', 'Month of April', '4.6-'),
(41, 41, 1, 1, 'are required', 'Required/mandatory fields to be filled when submitting a form.', '4.6-'),
(42, 42, 1, 1, 'Argentina', 'A country name', '4.6-'),
(43, 43, 1, 1, 'Argentina Pesos', 'A currency name', '4.6-'),
(44, 44, 1, 1, 'Argentine Peso', 'A currency name', '4.6-'),
(45, 45, 1, 1, 'Argentinean', 'A nationality name', '4.6-'),
(46, 46, 1, 1, 'Arizona', 'A US state name', '4.6-'),
(47, 47, 1, 1, 'Arkansas', 'A US state name', '4.6-'),
(48, 48, 1, 1, 'Armed Forces Americas (except Canada)', 'A US state name', '4.6-'),
(49, 49, 1, 1, 'Armed Forces Middle East', 'A US state name', '4.6-'),
(50, 50, 1, 1, 'Armed Forces Pacific', 'A US state name', '4.6-'),
(51, 51, 1, 1, 'Armenia', 'A country name', '4.6-'),
(52, 52, 1, 1, 'Armenian', 'A nationality name', '4.6-'),
(53, 53, 1, 1, 'Aruba', 'A country name', '4.6-'),
(54, 54, 1, 1, 'Aruban Florin', 'A currency name', '4.6-'),
(55, 55, 1, 4, 'Assign Leave', 'Admin can assign leave to employee', '4.6-'),
(56, 56, 1, 3, 'Assigned Salary Components', 'Salary Component details (Component Name, Type and other options (Cost to Company, Value Type)) assigned to employees', '4.6-'),
(57, 57, 1, 1, 'Attachment Size Exceeded', 'Attachments should not exceed 1MB of file size.', '4.6-'),
(58, 58, 1, 5, 'Attendance', 'All attendance records are maintained and recorded under “Attendance” menu.', '4.6-'),
(59, 59, 1, 5, 'Attendance Summary', 'The Admin can view can the attendance summary of all employees while an ESS – Supervisors can view the attendance summary of his/her subordinates. Here the Admin and ESS -Supervisor can track the time employees have spent working in the company. To view an employee’s attendance summary, go to Time>> Reports>>Attendance Summary.', '4.6-'),
(60, 60, 1, 1, 'August', 'Month of August.', '4.6-'),
(61, 61, 1, 1, 'Australia', 'A country name', '4.6-'),
(62, 62, 1, 1, 'Australian', 'A nationality name', '4.6-'),
(63, 63, 1, 1, 'Australian Dollar', 'A currency name', '4.6-'),
(64, 64, 1, 1, 'Austria', 'A country name', '4.6-'),
(65, 65, 1, 1, 'Austrian', 'A nationality name', '4.6-'),
(66, 66, 1, 1, 'Azerbaijan', 'A country name', '4.6-'),
(67, 67, 1, 1, 'Azerbaijani', 'A nationality name', '4.6-'),
(68, 68, 1, 1, 'Back', 'Click “Back” and the action will be reflected', '4.6-'),
(69, 69, 1, 1, 'Bahamas', 'A country name', '4.6-'),
(70, 70, 1, 1, 'Bahamian', 'A nationality name', '4.6-'),
(71, 71, 1, 1, 'Bahamian Dollar', 'A currency name', '4.6-'),
(72, 72, 1, 1, 'Bahrain', 'A country name', '4.6-'),
(73, 73, 1, 1, 'Bahraini', 'A nationality name', '4.6-'),
(74, 74, 1, 1, 'Bahraini Dinar', 'A currency name', '4.6-'),
(75, 75, 1, 1, 'Bangladesh', 'A country name', '4.6-'),
(76, 76, 1, 1, 'Bangladeshi', 'A nationality name', '4.6-'),
(77, 77, 1, 1, 'Bangladeshi Taka', 'A currency name', '4.6-'),
(78, 78, 1, 1, 'Barbadian', 'A nationality name', '4.6-'),
(79, 79, 1, 1, 'Barbados', 'A country name', '4.6-'),
(80, 80, 1, 1, 'Barbados Dollar', 'A currency name', '4.6-'),
(81, 81, 1, 1, 'Barbudans', 'A nationality name', '4.6-'),
(82, 82, 1, 3, 'Basic', 'Basic salary details of the company.', '4.6-'),
(83, 83, 1, 1, 'Batswana', 'A nationality name', '4.6-'),
(84, 84, 1, 1, 'Belarus', 'A country name', '4.6-'),
(85, 85, 1, 1, 'Belarusian', 'A nationality name', '4.6-'),
(86, 86, 1, 1, 'Belgian', 'A nationality name', '4.6-'),
(87, 87, 1, 1, 'Belgium', 'A country name', '4.6-'),
(88, 88, 1, 1, 'Belize', 'A country name', '4.6-'),
(89, 89, 1, 1, 'Belize Dollar', 'A currency name', '4.6-'),
(90, 90, 1, 1, 'Belizean', 'A nationality name', '4.6-'),
(91, 91, 1, 1, 'Benin', 'A country name', '4.6-'),
(92, 92, 1, 1, 'Beninese', 'A nationality name', '4.6-'),
(93, 93, 1, 1, 'Bermuda', 'A country name', '4.6-'),
(94, 94, 1, 1, 'Bermudian Dollar', 'A currency name', '4.6-'),
(95, 95, 1, 1, 'Bhutan', 'A country name', '4.6-'),
(96, 96, 1, 1, 'Bhutan Ngultrum', 'A currency name', '4.6-'),
(97, 97, 1, 1, 'Bhutanese', 'A nationality name', '4.6-'),
(98, 98, 1, 1, 'Bolivia', 'A country name', '4.6-'),
(99, 99, 1, 1, 'Bolivian', 'A nationality name', '4.6-'),
(100, 100, 1, 1, 'Bolivian Boliviano', 'A currency name', '4.6-'),
(101, 101, 1, 1, 'Bosnia and Herzegovina', 'A country name', '4.6-'),
(102, 102, 1, 1, 'Bosnian', 'A nationality name', '4.6-'),
(103, 103, 1, 1, 'Botswana', 'A country name', '4.6-'),
(104, 104, 1, 1, 'Botswana Pula', 'A currency name', '4.6-'),
(105, 105, 1, 1, 'Bouvet Island', 'A country name', '4.6-'),
(106, 106, 1, 1, 'Brazil', 'A country name', '4.6-'),
(107, 107, 1, 1, 'Brazilian', 'A nationality name', '4.6-'),
(108, 108, 1, 1, 'Brazilian Real', 'A currency name', '4.6-'),
(109, 109, 1, 1, 'British', 'A nationality name', '4.6-'),
(110, 110, 1, 1, 'British Indian Ocean Territory', 'A country name', '4.6-'),
(111, 111, 1, 1, 'Brunei Darussalam', 'A country name', '4.6-'),
(112, 112, 1, 1, 'Brunei Dollar', 'A currency name', '4.6-'),
(113, 113, 1, 1, 'Bruneian', 'A nationality name', '4.6-'),
(114, 114, 1, 1, 'Bulgaria', 'A country name', '4.6-'),
(115, 115, 1, 1, 'Bulgarian', 'A nationality name', '4.6-'),
(116, 116, 1, 1, 'Bulgarian Lev', 'A currency name', '4.6-'),
(117, 117, 1, 1, 'Burkina Faso', 'A country name', '4.6-'),
(118, 118, 1, 1, 'Burkinabe', 'A nationality name', '4.6-'),
(119, 119, 1, 1, 'Burmese', 'A nationality name', '4.6-'),
(120, 120, 1, 1, 'Burundi', 'A country name', '4.6-'),
(121, 121, 1, 1, 'Burundi Franc', 'A currency name', '4.6-'),
(122, 122, 1, 1, 'Burundian', 'A nationality name', '4.6-'),
(123, 123, 1, 1, 'California', 'A US state name', '4.6-'),
(124, 124, 1, 1, 'Cambodia', 'A country name', '4.6-'),
(125, 125, 1, 1, 'Cambodian', 'A nationality name', '4.6-'),
(126, 126, 1, 1, 'Cameroon', 'A country name', '4.6-'),
(127, 127, 1, 1, 'Cameroonian', 'A nationality name', '4.6-'),
(128, 128, 1, 1, 'Canada', 'A country name', '4.6-'),
(129, 129, 1, 1, 'Canadian', 'A nationality name', '4.6-'),
(130, 130, 1, 1, 'Canadian Dollar', 'A currency name', '4.6-'),
(131, 131, 1, 1, 'Cancel', 'Cancel a leave request , session etc..', '4.6-'),
(132, 132, 1, 6, 'Candidates', 'Applicants/candidates who applied for the post and get shortlisted.', '4.6-'),
(133, 133, 1, 1, 'Cape Verde', 'A country name', '4.6-'),
(134, 134, 1, 1, 'Cape Verde Escudo', 'A currency name', '4.6-'),
(135, 135, 1, 1, 'Cape Verdean', 'A nationality name', '4.6-'),
(136, 136, 1, 1, 'Cayman Islands', 'A country name', '4.6-'),
(137, 137, 1, 1, 'Cayman Islands Dollar', 'A currency name', '4.6-'),
(138, 138, 1, 1, 'Central African', 'A nationality name', '4.6-'),
(139, 139, 1, 1, 'Central African Republic', 'A country name', '4.6-'),
(140, 140, 1, 1, 'CFA Franc BCEAO', 'A currency name', '4.6-'),
(141, 141, 1, 1, 'CFP Franc', 'A currency name', '4.6-'),
(142, 142, 1, 1, 'CFA Franc BEAC', 'A currency name', '4.6-'),
(143, 143, 1, 1, 'Chad', 'A country name', '4.6-'),
(144, 144, 1, 1, 'Chadian', 'A nationality name', '4.6-'),
(145, 145, 1, 1, 'Change Password', 'Altering the password', '4.6-'),
(146, 146, 1, 3, 'Checking', 'Checking the “Repeats Annually” will mean that the holiday will occur on the same date in the following years', '4.6-'),
(147, 147, 1, 1, 'Chile', 'A country name', '4.6-'),
(148, 148, 1, 1, 'Cote D\'Ivoire', 'A country name', '4.6-'),
(149, 149, 1, 1, 'Chilean', 'A nationality name', '4.6-'),
(150, 150, 1, 1, 'Chilean Peso', 'A currency name', '4.6-'),
(151, 151, 1, 1, 'Tongan Pa\'anga', 'A currency name', '4.6-'),
(152, 152, 1, 1, 'China', 'A country name', '4.6-'),
(153, 153, 1, 1, 'Chinese', 'A nationality name', '4.6-'),
(154, 154, 1, 1, 'Chinese Yuan Renminbi', 'A currency name', '4.6-'),
(155, 155, 1, 1, 'Christmas Island', 'A country name', '4.6-'),
(156, 156, 1, 1, 'Cocos (Keeling) Islands', 'A country name', '4.6-'),
(157, 157, 1, 1, 'Colombia', 'A country name', '4.6-'),
(158, 158, 1, 1, 'Colombian', 'A nationality name', '4.6-'),
(159, 159, 1, 1, 'Colombian Peso', 'A currency name', '4.6-'),
(160, 160, 1, 1, 'Colorado', 'A US state name', '4.6-'),
(161, 161, 1, 1, 'Comment', 'You may enter any important note regarding some information.', '4.6-'),
(162, 162, 1, 1, 'Comments', 'You may enter any important notes regarding some information.', '4.6-'),
(163, 163, 1, 1, 'Comoran', 'A nationality name', '4.6-'),
(164, 164, 1, 1, 'Comoros', 'A country name', '4.6-'),
(165, 165, 1, 1, 'Comoros Franc', 'A currency name', '4.6-'),
(166, 166, 1, 3, 'Company', 'Oraganization where the employee work', '4.6-'),
(167, 167, 1, 3, 'Competency', 'Set of skills and abilities which are required for desired level of performance and can be grouped them into competency groups', '4.6-'),
(168, 168, 1, 1, 'Configuration', 'An arrangement of elements in a particular form', '4.6-'),
(169, 169, 1, 1, 'Configure', 'The user is configuring what are the fields to be displayed.', '4.6-'),
(170, 170, 1, 1, 'Congo', 'A country name', '4.6-'),
(171, 171, 1, 1, 'Congo, the Democratic Republic of the', 'A country name', '4.6-'),
(172, 172, 1, 1, 'Congolese', 'A nationality name', '4.6-'),
(173, 173, 1, 1, 'Connecticut', 'A US state name', '4.6-'),
(174, 174, 1, 3, 'Contact Details', 'A PIM tab which allows the employee to add his/her contact details such as Address, Home Telephone, Work email etc.', '4.6-'),
(175, 175, 1, 3, 'Contract End Date', 'Employee>Job Contract>End Date', '4.6-'),
(176, 176, 1, 3, 'Contract Not Renewed', 'A default termination reason that is displayed when we go to PIM>>Configuration>>Termination Reason', '4.6-'),
(177, 177, 1, 3, 'Contract Start Date', 'Start date of employee job contract', '4.6-'),
(178, 178, 1, 1, 'Cook Islands', 'A country name', '4.6-'),
(179, 179, 1, 7, 'Copy KPI', 'You may copy a KPI from one job title to another through this feature. To do so, go to Performance>> Copy KPI', '4.6-'),
(180, 180, 1, 1, 'Costa Rica', 'A country name', '4.6-'),
(181, 181, 1, 1, 'Costa Rican', 'A nationality name', '4.6-'),
(182, 182, 1, 1, 'Costa Rican Colon', 'A currency name', '4.6-'),
(183, 183, 1, 1, 'Country', 'When configuring leave rules for enterprise module must specify to which country location it applies to.', '4.6-'),
(184, 184, 1, 1, 'Croatia', 'A country name', '4.6-'),
(185, 185, 1, 1, 'Croatian', 'A nationality name', '4.6-'),
(186, 186, 1, 1, 'Croatian Kuna', 'A currency name', '4.6-'),
(187, 187, 1, 1, 'Cuba', 'A country name', '4.6-'),
(188, 188, 1, 1, 'Cuban', 'A nationality name', '4.6-'),
(189, 189, 1, 1, 'Cuban Peso', 'A currency name', '4.6-'),
(190, 190, 1, 1, 'Currency', 'The HR Admin can define the pay grades by setting the currency to be paid in.', '4.6-'),
(191, 191, 1, 1, 'Current and Past Employees', 'Employee who work in an organization at present and the employees who resigned', '4.6-'),
(192, 192, 1, 3, 'Current Employees Only', 'Only the employees work in the company at present', '4.6-'),
(193, 193, 1, 6, 'Current Status', 'Current Employment status such as full time permanent, part time contract', '4.6-'),
(194, 194, 1, 3, 'Custom Fields', 'This feature allows the Admin to customize and add fields to all the screen of the PIM Module', '4.6-'),
(195, 195, 1, 5, 'Customers', 'Activities within Projects that are being done for various Customers.', '4.6-'),
(196, 196, 1, 1, 'Cypriot', 'A nationality name', '4.6-'),
(197, 197, 1, 1, 'Cyprus', 'A country name', '4.6-'),
(198, 198, 1, 1, 'Cyprus Pound', 'A currency name', '4.6-'),
(199, 199, 1, 1, 'Czech', 'A nationality name', '4.6-'),
(200, 200, 1, 1, 'Czech Koruna', 'A currency name', '4.6-'),
(201, 201, 1, 1, 'Czech Republic', 'A country name', '4.6-'),
(202, 202, 1, 1, 'Danish', 'A nationality name', '4.6-'),
(203, 203, 1, 1, 'Danish Krona', 'A currency name', '4.6-'),
(204, 204, 1, 3, 'Data Import', 'This feature allows the Admin to import data from a CSV file. To import data, go to PIM>> Configuration>> Data Import', '4.6-'),
(205, 205, 1, 1, 'Date', 'Date of birth / License Expiry Date', '4.6-'),
(206, 206, 1, 3, 'Date Added', 'The date that a particular record is added to the system.', '4.6-'),
(207, 207, 1, 3, 'Date of Birth', 'System will send emails to recipients about employees’ date of birth each year based on the settings.', '4.6-'),
(208, 208, 1, 4, 'Days', 'No of leave days', '4.6-'),
(209, 209, 1, 3, 'Deceased', 'A default termination reasons; employee no longer living', '4.6-'),
(210, 210, 1, 1, 'December', 'Month of December', '4.6-'),
(211, 211, 1, 3, 'Define Report', 'Define PIM report', '4.6-'),
(212, 212, 1, 3, 'Defined Custom Fields', 'Admin can customize and add fields to all the screen of the PIM Module that may be specific and relevant to the company.', '4.6-'),
(213, 213, 1, 1, 'Delaware', 'A US state name', '4.6-'),
(214, 214, 1, 1, 'Delete', 'Delete/remove an entry/ multiple entries', '4.6-'),
(215, 215, 1, 1, 'Delete Current', 'Delete the current resume', '4.6-'),
(216, 216, 1, 1, 'Denmark', 'A country name', '4.6-'),
(217, 217, 1, 3, 'Dependents', 'If an employee has some people who rely on him/her for aid can be considered as a dependents.', '4.6-'),
(218, 218, 1, 1, 'Description', 'Admin defines the description of the document template.', '4.6-'),
(219, 219, 1, 1, 'Dimensions', 'A measurable extent of some kind, such as length, breadth, depth, or height.\r\n          For example: Size of a Employee Profile Photograph\n        ', '4.6-'),
(220, 220, 1, 3, 'Direct', 'It is a reporting method between supervisor and subordinates.', '4.6-'),
(221, 221, 1, 3, 'Direct Deposit Account Number', 'When Adding Direct Deposit Details, need to specify the bank account number.', '4.6-'),
(222, 222, 1, 3, 'Direct Deposit Account Type', 'When Adding Direct Deposit Details, need to specify the account type: savings/ checking.', '4.6-'),
(223, 223, 1, 3, 'Direct Deposit Amount', 'When Adding Direct Deposit Details, need to specify the amount to be deposited.', '4.6-'),
(224, 224, 1, 3, 'Direct Deposit Details', 'If salaries of employees are to be transferred or deposited into accounts, those details can be specified here.', '4.6-'),
(225, 225, 1, 3, 'Direct Deposit Routing Number', 'When Adding Direct Deposit Details, need to specify the routing number of the checks.', '4.6-'),
(226, 226, 1, 1, 'Disabled', 'When creating a user log in, the Status can be Enabled or disabled. Select disable, not to allow employee to access the system with the defined user role.', '4.6-'),
(227, 227, 1, 3, 'Dismissed', 'Dismissing an employee is terminating an employee.', '4.6-'),
(228, 228, 1, 3, 'Display Field Groups', 'Create precise reports by classifying your report into field groups and specify the fields that need to be displayed in your report by selecting the field name.', '4.6-'),
(229, 229, 1, 3, 'Display Fields', 'When defining a report, user can add relevant fields that needs to be displayed', '4.6-'),
(230, 230, 1, 1, 'District of Columbia', 'A US state name', '4.6-'),
(231, 231, 1, 1, 'Djibouti', 'A country name', '4.6-'),
(232, 232, 1, 1, 'Djibouti Franc', 'A currency name', '4.6-'),
(233, 233, 1, 3, 'Document Type', 'Select the document type (Passport or Visa) you wish to add details of', '4.6-'),
(234, 234, 1, 1, 'Dominica', 'A country name', '4.6-'),
(235, 235, 1, 1, 'Dominican', 'A nationality name', '4.6-'),
(236, 236, 1, 1, 'Dominican Peso', 'A currency name', '4.6-'),
(237, 237, 1, 1, 'Dominican Republic', 'A country name', '4.6-'),
(238, 238, 1, 3, 'Driver License Number', 'It is a field that appears when you edit personal details of a particular employee.Here, admin enters the number of employee\'s driving license.', '4.6-'),
(239, 239, 1, 3, 'Driver\'s License Number', 'It is a field that appears when you edit personal details of a particular employee.Here, admin enters the number of employee\'s driving license.', '4.6-'),
(240, 240, 1, 1, 'Duration', 'Calculate the duration of the leave period.', '4.6-'),
(241, 241, 1, 1, 'Dutch', 'A nationality name', '4.6-'),
(242, 242, 1, 1, 'Duties', 'Duties and responsibilities of a job profile which a candidate/employee should be fulfilled.', '4.6-'),
(243, 243, 1, 1, 'East Timorese', 'A nationality name', '4.6-'),
(244, 244, 1, 1, 'Eastern Caribbean Dollars', 'A currency name', '4.6-'),
(245, 245, 1, 1, 'Ecuador', 'A country name', '4.6-'),
(246, 246, 1, 1, 'Ecuador Sucre', 'A currency name', '4.6-'),
(247, 247, 1, 1, 'Ecuadorean', 'A nationality name', '4.6-'),
(248, 248, 1, 1, 'Edit', 'A change or correction made to a particular item/record', '4.6-'),
(249, 249, 1, 1, 'Edit Attachment', 'Do some changes for supporting documents that have been attached.', '4.6-'),
(250, 250, 1, 3, 'Edit Immigration', 'Changing details of the employee\'s passport or visa.', '4.6-'),
(251, 251, 1, 3, 'Edit Salary Component', 'The HR Admin can edit salary components by going to Admin>>Job>> Salary Components. Ex: Car Allowance', '4.6-'),
(252, 252, 1, 1, 'Education', 'Add levels of education to the system.', '4.6-'),
(253, 253, 1, 1, 'Egypt', 'A country name', '4.6-'),
(254, 254, 1, 1, 'Egyptian', 'A nationality name', '4.6-'),
(255, 255, 1, 1, 'Egyptian Pound', 'A currency name', '4.6-'),
(256, 256, 1, 1, 'El Salvador', 'A country name', '4.6-'),
(257, 257, 1, 1, 'El Salvador Colon', 'A currency name', '4.6-'),
(258, 258, 1, 1, 'Eligible', 'To be eligible to apply for the defined leave.', '4.6-'),
(259, 259, 1, 3, 'Eligible Review Date', 'As to when the eligibility status was reviewed.', '4.6-'),
(260, 260, 1, 3, 'Eligible Status', 'Eligible Status of his Passport/Visa for a particular country.', '4.6-'),
(261, 261, 1, 1, 'Email Notifications', 'Use email notifications to send selected users email about specific activities in the system, such as updates to incidents or change requests.', '4.6-'),
(262, 262, 1, 3, 'Emergency Contacts', 'Allows the employee to add Contact details of the people whom we inform in case of an emergency such as Name, Relationship,Home Telephone, Mobile etc.', '4.6-'),
(263, 263, 1, 1, 'Emirian', 'A nationality name', '4.6-'),
(264, 264, 1, 1, 'Employee', 'Staff currently working at your company.', '4.6-'),
(265, 265, 1, 3, 'Employee First Name', 'First name of the employee.', '4.6-'),
(266, 266, 1, 1, 'Employee Id', 'Employee ID/No will help uniquely identifying a particular employee.', '4.6-'),
(267, 267, 1, 3, 'Employee Last Name', 'Last name of the employee.', '4.6-'),
(268, 268, 1, 3, 'Employee List', 'Lists all the employees entered and imported into the PIM.To view the employee list, go to PIM>>Employee List', '4.6-'),
(269, 269, 1, 3, 'Employee Middle Name', 'Middle name of the employee.', '4.6-'),
(270, 270, 1, 1, 'Employee Name', 'Name of the employee.', '4.6-'),
(271, 271, 1, 1, 'Employee Records', 'Records in the system which are related to employees.', '4.6-'),
(272, 272, 1, 1, 'Employee Reports', 'Generate reports that are relevant to employees', '4.6-'),
(273, 273, 1, 5, 'Employee Timesheets', 'To action an employee timesheet, go to Time>> Time Sheets>> Employee Time sheets, those time sheets can be viewed, edited,approved and rejected.', '4.6-'),
(274, 274, 1, 1, 'Employment Status', 'Administrators and supervisors can view leave details of employees with a particular employment status.', '4.6-'),
(275, 275, 1, 1, 'Enabled', 'When adding a system user, Select enable to allow employee to access the system with the defined user role.', '4.6-'),
(276, 276, 1, 1, 'End Date', 'When defining the current leave period, the system will automatically set the “End Date” as to have a one-calendar year leave period.', '4.6-'),
(277, 277, 1, 3, 'End date should be after start date', 'When viewing the leave list of employees, make sure the to date should be after the from date, if not this error message will be displayed.', '4.6-'),
(278, 278, 1, 1, 'Equatorial Guinea', 'A country name', '4.6-'),
(279, 279, 1, 1, 'Equatorial Guinean', 'A nationality name', '4.6-'),
(280, 280, 1, 1, 'Eritrea', 'A country name', '4.6-'),
(281, 281, 1, 1, 'Eritrean', 'A nationality name', '4.6-'),
(282, 282, 1, 1, 'ESS', 'Employee Self Service', '4.6-'),
(283, 283, 1, 1, 'Estonia', 'A country name', '4.6-'),
(284, 284, 1, 1, 'Estonian', 'A nationality name', '4.6-'),
(285, 285, 1, 1, 'Estonian Krona', 'A currency name', '4.6-'),
(286, 286, 1, 1, 'Ethiopia', 'A country name', '4.6-'),
(287, 287, 1, 1, 'Ethiopian', 'A nationality name', '4.6-'),
(288, 288, 1, 1, 'Ethiopian Birr', 'A currency name', '4.6-'),
(289, 289, 1, 1, 'Euro', 'A currency name', '4.6-'),
(290, 290, 1, 1, 'Expected format: admin@example.com', 'This is a validation message appears when you enter an invalid figure (numeric value) as work email address, and display the expected format of an email address to be entered.', '4.6-'),
(291, 291, 1, 1, 'Expiry Date', 'The date after which a particular event is no longer in effect...The last day that an option is valid.For Ex: Driving License Expiry Date,Memberships Expiry dates', '4.6-'),
(292, 292, 1, 3, 'Expiry date should be after issued date', 'When adding immigration details make sure you add the issue date before its expiry date..otherwise it shows a data validation message saying that expiry date should be after issued date', '4.6-'),
(293, 293, 1, 1, 'Failed to Save', 'This validation message appears when failing to save records', '4.6-'),
(294, 294, 1, 1, 'Falkland Islands (Malvinas)', 'A country name', '4.6-'),
(295, 295, 1, 1, 'Falkland Islands Pound', 'A currency name', '4.6-'),
(296, 296, 1, 1, 'Faroe Islands', 'A country name', '4.6-'),
(297, 297, 1, 1, 'February', 'Month of February', '4.6-'),
(298, 298, 1, 1, 'Federated States of Micronesia', 'A US state name', '4.6-'),
(299, 299, 1, 1, 'Female', 'Gender that need to be specified when adding personal details of an employee', '4.6-'),
(300, 300, 1, 1, 'Field', 'Field that needs to get displayed in an employee report.', '4.6-'),
(301, 301, 1, 1, 'Fields', 'Field that needs to get displayed in an employee report.', '4.6-'),
(302, 302, 1, 1, 'Fields marked with an asterisk', 'All fields marked with an asterisk (*) are mandatory.', '4.6-'),
(303, 303, 1, 1, 'Fiji', 'A country name', '4.6-'),
(304, 304, 1, 1, 'Fiji Dollar', 'A currency name', '4.6-'),
(305, 305, 1, 1, 'Fijian', 'A nationality name', '4.6-'),
(306, 306, 1, 1, 'File Name', 'Name of the File to be uploaded', '4.6-'),
(307, 307, 1, 1, 'Filipino', 'A nationality name', '4.6-'),
(308, 308, 1, 1, 'Finland', 'A country name', '4.6-'),
(309, 309, 1, 1, 'Finnish', 'A nationality name', '4.6-'),
(310, 310, 1, 1, 'First', 'First name of an employee', '4.6-'),
(311, 311, 1, 1, 'First Name', 'First name of the employee that need to be filled when adding him as a system user', '4.6-'),
(312, 312, 1, 1, 'Florida', 'A US state name', '4.6-'),
(313, 313, 1, 3, 'Fluency', 'Employee\'s fluency in writing, reading', '4.6-'),
(314, 314, 1, 1, 'France', 'A country name', '4.6-'),
(315, 315, 1, 1, 'French', 'A nationality name', '4.6-'),
(316, 316, 1, 1, 'French Guiana', 'A country name', '4.6-'),
(317, 317, 1, 1, 'French Polynesia', 'A country name', '4.6-'),
(318, 318, 1, 1, 'French Southern Territories', 'A country name', '4.6-'),
(319, 319, 1, 1, 'Friday', 'One of the days of the week', '4.6-'),
(320, 320, 1, 1, 'From', 'Application form', '4.6-'),
(321, 321, 1, 1, 'Full Name', 'Full Name of the employee will be populated under the leave summary and captured in a CSV file', '4.6-'),
(322, 322, 1, 1, 'Full Time Contract', 'Select the employment statuses of the employees such as Full time contract', '4.6-'),
(323, 323, 1, 1, 'Full Time Internship', 'Select the employment statuses of the employees such as Full time Full time internship', '4.6-'),
(324, 324, 1, 1, 'Full Time Permanent', 'Select the employment statuses of the employees such as Full time Full time permanent', '4.6-'),
(325, 325, 1, 1, 'Gabon', 'A country name', '4.6-'),
(326, 326, 1, 1, 'Gabonese', 'A nationality name', '4.6-'),
(327, 327, 1, 1, 'Gambia', 'A country name', '4.6-'),
(328, 328, 1, 1, 'Gambian', 'A nationality name', '4.6-'),
(329, 329, 1, 1, 'Gambian Dalasi', 'A currency name', '4.6-'),
(330, 330, 1, 3, 'Gender', 'Select the gender of the employee.If gender is specified, value should be either male or female.', '4.6-'),
(331, 331, 1, 2, 'General Information', 'Basic details of the company can be entered on this screen. To start adding information, go to Admin>> Organization>> General Information', '4.6-'),
(332, 332, 1, 1, 'Georgia', 'A country name', '4.6-'),
(333, 333, 1, 1, 'Georgian', 'A nationality name', '4.6-'),
(334, 334, 1, 1, 'German', 'A nationality name', '4.6-'),
(335, 335, 1, 1, 'Germany', 'A country name', '4.6-'),
(336, 336, 1, 1, 'Ghana', 'A country name', '4.6-'),
(337, 337, 1, 1, 'Ghanaian', 'A nationality name', '4.6-'),
(338, 338, 1, 1, 'Ghanaian Cedi', 'A currency name', '4.6-'),
(339, 339, 1, 1, 'Gibraltar', 'A country name', '4.6-'),
(340, 340, 1, 1, 'Gibraltar Pound', 'A currency name', '4.6-'),
(341, 341, 1, 1, 'Gold (oz.)', 'A currency name', '4.6-'),
(342, 342, 1, 3, 'Good', 'An employee\'s competency in a particular language is good', '4.6-'),
(343, 343, 1, 1, 'Greater Than', '\"When adding salary component, a minimum and maximum salary amount is specified based on an employee’s pay grade category,cannot be less than or greater than the specified amount.\"', '4.6-'),
(344, 344, 1, 1, 'Greece', 'A country name', '4.6-'),
(345, 345, 1, 1, 'Greek', 'A nationality name', '4.6-'),
(346, 346, 1, 1, 'Greenland', 'A country name', '4.6-'),
(347, 347, 1, 1, 'Grenada', 'A country name', '4.6-'),
(348, 348, 1, 1, 'Grenadian', 'A nationality name', '4.6-'),
(349, 349, 1, 1, 'Guadeloupe', 'A country name', '4.6-'),
(350, 350, 1, 1, 'Guam', 'A country name', '4.6-'),
(351, 351, 1, 1, 'Guatemala', 'A country name', '4.6-'),
(352, 352, 1, 1, 'Guatemalan', 'A nationality name', '4.6-'),
(353, 353, 1, 1, 'Guatemalan Quetzal', 'A currency name', '4.6-'),
(354, 354, 1, 1, 'Guinea', 'A country name', '4.6-'),
(355, 355, 1, 1, 'Guinea Franc', 'A currency name', '4.6-'),
(356, 356, 1, 1, 'Guinea-Bissau', 'A country name', '4.6-'),
(357, 357, 1, 1, 'Guinea-Bissauan', 'A nationality name', '4.6-'),
(358, 358, 1, 1, 'Guinean', 'A nationality name', '4.6-'),
(359, 359, 1, 1, 'Guyana', 'A country name', '4.6-'),
(360, 360, 1, 1, 'Guyanan Dollar', 'A currency name', '4.6-'),
(361, 361, 1, 1, 'Guyanese', 'A nationality name', '4.6-'),
(362, 362, 1, 1, 'Haiti', 'A country name', '4.6-'),
(363, 363, 1, 1, 'Haitian', 'A nationality name', '4.6-'),
(364, 364, 1, 1, 'Haitian Gourde', 'A currency name', '4.6-'),
(365, 365, 1, 1, 'Hawaii', 'A US state name', '4.6-'),
(366, 366, 1, 1, 'Heard Island and Mcdonald Islands', 'A country name', '4.6-'),
(367, 367, 1, 1, 'Help', 'The Help Module features help topics, professional OrangeHRM Support, Forum, Blog etc. that would give you more information on the OrangeHRM system.', '4.6-'),
(368, 368, 1, 1, 'Herzegovinian', 'A nationality name', '4.6-'),
(369, 369, 1, 3, 'Hide Details', 'Hide cafeterias such as sub unit, employment status and location when viewing monthly/yearly calendar.', '4.6-'),
(370, 370, 1, 4, 'Holidays', 'The administrator and other users with admin rights can define holidays that will be applicable to the companies located in different countries and will be taken into consideration while calculating leave duration.', '4.6-'),
(371, 371, 1, 1, 'Holy See (Vatican City State)', 'A country name', '4.6-'),
(372, 372, 1, 3, 'Home Telephone', '\"When adding contact details and emergency contact details, we should provide a “Home Telephone” or “Mobile Number” the company can reach him/her.\"', '4.6-'),
(373, 373, 1, 1, 'Honduran', 'A nationality name', '4.6-'),
(374, 374, 1, 1, 'Honduran Lempira', 'A currency name', '4.6-'),
(375, 375, 1, 1, 'Honduras', 'A country name', '4.6-'),
(376, 376, 1, 1, 'Hong Kong', 'A country name', '4.6-'),
(377, 377, 1, 1, 'Hong Kong Dollar', 'A currency name', '4.6-'),
(378, 378, 1, 1, 'Hungarian', 'A nationality name', '4.6-'),
(379, 379, 1, 1, 'Hungarian Forint', 'A currency name', '4.6-'),
(380, 380, 1, 1, 'Hungary', 'A country name', '4.6-'),
(381, 381, 1, 1, 'I-Kiribati', 'A nationality name', '4.6-'),
(382, 382, 1, 1, 'Iceland', 'A country name', '4.6-'),
(383, 383, 1, 1, 'Iceland Krona', 'A currency name', '4.6-'),
(384, 384, 1, 1, 'Icelander', 'A nationality name', '4.6-'),
(385, 385, 1, 1, 'Id', NULL, '4.6-'),
(386, 386, 1, 1, 'Idaho', 'A US state name', '4.6-'),
(387, 387, 1, 1, 'Illinois', 'A US state name', '4.6-'),
(388, 388, 1, 1, 'IMF Special Drawing Right', 'A currency name', '4.6-'),
(389, 389, 1, 3, 'Immigration', 'Immigration details about employees are recorded in this tab.', '4.6-'),
(390, 390, 1, 3, 'Include', 'Include Past Employee: Administrator and supervisor can view leave details of past employees as well / Only Include Approved Time sheets', '4.6-'),
(391, 391, 1, 1, 'Include Header', 'Include header name which is common for all the Job Vacancy Application Forms.', '4.6-'),
(392, 392, 1, 4, 'Include Past Employees', 'You may also include past employees with your search when generating Leave Entitlements and Usage Reports of employees.', '4.6-'),
(393, 393, 1, 1, 'India', 'A country name', '4.6-'),
(394, 394, 1, 1, 'Indian', 'A nationality name', '4.6-'),
(395, 395, 1, 1, 'Indian Rupee', 'A currency name', '4.6-'),
(396, 396, 1, 1, 'Indiana', 'A US state name', '4.6-'),
(397, 397, 1, 3, 'Indirect', 'Reporting method of a subordinate to a supervisor is indirect', '4.6-'),
(398, 398, 1, 3, 'Individual', 'The user can add individual address fields (address1, address2, city, etc ),individual goals', '4.6-'),
(399, 399, 1, 1, 'Indonesia', 'A country name', '4.6-'),
(400, 400, 1, 1, 'Indonesian', 'A nationality name', '4.6-'),
(401, 401, 1, 1, 'Indonesian Rupiah', 'A currency name', '4.6-'),
(402, 402, 1, 1, 'Invalid File Type', 'This error message appears when the punch in date employee typed is a format that could not possibly punch in date in that system.', '4.6-'),
(403, 403, 1, 1, 'Iowa', 'A US state name', '4.6-'),
(404, 404, 1, 1, 'Iran, Islamic Republic of', 'A country name', '4.6-'),
(405, 405, 1, 1, 'Iranian', 'A nationality name', '4.6-'),
(406, 406, 1, 1, 'Iranian Rial', 'A currency name', '4.6-'),
(407, 407, 1, 1, 'Iraq', 'A country name', '4.6-'),
(408, 408, 1, 1, 'Iraqi', 'A nationality name', '4.6-'),
(409, 409, 1, 1, 'Iraqi Dinar', 'A currency name', '4.6-'),
(410, 410, 1, 1, 'Ireland', 'A country name', '4.6-'),
(411, 411, 1, 1, 'Irish', 'A nationality name', '4.6-'),
(412, 412, 1, 1, 'Israel', 'A country name', '4.6-'),
(413, 413, 1, 1, 'Israeli', 'A nationality name', '4.6-'),
(414, 414, 1, 1, 'Israeli New Shekel', 'A currency name', '4.6-'),
(415, 415, 1, 3, 'Issued By', 'When assigning immigration details by adding relevant passport/visa documents, by which county it is issued also should be mentioned.', '4.6-'),
(416, 416, 1, 3, 'Issued Date', 'When assigning immigration details by adding relevant passport/visa documents,When it is issued also should be mentioned.', '4.6-'),
(417, 417, 1, 1, 'Italian', 'A nationality name', '4.6-'),
(418, 418, 1, 1, 'Italy', 'A country name', '4.6-'),
(419, 419, 1, 1, 'Ivorian', 'A nationality name', '4.6-'),
(420, 420, 1, 1, 'Jamaica', 'A country name', '4.6-'),
(421, 421, 1, 1, 'Jamaican', 'A nationality name', '4.6-'),
(422, 422, 1, 1, 'Jamaican Dollar', 'A currency name', '4.6-'),
(423, 423, 1, 1, 'January', 'First Month of a Year', '4.6-'),
(424, 424, 1, 1, 'Japan', 'A country name', '4.6-'),
(425, 425, 1, 1, 'Japanese', 'A nationality name', '4.6-'),
(426, 426, 1, 1, 'Japanese Yen', 'A currency name', '4.6-'),
(427, 427, 1, 1, 'Job', 'Allows the HR admin to define job titles, specifications, pay grades, employment status, job categories and work shifts.', '4.6-'),
(428, 428, 1, 2, 'Job Categories', 'This feature allows the HR Admin to create job categories specific to the company to aggregate job classifications, When defining leave rules and settings for a particular employee group, select the Job Categories of the employees who will be able to apply for the defined leave', '4.6-'),
(429, 429, 1, 1, 'Job Category', 'When defining leave rules and settings for a particular employee group, select the Job Category of the employee who will be able to apply for the defined leave', '4.6-'),
(430, 430, 1, 1, 'Job Specification', 'You could describe the job role of the employee in the company through this feature which appears under job details. The default will be \"Not defined\".', '4.6-'),
(431, 431, 1, 1, 'Job Title', 'The job titles specific to the company can be defined in this option. To add an entry, go to Admin>> Job>> Job Titles and click “Add”', '4.6-'),
(432, 432, 1, 2, 'Job Titles', 'The job titles specific to the company can be defined in this option. To add an entry, go to Admin>> Job>> Job Titles and click “Add”', '4.6-'),
(433, 433, 1, 1, 'Joined Date', 'Hired date of an candidate and the date he joined as a current employee of the company', '4.6-'),
(434, 434, 1, 1, 'Jordan', 'A country name', '4.6-'),
(435, 435, 1, 1, 'Jordanian', 'A nationality name', '4.6-'),
(436, 436, 1, 1, 'Jordanian Dinar', 'A currency name', '4.6-'),
(437, 437, 1, 1, 'July', 'Seventh Month of a year', '4.6-'),
(438, 438, 1, 1, 'June', 'Sixth Month of a year', '4.6-'),
(439, 439, 1, 1, 'Kampuchean Riel', 'A currency name', '4.6-'),
(440, 440, 1, 1, 'Kansas', 'A US state name', '4.6-'),
(441, 441, 1, 1, 'Kazakhstan', 'A country name', '4.6-'),
(442, 442, 1, 1, 'Kazakhstan Tenge', 'A currency name', '4.6-'),
(443, 443, 1, 1, 'Kazakhstani', 'A nationality name', '4.6-'),
(444, 444, 1, 1, 'Keep Current', 'You may retain the current resume when viewing employees application detail status', '4.6-'),
(445, 445, 1, 1, 'Kentucky', 'A US state name', '4.6-'),
(446, 446, 1, 1, 'Kenya', 'A country name', '4.6-'),
(447, 447, 1, 1, 'Kenyan', 'A nationality name', '4.6-'),
(448, 448, 1, 1, 'Kenyan Shilling', 'A currency name', '4.6-'),
(449, 449, 1, 1, 'Kiribati', 'A country name', '4.6-'),
(450, 450, 1, 1, 'Kittian and Nevisian', 'A nationality name', '4.6-'),
(451, 451, 1, 1, 'Korea, Democratic People\'s Republic of', 'A country name', '4.6-'),
(452, 452, 1, 1, 'Korea, Republic of', 'A country name', '4.6-'),
(453, 453, 1, 1, 'Korean Won', 'A currency name', '4.6-'),
(454, 454, 1, 7, 'KPI List', 'Key Performance Indicator will be listed under KPI List...To view KPI List, go to Performance >> KPI List', '4.6-'),
(455, 455, 1, 1, 'Kuwait', 'A country name', '4.6-'),
(456, 456, 1, 1, 'Kuwaiti', 'A nationality name', '4.6-'),
(457, 457, 1, 1, 'Kuwaiti Dinar', 'A currency name', '4.6-'),
(458, 458, 1, 1, 'Kyrgyz', 'A nationality name', '4.6-'),
(459, 459, 1, 1, 'Kyrgyzstan', 'A country name', '4.6-'),
(460, 460, 1, 1, 'Language', 'You can enter the various languages that your employees are competent in, with the level of competency.', '4.6-'),
(461, 461, 1, 1, 'Languages', 'You can enter the various languages that your employees are competent in, with the level of competency.', '4.6-'),
(462, 462, 1, 1, 'Lao Kip', 'A currency name', '4.6-'),
(463, 463, 1, 1, 'Lao People\'s Democratic Republic', 'A country name', '4.6-'),
(464, 464, 1, 1, 'Laotian', 'A nationality name', '4.6-'),
(465, 465, 1, 1, 'Last', 'Last name of an employee', '4.6-'),
(466, 466, 1, 1, 'Last Name', 'When adding personal details of an employee, last name is considered as a mandatory field.', '4.6-'),
(467, 467, 1, 1, 'Latvia', 'A country name', '4.6-'),
(468, 468, 1, 1, 'Latvian', 'A nationality name', '4.6-'),
(469, 469, 1, 1, 'Latvian Lats', 'A currency name', '4.6-'),
(470, 470, 1, 3, 'Laid-off', 'A default termination reason', '4.6-'),
(471, 471, 1, 4, 'Leave', 'A comprehensive leave management module with extensive possibilities of defining leave types, company holidays, applying for and assigning of leave for the employees of the company.', '4.6-'),
(472, 472, 1, 4, 'Leave Balance (Days)', 'The number of leave days available to be taken for an employee.', '4.6-'),
(473, 473, 1, 4, 'Leave Entitled (Days)', 'The number of leave days that an employee is assigned to take for a particular period.', '4.6-'),
(474, 474, 1, 4, 'Leave List', 'The leave list is available to the Admin and ESS – Supervisors. It shows all leave requests by the employees.', '4.6-'),
(475, 475, 1, 4, 'Leave Period', 'leave period can be manually set by selecting a ‘Start Month’, ‘Start Date’ and ‘Duration’ Ex : Jan-01-2015 to Dec-31-2015 to the current year', '4.6-'),
(476, 476, 1, 4, 'Leave Scheduled (Days)', 'The number of leave days that an employee has booked for the future.', '4.6-'),
(477, 477, 1, 4, 'Leave Summary', 'HR admin can view the leave summary of each available leave type for an individual employee.', '4.6-'),
(478, 478, 1, 4, 'Leave Taken (Days)', 'It is shown in the Leave Entitlements and Usage Report of a single employee, total no of leave taken from his days of leave entitlement', '4.6-'),
(479, 479, 1, 4, 'Leave Types', 'Through this section the admin and any other user with admin rights will be able to define leave types, which are compatible with the HR policies of the company. To add leave types, go to Leave>> Configure>> Leave Types', '4.6-'),
(480, 480, 1, 1, 'Lebanese', 'A nationality name', '4.6-'),
(481, 481, 1, 1, 'Lebanese Pound', 'A currency name', '4.6-'),
(482, 482, 1, 1, 'Lebanon', 'A country name', '4.6-'),
(483, 483, 1, 1, 'Lesotho', 'A country name', '4.6-'),
(484, 484, 1, 1, 'Lesotho Loti', 'A currency name', '4.6-'),
(485, 485, 1, 1, 'Less Than', 'If the defined maximum period of service is 6 months, and if the employee’s service period is less than 6 months from the time he/she has joined the company, leave applications/assignments will not be possible', '4.6-'),
(486, 486, 1, 1, 'Level', 'Level of education of an employee', '4.6-'),
(487, 487, 1, 1, 'Liberia', 'A country name', '4.6-'),
(488, 488, 1, 1, 'Liberian', 'A nationality name', '4.6-'),
(489, 489, 1, 1, 'Liberian Dollar', 'A currency name', '4.6-'),
(490, 490, 1, 1, 'Libyan', 'A nationality name', '4.6-'),
(491, 491, 1, 1, 'Libyan Arab Jamahiriya', 'A country name', '4.6-'),
(492, 492, 1, 1, 'Libyan Dinar', 'A currency name', '4.6-'),
(493, 493, 1, 3, 'License', 'You can define various types of licenses which can be later used in the PIM Module. To add an entry go to Admin>> Qualifications>> Licenses', '4.6-'),
(494, 494, 1, 3, 'License Expiry Date', 'System will send emails to recipients about employee/s License expiry. Ex: Driving License Expiry', '4.6-'),
(495, 495, 1, 3, 'License Number', 'You can also add/edit the personal details listed including the driving license number', '4.6-'),
(496, 496, 1, 3, 'License Type', 'You can define various types of licenses which can be later used in the PIM Module. To add an entry go to Admin>> Qualifications>> Licenses and click “Add”', '4.6-'),
(497, 497, 1, 2, 'Licenses', 'You can define various types of licenses which can be later used in the PIM Module. To add an entry go to Admin>> Qualifications>> Licenses and click “Add”', '4.6-'),
(498, 498, 1, 1, 'Liechtenstein', 'A country name', '4.6-'),
(499, 499, 1, 1, 'Liechtensteiner', 'A nationality name', '4.6-'),
(500, 500, 1, 1, 'Lithuania', 'A country name', '4.6-'),
(501, 501, 1, 1, 'Lithuanian', 'A nationality name', '4.6-'),
(502, 502, 1, 1, 'Lithuanian Litas', 'A currency name', '4.6-'),
(503, 503, 1, 2, 'Localization', 'This feature enables the HR Admin to configure the language settings and translate the OrangeHRM system to the language of your choice. To configure localization settings, go to Admin>> Configuration>> Localization', '4.6-'),
(504, 504, 1, 1, 'Location', 'All employees based in all the company locations need to be defined first under Admin>>Organization>>Locations.', '4.6-'),
(505, 505, 1, 2, 'Locations', 'Location where the organization is located.', '4.6-'),
(506, 506, 1, 1, 'Logout', 'Click on Log out to conclude use of the system.', '4.6-'),
(507, 507, 1, 1, 'Louisiana', 'A US state name', '4.6-'),
(508, 508, 1, 1, 'Luxembourg', 'A country name', '4.6-'),
(509, 509, 1, 1, 'Luxembourger', 'A nationality name', '4.6-'),
(510, 510, 1, 1, 'Macao', 'A country name', '4.6-'),
(511, 511, 1, 1, 'Macau Pataca', 'A currency name', '4.6-'),
(512, 512, 1, 1, 'Macedonia, the Former Yugoslav Republic of', 'A country name', '4.6-'),
(513, 513, 1, 1, 'Macedonian', 'A nationality name', '4.6-'),
(514, 514, 1, 1, 'Madagascar', 'A country name', '4.6-'),
(515, 515, 1, 1, 'Maine', 'A US state name', '4.6-'),
(516, 516, 1, 1, 'Malagasy', 'A nationality name', '4.6-'),
(517, 517, 1, 1, 'Malagasy Franc', 'A currency name', '4.6-'),
(518, 518, 1, 1, 'Malawi', 'A country name', '4.6-'),
(519, 519, 1, 1, 'Malawi Kwacha', 'A currency name', '4.6-'),
(520, 520, 1, 1, 'Malawian', 'A nationality name', '4.6-'),
(521, 521, 1, 1, 'Malaysia', 'A country name', '4.6-'),
(522, 522, 1, 1, 'Malaysian', 'A nationality name', '4.6-'),
(523, 523, 1, 1, 'Malaysian Ringgit', 'A currency name', '4.6-'),
(524, 524, 1, 1, 'Maldivan', 'A nationality name', '4.6-'),
(525, 525, 1, 1, 'Maldive Rufiyaa', 'A currency name', '4.6-'),
(526, 526, 1, 1, 'Maldives', 'A country name', '4.6-'),
(527, 527, 1, 1, 'Male', 'If gender is specified, value should be either male or female', '4.6-'),
(528, 528, 1, 1, 'Mali', 'A country name', '4.6-'),
(529, 529, 1, 1, 'Malian', 'A nationality name', '4.6-'),
(530, 530, 1, 1, 'Malta', 'A country name', '4.6-'),
(531, 531, 1, 1, 'Maltese', 'A nationality name', '4.6-'),
(532, 532, 1, 1, 'Maltese Lira', 'A currency name', '4.6-'),
(533, 533, 1, 1, 'March', 'Third month of the year', '4.6-'),
(534, 534, 1, 3, 'Marital Status', 'You can add/edit the personal details such as marital status; married or single', '4.6-'),
(535, 535, 1, 1, 'Marshall Islands', 'A country name', '4.6-'),
(536, 536, 1, 1, 'Marshallese', 'A nationality name', '4.6-'),
(537, 537, 1, 1, 'Martinique', 'A country name', '4.6-'),
(538, 538, 1, 1, 'Maryland', 'A US state name', '4.6-'),
(539, 539, 1, 1, 'Massachusetts', 'A US state name', '4.6-'),
(540, 540, 1, 1, 'Mauritania', 'A country name', '4.6-'),
(541, 541, 1, 1, 'Mauritanian', 'A nationality name', '4.6-'),
(542, 542, 1, 1, 'Mauritanian Ouguiya', 'A currency name', '4.6-'),
(543, 543, 1, 1, 'Mauritian', 'A nationality name', '4.6-'),
(544, 544, 1, 1, 'Mauritius', 'A country name', '4.6-'),
(545, 545, 1, 1, 'Mauritius Rupee', 'A currency name', '4.6-'),
(546, 546, 1, 1, 'May', 'Fifth Month of the year', '4.6-'),
(547, 547, 1, 1, 'Mayotte', 'A country name', '4.6-'),
(548, 548, 1, 3, 'Membership', 'This feature allows the HR Admin to define different membership details of the employees which can be later used in the PIM Module. To add a membership, go to Admin>> Qualifications>> Membership and click “Add”', '4.6-'),
(549, 549, 1, 1, 'Memberships', 'This feature allows the HR Admin to define different membership details of the employees which can be later used in the PIM Module. To add a membership, go to Admin>> Qualifications>> Membership and click “Add”', '4.6-'),
(550, 550, 1, 1, 'Mexican', 'A nationality name', '4.6-'),
(551, 551, 1, 1, 'Mexican New Peso', 'A currency name', '4.6-'),
(552, 552, 1, 1, 'Mexican Peso', 'A currency name', '4.6-'),
(553, 553, 1, 1, 'Mexico', 'A country name', '4.6-'),
(554, 554, 1, 1, 'Michigan', 'A US state name', '4.6-'),
(555, 555, 1, 1, 'Micronesia, Federated States of', 'A country name', '4.6-'),
(556, 556, 1, 1, 'Micronesian', 'A nationality name', '4.6-'),
(557, 557, 1, 1, 'Middle', 'Middle name of an employee', '4.6-'),
(558, 558, 1, 1, 'Middle Name', 'When adding personal details of an employee, middle name is considered as a mandatory field.', '4.6-'),
(559, 559, 1, 1, 'Minnesota', 'A US state name', '4.6-'),
(560, 560, 1, 1, 'Mississippi', 'A US state name', '4.6-'),
(561, 561, 1, 1, 'Missouri', 'A US state name', '4.6-'),
(562, 562, 1, 3, 'Mobile', 'Enter the “Name” of the person you wish the company to contact in case of emergency, the “Relationship” of the employee to the contact person provided and a “Home Telephone” or “Mobile Number” the company can reach him/her.', '4.6-'),
(563, 563, 1, 2, 'Modules', 'Enable/Disable Module display of admin,pim,leave,time,performance etc..', '4.6-'),
(564, 564, 1, 1, 'Moldova, Republic of', 'A country name', '4.6-'),
(565, 565, 1, 1, 'Moldovan', 'A nationality name', '4.6-'),
(566, 566, 1, 1, 'Monacan', 'A nationality name', '4.6-'),
(567, 567, 1, 1, 'Monaco', 'A country name', '4.6-'),
(568, 568, 1, 1, 'Monday', 'Start day of the week', '4.6-'),
(569, 569, 1, 1, 'Mongolia', 'A country name', '4.6-'),
(570, 570, 1, 1, 'Mongolian', 'A nationality name', '4.6-'),
(571, 571, 1, 1, 'Mongolian Tugrik', 'A currency name', '4.6-'),
(572, 572, 1, 1, 'Montana', 'A US state name', '4.6-'),
(573, 573, 1, 1, 'Month', 'View the leave calendar which will display all his leave during a particular month.', '4.6-'),
(574, 574, 1, 1, 'Montserrat', 'A country name', '4.6-'),
(575, 575, 1, 1, 'Moroccan', 'A nationality name', '4.6-'),
(576, 576, 1, 1, 'Moroccan Dirham', 'A currency name', '4.6-'),
(577, 577, 1, 1, 'Morocco', 'A country name', '4.6-'),
(578, 578, 1, 1, 'Mosotho', 'A nationality name', '4.6-'),
(579, 579, 1, 3, 'Mother Tongue', 'This needs to be specified when adding fluency levels to a particular language', '4.6-'),
(580, 580, 1, 1, 'Motswana', 'A nationality name', '4.6-'),
(581, 581, 1, 1, 'Mozambican', 'A nationality name', '4.6-'),
(582, 582, 1, 1, 'Mozambique', 'A country name', '4.6-'),
(583, 583, 1, 1, 'Mozambique Metical', 'A currency name', '4.6-'),
(584, 584, 1, 4, 'My Leave', 'When the employee logs in to the system and checks his/her leave by going to Leave>> My Leave, he/she will see the leave that was assigned to him/her', '4.6-'),
(585, 585, 1, 5, 'My Records', 'Lists down records of user details in the system.', '4.6-'),
(586, 586, 1, 5, 'My Timesheets', 'When an ESS-Employee or an ESS-Supervisor wants to enter his/her time sheet, they can go to Time>> Time sheets>> My Time sheets', '4.6-'),
(587, 587, 1, 1, 'Myanmar', 'A country name', '4.6-'),
(588, 588, 1, 1, 'Myanmar Kyat', 'A currency name', '4.6-'),
(589, 589, 1, 1, 'Name', 'Name of employee/candidate/session/document.', '4.6-'),
(590, 590, 1, 3, 'Name exists', 'The set up will not allow you to have duplicate names, if you re-enter the same name, warning message would appear saying Name Exists', '4.6-'),
(591, 591, 1, 1, 'Namibia', 'A country name', '4.6-'),
(592, 592, 1, 1, 'Namibia Dollar', 'A currency name', '4.6-'),
(593, 593, 1, 1, 'Namibian', 'A nationality name', '4.6-'),
(594, 594, 1, 2, 'Nationalities', 'This feature allows the HR Admin to define the different nationalities that present in the company which can later be used in the PIM Module. Various nationalities are already pre-defined. To add a nationality, go to Admin>> Nationalities', '4.6-'),
(595, 595, 1, 1, 'Nationality', 'This feature allows the HR Admin to define the different nationalities that present in the company which can later be used in the PIM Module. Various nationalities are already pre-defined. To add a nationality, go to Admin>> Nationalities', '4.6-'),
(596, 596, 1, 1, 'Nauru', 'A country name', '4.6-'),
(597, 597, 1, 1, 'Nauruan', 'A nationality name', '4.6-'),
(598, 598, 1, 1, 'Nebraska', 'A US state name', '4.6-'),
(599, 599, 1, 1, 'Nepal', 'A country name', '4.6-'),
(600, 600, 1, 1, 'Nepalese', 'A nationality name', '4.6-'),
(601, 601, 1, 1, 'Nepalese Rupee', 'A currency name', '4.6-'),
(602, 602, 1, 1, 'Netherlands', 'A country name', '4.6-'),
(603, 603, 1, 1, 'Netherlands Antilles', 'A country name', '4.6-'),
(604, 604, 1, 1, 'Nevada', 'A US state name', '4.6-'),
(605, 605, 1, 1, 'New Caledonia', 'A country name', '4.6-'),
(606, 606, 1, 1, 'New Hampshire', 'A US state name', '4.6-'),
(607, 607, 1, 1, 'New Jersey', 'A US state name', '4.6-'),
(608, 608, 1, 1, 'New Mexico', 'A US state name', '4.6-'),
(609, 609, 1, 1, 'New York', 'A US state name', '4.6-');
INSERT INTO `ohrm_i18n_lang_string` (`id`, `unit_id`, `source_id`, `group_id`, `value`, `note`, `version`) VALUES
(610, 610, 1, 1, 'New Zaire', 'A currency name', '4.6-'),
(611, 611, 1, 1, 'New Zealand', 'A country name', '4.6-'),
(612, 612, 1, 1, 'New Zealand Dollar', 'A currency name', '4.6-'),
(613, 613, 1, 1, 'New Zealander', 'A nationality name', '4.6-'),
(614, 614, 1, 1, 'Next', 'The employee report can also show leave usage and entitlements the “Next Period\" of leave,Click “Next” to view the leave balance next leave periods.', '4.6-'),
(615, 615, 1, 1, 'Nicaragua', 'A country name', '4.6-'),
(616, 616, 1, 1, 'Nicaraguan', 'A nationality name', '4.6-'),
(617, 617, 1, 1, 'Nicaraguan Cordoba Oro', 'A currency name', '4.6-'),
(618, 618, 1, 1, 'Niger', 'A country name', '4.6-'),
(619, 619, 1, 1, 'Nigeria', 'A country name', '4.6-'),
(620, 620, 1, 1, 'Nigerian', 'A nationality name', '4.6-'),
(621, 621, 1, 1, 'Nigerian Naira', 'A currency name', '4.6-'),
(622, 622, 1, 1, 'Nigerien', 'A nationality name', '4.6-'),
(623, 623, 1, 1, 'Niue', 'A country name', '4.6-'),
(624, 624, 1, 1, 'NL Antillian Guilder', 'A currency name', '4.6-'),
(625, 625, 1, 1, 'No', 'No Accessible Time sheets', '4.6-'),
(626, 626, 1, 5, 'No Project Activities', 'This message appears when there is no Project Activities', '4.6-'),
(627, 627, 1, 5, 'No Projects', 'This message appears when there is no Projects', '4.6-'),
(628, 628, 1, 1, 'No Records Found', 'This message appears when there is no records found', '4.6-'),
(629, 629, 1, 1, 'No records to display', 'This message appears when there is no records to display', '4.6-'),
(630, 630, 1, 1, 'Norfolk Island', 'A country name', '4.6-'),
(631, 631, 1, 1, 'North Carolina', 'A US state name', '4.6-'),
(632, 632, 1, 1, 'North Dakota', 'A US state name', '4.6-'),
(633, 633, 1, 1, 'North Korean', 'A nationality name', '4.6-'),
(634, 634, 1, 1, 'North Korean Won', 'A currency name', '4.6-'),
(635, 635, 1, 1, 'Northern Irish', 'A nationality name', '4.6-'),
(636, 636, 1, 1, 'Northern Mariana Islands', 'A country name', '4.6-'),
(637, 637, 1, 1, 'Norway', 'A country name', '4.6-'),
(638, 638, 1, 1, 'Norwegian', 'A nationality name', '4.6-'),
(639, 639, 1, 1, 'Norwegian Krona', 'A currency name', '4.6-'),
(640, 640, 1, 3, 'Not Defined', 'Location not defined', '4.6-'),
(641, 641, 1, 1, 'Notes', 'You may enter an overall note regarding the employee’s performance review.', '4.6-'),
(642, 642, 1, 1, 'November', '11th Month of the year', '4.6-'),
(643, 643, 1, 3, 'Number', 'Track the number of employees working for a particular location once employees are tagged to the locations', '4.6-'),
(644, 644, 1, 1, 'October', 'Tenth Month of the year', '4.6-'),
(645, 645, 1, 1, 'Ohio', 'A US state name', '4.6-'),
(646, 646, 1, 1, 'Oklahoma', 'A US state name', '4.6-'),
(647, 647, 1, 1, 'Oman', 'A country name', '4.6-'),
(648, 648, 1, 1, 'Omani', 'A nationality name', '4.6-'),
(649, 649, 1, 1, 'Omani Rial', 'A currency name', '4.6-'),
(650, 650, 1, 5, 'Only Include Approved Timesheets', 'You may also click on the “Only Include Approved Time sheets” if you want to view only projects reports with approved time sheets.', '4.6-'),
(651, 651, 1, 3, 'Optional Fields', 'This feature allows the admin to add fields to the “Personal Details” screen that may be specific to the company or country. To configure the “Optional Fields” settings, go to PIM>> Configuration>> Optional Fields', '4.6-'),
(652, 652, 1, 1, 'or', 'You can view/edit details of a particular employee by clicking on the employee’s name or ID', '4.6-'),
(653, 653, 1, 1, 'OrangeHRM - Confirmation Required', 'When translating the labels in modules to another language under internationalization mechanism, OrangeHRM confirmation is required.', '4.6-'),
(654, 654, 1, 1, 'Oregon', 'A US state name', '4.6-'),
(655, 655, 1, 1, 'Organization', 'Allows the HR admin to enter/store general company info, structure of the organization and locations of sites.', '4.6-'),
(656, 656, 1, 3, 'Other', 'If you wish to notify any other employee regarding this event, type the relevant employee’s name on the “Other Recipient” field', '4.6-'),
(657, 657, 1, 3, 'Other Email', 'Other email address of an employee', '4.6-'),
(658, 658, 1, 3, 'Other Id', 'One you have added and saved the employee name with his/her picture and the user logins, You can also edit the personal details such as other ID', '4.6-'),
(659, 659, 1, 1, 'Pakistan', 'A country name', '4.6-'),
(660, 660, 1, 1, 'Pakistan Rupee', 'A currency name', '4.6-'),
(661, 661, 1, 1, 'Pakistani', 'A nationality name', '4.6-'),
(662, 662, 1, 1, 'Palau', 'A country name', '4.6-'),
(663, 663, 1, 1, 'Palauan', 'A nationality name', '4.6-'),
(664, 664, 1, 1, 'Palestinian Territory, Occupied', 'A country name', '4.6-'),
(665, 665, 1, 1, 'Palladium (oz.)', 'A currency name', '4.6-'),
(666, 666, 1, 1, 'Panama', 'A country name', '4.6-'),
(667, 667, 1, 1, 'Panamanian', 'A nationality name', '4.6-'),
(668, 668, 1, 1, 'Panamanian Balboa', 'A currency name', '4.6-'),
(669, 669, 1, 1, 'Papua New Guinea', 'A country name', '4.6-'),
(670, 670, 1, 1, 'Papua New Guinea Kina', 'A currency name', '4.6-'),
(671, 671, 1, 1, 'Papua New Guinean', 'A nationality name', '4.6-'),
(672, 672, 1, 1, 'Paraguay', 'A country name', '4.6-'),
(673, 673, 1, 1, 'Paraguay Guarani', 'A currency name', '4.6-'),
(674, 674, 1, 1, 'Paraguayan', 'A nationality name', '4.6-'),
(675, 675, 1, 1, 'Part Time Contract', 'A status of employment. To add an entry, go to Admin>> Job>> Employment Status and click “Add”', '4.6-'),
(676, 676, 1, 1, 'Part Time Internship', 'Employment Status allows you to define the status of employment.To add an entry, go to Admin>> Job>> Employment Status and click “Add”', '4.6-'),
(677, 677, 1, 1, 'Part Time Permanent', 'A status of employment. To add an entry, go to Admin>> Job>> Employment Status and click “Add”', '4.6-'),
(678, 678, 1, 1, 'Past Employee', 'An employee who has worked in the organization in the past', '4.6-'),
(679, 679, 1, 1, 'Past Employees Only', 'Only the employees who have already left the company.', '4.6-'),
(680, 680, 1, 3, 'Pay Frequency', 'Frequency of salary payable should be included in salary details', '4.6-'),
(681, 681, 1, 1, 'Pay Grade', 'The HR Admin can define the pay grades by setting a minimum salary, maximum salary, step increase, and the currency to be paid in. To add an entry, go to Admin>>Job>> Pay Grades', '4.6-'),
(682, 682, 1, 2, 'Pay Grades', 'The HR Admin can define the pay grades by setting a minimum salary, maximum salary, step increase, and the currency to be paid in. To add an entry, go to Admin>>Job>> Pay Grades', '4.6-'),
(683, 683, 1, 1, 'Pennsylvania', 'A US state name', '4.6-'),
(684, 684, 1, 7, 'Performance', 'Manages and reviews the performance of all employees where a company can understand how well an employee is performing in relation to their strategic goals and objectives.', '4.6-'),
(685, 685, 1, 3, 'Personal', 'Personal details about employees', '4.6-'),
(686, 686, 1, 1, 'Peru', 'A country name', '4.6-'),
(687, 687, 1, 1, 'Peruvian', 'A nationality name', '4.6-'),
(688, 688, 1, 1, 'Peruvian Nuevo Sol', 'A currency name', '4.6-'),
(689, 689, 1, 1, 'Philippine Peso', 'A currency name', '4.6-'),
(690, 690, 1, 1, 'Philippines', 'A country name', '4.6-'),
(691, 691, 1, 3, 'Physically Disabled/Compensated', 'One of the various default termination reasons that is used by the company', '4.6-'),
(692, 692, 1, 3, 'PIM', 'Personal Information Management', '4.6-'),
(693, 693, 1, 3, 'PIM Sample Report', 'It is a sample report based on PIM details which come under PIM employee reports..To run it go to PIM---->Reports', '4.6-'),
(694, 694, 1, 1, 'Pitcairn', 'A country name', '4.6-'),
(695, 695, 1, 1, 'Platinum (oz.)', 'A currency name', '4.6-'),
(696, 696, 1, 1, 'Poland', 'A country name', '4.6-'),
(697, 697, 1, 1, 'Polish', 'A nationality name', '4.6-'),
(698, 698, 1, 1, 'Polish Zloty', 'A currency name', '4.6-'),
(699, 699, 1, 3, 'Poor', 'Employee\'s competency in a specific language is poor', '4.6-'),
(700, 700, 1, 1, 'Portugal', 'A country name', '4.6-'),
(701, 701, 1, 1, 'Portuguese', 'A nationality name', '4.6-'),
(702, 702, 1, 1, 'Pound Sterling', 'A currency name', '4.6-'),
(703, 703, 1, 1, 'Previous', 'Existing or occurring before in time or order.', '4.6-'),
(704, 704, 1, 3, 'Program', 'A plan of things that are done in order to achieve a specific result.', '4.6-'),
(705, 705, 1, 5, 'Project Date Range', 'if you want to view projects reports with time sheets,Select the “Project Name” from the drop down menu and the “Project Date Range” by selecting the dates.', '4.6-'),
(706, 706, 1, 5, 'Project Info', 'Here information regarding projects, customers, project activities and project administrator can be defined, which can be later used for project management activities.', '4.6-'),
(707, 707, 1, 5, 'Project Reports', 'The Admin can view can reports for all projects and the ESS – Supervisors can view reports of projects administered by them or projects assigned to them. To view project reports go to Time>> Reports>> Project Reports', '4.6-'),
(708, 708, 1, 5, 'Projects', 'The administrators are able to define the projects, which were/are/will be managed by the company. To add a project, go to Time>> Project Info>> Projects and click “Add”', '4.6-'),
(709, 709, 1, 1, 'Puerto Rico', 'A country name', '4.6-'),
(710, 710, 1, 5, 'Punch In/Out', 'This feature allows capturing the number of hours an employee spends working for the company. This feature is only available to the ESS – Supervisor and ESS User. To access the Punch In/Out tab, go to Time>> Attendance>>Punch In/Out', '4.6-'),
(711, 711, 1, 1, 'Qatar', 'A country name', '4.6-'),
(712, 712, 1, 1, 'Qatari', 'A nationality name', '4.6-'),
(713, 713, 1, 1, 'Qatari Rial', 'A currency name', '4.6-'),
(714, 714, 1, 3, 'Qualification', '\"This feature allows you to define all information with regards to employees’ qualifications such as skill, Education, Licenses and Languages\r\"', '4.6-'),
(715, 715, 1, 1, 'Range', 'Speaking skills of an employee of a particular language', '4.6-'),
(716, 716, 1, 3, 'Reading', 'Reading skills of an employee of a particular language', '4.6-'),
(717, 717, 1, 1, 'Records Per Page', 'How many records will be displayed per page.For example; if records per page is 10, then 11th record will be jumped into the 2nd page', '4.6-'),
(718, 718, 1, 6, 'Recruitment', 'It manages the recruitment process of a company. The Admin can create Vacancies which will be listed on the link via social media networks.', '4.6-'),
(719, 719, 1, 3, 'Relationship', 'Relationship with the employee\re.g. mother, father, child', '4.6-'),
(720, 720, 1, 1, 'Replace Current', 'Replace current resume with another resume for which you will be prompted to upload another resume document.', '4.6-'),
(721, 721, 1, 1, 'Replace file', 'Replace current file with a new file for which you will be prompted to upload', '4.6-'),
(722, 722, 1, 1, 'Report Name', 'Report can generate a graphical summary of important fact and we can give a suitable name to it', '4.6-'),
(723, 723, 1, 3, 'Reporting Method', 'The HR admin can define the reporting method between an ESS-Employee and an ESS-Supervisor.', '4.6-'),
(724, 724, 1, 3, 'Reporting Methods', 'The HR admin can define the reporting method between an ESS-Employee and an ESS-Supervisor.', '4.6-'),
(725, 725, 1, 1, 'Reports', 'This feature allows users to generate Leave/Custom/PIM reports', '4.6-'),
(726, 726, 1, 1, 'Required', 'Admin can create a document template body for employees by using tokens required', '4.6-'),
(727, 727, 1, 1, 'Required field', 'Fields that are mandatory to be filled when submitting a form', '4.6-'),
(728, 728, 1, 1, 'Reset', 'The Password Reset Code field', '4.6-'),
(729, 729, 1, 3, 'Resigned', 'An entry of termination reason. • Resigned\r', '4.6-'),
(730, 730, 1, 3, 'Resigned - Company Requested', 'An entry of termination reason.• Resigned-Company Requested', '4.6-'),
(731, 731, 1, 3, 'Resigned - Self Proposed', 'An entry of termination reason.• Resigned-Self Proposed', '4.6-'),
(732, 732, 1, 3, 'Retired', 'An entry of termination reason. • Retired', '4.6-'),
(733, 733, 1, 1, 'Reunion', 'A country name', '4.6-'),
(734, 734, 1, 7, 'Reviews', 'The Admin can approve or reject reviews submitted by an individual evaluator.', '4.6-'),
(735, 735, 1, 1, 'Rhode Island', 'A US state name', '4.6-'),
(736, 736, 1, 1, 'Romania', 'A country name', '4.6-'),
(737, 737, 1, 1, 'Romanian', 'A nationality name', '4.6-'),
(738, 738, 1, 1, 'Romanian Leu', 'A currency name', '4.6-'),
(739, 739, 1, 3, 'Routing Number', 'When adding the “Add Direct Deposit Details”, routing number of the checks should be included.', '4.6-'),
(740, 740, 1, 3, 'Run', 'Run a report', '4.6-'),
(741, 741, 1, 1, 'Russia Rubles', 'A currency name', '4.6-'),
(742, 742, 1, 1, 'Russian', 'A nationality name', '4.6-'),
(743, 743, 1, 1, 'Russian Federation', 'A country name', '4.6-'),
(744, 744, 1, 1, 'Russian Rouble', 'A currency name', '4.6-'),
(745, 745, 1, 1, 'Rwanda', 'A country name', '4.6-'),
(746, 746, 1, 1, 'Rwandan', 'A nationality name', '4.6-'),
(747, 747, 1, 1, 'Saint Helena', 'A country name', '4.6-'),
(748, 748, 1, 1, 'Saint Kitts and Nevis', 'A country name', '4.6-'),
(749, 749, 1, 1, 'Saint Lucia', 'A country name', '4.6-'),
(750, 750, 1, 1, 'Saint Lucian', 'A nationality name', '4.6-'),
(751, 751, 1, 1, 'Saint Pierre and Miquelon', 'A country name', '4.6-'),
(752, 752, 1, 1, 'Saint Vincent and the Grenadines', 'A country name', '4.6-'),
(753, 753, 1, 3, 'Salary', 'On Salary Information all fields such as Pre Grade, Currency used will be shown in Salary History.', '4.6-'),
(754, 754, 1, 3, 'Salary Component', 'The HR Admin can define salary components by going to Admin>>Job>> Salary Components.', '4.6-'),
(755, 755, 1, 1, 'Salvadoran', 'A nationality name', '4.6-'),
(756, 756, 1, 1, 'Samoa', 'A country name', '4.6-'),
(757, 757, 1, 1, 'Samoan', 'A nationality name', '4.6-'),
(758, 758, 1, 1, 'Samoan Tala', 'A currency name', '4.6-'),
(759, 759, 1, 1, 'San Marinese', 'A nationality name', '4.6-'),
(760, 760, 1, 1, 'San Marino', 'A country name', '4.6-'),
(761, 761, 1, 1, 'Sao Tome and Principe', 'A country name', '4.6-'),
(762, 762, 1, 1, 'Sao Tome/Principe Dobra', 'A currency name', '4.6-'),
(763, 763, 1, 1, 'Sao Tomean', 'A nationality name', '4.6-'),
(764, 764, 1, 1, 'Saturday', 'One of the days of the week', '4.6-'),
(765, 765, 1, 1, 'Saudi', 'A nationality name', '4.6-'),
(766, 766, 1, 1, 'Saudi Arabia', 'A country name', '4.6-'),
(767, 767, 1, 1, 'Saudi Arabia Riyal', 'A currency name', '4.6-'),
(768, 768, 1, 1, 'Save', 'Click Save to submit', '4.6-'),
(769, 769, 1, 1, 'Save Comment Only', 'Save only the comment', '4.6-'),
(770, 770, 1, 3, 'Savings', 'A method of payment of salary, that is salary is deposited in a savings a/c, it’s an option in the drop down called Account type.', '4.6-'),
(771, 771, 1, 3, 'Score', 'When adding education qualifications for a particular employee, GPA/Score should be included', '4.6-'),
(772, 772, 1, 1, 'Scottish', 'A nationality name', '4.6-'),
(773, 773, 1, 1, 'Search', 'Candidate search', '4.6-'),
(774, 774, 1, 1, 'Select', 'The HR Admin may search and view employee’s timesheet through the “Select Employee” box and by entering the employee name and clicking “View”.', '4.6-'),
(775, 775, 1, 1, 'Select Comparison', 'It is a user friendly text which asked the user to select Comparison', '4.6-'),
(776, 776, 1, 1, 'Select File', 'It is a user friendly text which asked the user to select File', '4.6-'),
(777, 777, 1, 1, 'Select Records to Delete', 'It is a user friendly text which asked the user to select Records to Delete', '4.6-'),
(778, 778, 1, 1, 'Select Salary Grade', 'Admin can define the pay grades by setting a minimum salary, maximum salary, step increase, and the currency to be paid in. To add an entry, go to Admin>>Job>> Pay Grades and click “Add”', '4.6-'),
(779, 779, 1, 3, 'Selected Criteria', 'you may use the search toolbar and apply the criteria and click “Search”.', '4.6-'),
(780, 780, 1, 3, 'Selection Criteria', 'you may use the search toolbar and apply the criteria and click “Search”.', '4.6-'),
(781, 781, 1, 1, 'Senegal', 'A country name', '4.6-'),
(782, 782, 1, 1, 'Senegalese', 'A nationality name', '4.6-'),
(783, 783, 1, 1, 'September', '9th Month of the year', '4.6-'),
(784, 784, 1, 1, 'Serbia and Montenegro', 'A country name', '4.6-'),
(785, 785, 1, 1, 'Serbian', 'A nationality name', '4.6-'),
(786, 786, 1, 1, 'Service Period', 'Searching PIM Reports with filter criteria’s like Service Period', '4.6-'),
(787, 787, 1, 1, 'Seychelles', 'A country name', '4.6-'),
(788, 788, 1, 1, 'Seychelles Rupee', 'A currency name', '4.6-'),
(789, 789, 1, 1, 'Seychellois', 'A nationality name', '4.6-'),
(790, 790, 1, 1, 'Should be a number', 'It is a validation message which says it should be a number', '4.6-'),
(791, 791, 1, 1, 'Should be a positive number', 'It is a validation message which says it should be a positive number', '4.6-'),
(792, 792, 1, 1, 'Should be a valid date in %format% format', 'Don\'t translate %format%. It is a validation message which reminds the user to input a valid date with a certain date format.', '4.6-'),
(793, 793, 1, 1, 'Should be less than %amount%', 'Don\'t translate %amount%.', '4.6-'),
(794, 794, 1, 1, 'Should be less than %amount% characters', 'Don\'t translate %amount%. It is a validation message which reminds the user to input a text less than certain characters.', '4.6-'),
(795, 795, 1, 3, 'Should be within Min/Max values', 'It is a validation message which says rate should be within Min/Max values', '4.6-'),
(796, 796, 1, 3, 'Show Direct Deposit Details', 'Show Direct Deposit Details in the PIM screen as an optional field an in the PIM report as well', '4.6-'),
(797, 797, 1, 1, 'Sierra Leone', 'A country name', '4.6-'),
(798, 798, 1, 1, 'Sierra Leone Leone', 'A currency name', '4.6-'),
(799, 799, 1, 1, 'Sierra Leonean', 'A nationality name', '4.6-'),
(800, 800, 1, 1, 'Silver (oz.)', 'A currency name', '4.6-'),
(801, 801, 1, 1, 'Singapore', 'A country name', '4.6-'),
(802, 802, 1, 1, 'Singapore Dollar', 'A currency name', '4.6-'),
(803, 803, 1, 1, 'Singaporean', 'A nationality name', '4.6-'),
(804, 804, 1, 1, 'Size', 'maximum file size of the picture / Paper size', '4.6-'),
(805, 805, 1, 3, 'Skill', 'You can define various sets of skills which can be later used on the PIM Module. To add an entry go to Admin>> Qualifications>> Skills', '4.6-'),
(806, 806, 1, 1, 'Skills', 'You can define various sets of skills which can be later used on the PIM Module. To add an entry go to Admin>> Qualifications>> Skills', '4.6-'),
(807, 807, 1, 1, 'Slovak Koruna', 'A currency name', '4.6-'),
(808, 808, 1, 1, 'Slovakia', 'A country name', '4.6-'),
(809, 809, 1, 1, 'Slovakian', 'A nationality name', '4.6-'),
(810, 810, 1, 1, 'Slovenia', 'A country name', '4.6-'),
(811, 811, 1, 1, 'Slovenian', 'A nationality name', '4.6-'),
(812, 812, 1, 1, 'Solomon Islander', 'A nationality name', '4.6-'),
(813, 813, 1, 1, 'Solomon Islands', 'A country name', '4.6-'),
(814, 814, 1, 1, 'Solomon Islands Dollar', 'A currency name', '4.6-'),
(815, 815, 1, 1, 'Somali', 'A nationality name', '4.6-'),
(816, 816, 1, 1, 'Somali Shilling', 'A currency name', '4.6-'),
(817, 817, 1, 1, 'Somalia', 'A country name', '4.6-'),
(818, 818, 1, 1, 'Sort in Ascending Order', 'Questions in an application form are sorted according to ascending order which determines the way they need to appear in the application form.', '4.6-'),
(819, 819, 1, 1, 'Sort in Descending Order', 'Questions in an application form are sorted according to descending order which determines the way they need to appear in the application form.', '4.6-'),
(820, 820, 1, 1, 'South Africa', 'A country name', '4.6-'),
(821, 821, 1, 1, 'South African', 'A nationality name', '4.6-'),
(822, 822, 1, 1, 'South African Rand', 'A currency name', '4.6-'),
(823, 823, 1, 1, 'South Carolina', 'A US state name', '4.6-'),
(824, 824, 1, 1, 'South Dakota', 'A US state name', '4.6-'),
(825, 825, 1, 1, 'South Georgia and the South Sandwich Islands', 'A country name', '4.6-'),
(826, 826, 1, 1, 'South Korean', 'A nationality name', '4.6-'),
(827, 827, 1, 1, 'Spain', 'A country name', '4.6-'),
(828, 828, 1, 1, 'Spanish', 'A nationality name', '4.6-'),
(829, 829, 1, 3, 'Speaking', 'Speaking skills of an employee of a particular language.', '4.6-'),
(830, 830, 1, 1, 'Sri Lanka', 'A country name', '4.6-'),
(831, 831, 1, 1, 'Sri Lanka Rupee', 'A currency name', '4.6-'),
(832, 832, 1, 1, 'Sri Lankan', 'A nationality name', '4.6-'),
(833, 833, 1, 1, 'St. Helena Pound', 'A currency name', '4.6-'),
(834, 834, 1, 1, 'Start Date', 'Start date of current leave period', '4.6-'),
(835, 835, 1, 1, 'Start date should be before end date', 'It is a validation message which appears when you select end date before start date.', '4.6-'),
(836, 836, 1, 1, 'State', 'State/Province – If the country is United Sates you can select from the drop down or you need to enter it manually', '4.6-'),
(837, 837, 1, 1, 'Status', 'Status of Employment/candidates/time-sheets', '4.6-'),
(838, 838, 1, 2, 'Structure', 'Company/organizational structure', '4.6-'),
(839, 839, 1, 1, 'Sub Unit', 'Add a sub- unit to the company structure, go to Admin>> Organization>> Structure and right click on the particular sub unit', '4.6-'),
(840, 840, 1, 3, 'Subordinates', 'The people who works under one or more supervisors whom review their performances, approve leave/time sheets', '4.6-'),
(841, 841, 1, 1, 'Subscribe', NULL, '4.6-'),
(842, 842, 1, 3, 'Subscription Amount', 'If employees are members of any committee, institute etc. those details can be entered here. One option of the employee’s membership details to be filled', '4.6-'),
(843, 843, 1, 3, 'Subscription Commence Date', 'If employees are members of any committee, institute etc. those details can be entered here. One option of the employee’s membership details to be filled', '4.6-'),
(844, 844, 1, 3, 'Subscription Paid By', 'Subscription paid by company or by employees', '4.6-'),
(845, 845, 1, 3, 'Subscription Renewal Date', 'If employees are members of any committee, institute etc. those details can be entered here. One option of the employee’s membership details to be filled', '4.6-'),
(846, 846, 1, 1, 'Successfully Added', 'Once an employee added to the system, it gives a message saying Successfully Added', '4.6-'),
(847, 847, 1, 1, 'Successfully Deleted', 'It is a user friendly message saying that deleting of a record is done successfully', '4.6-'),
(848, 848, 1, 1, 'Successfully Saved', 'It is a user friendly message saying that saving of a record is done successfully', '4.6-'),
(849, 849, 1, 1, 'Successfully Updated', 'It is a user friendly message saying that updating of record is done successfully', '4.6-'),
(850, 850, 1, 3, 'Successfully Uploaded', 'It is an user friendly message which appears when the user upload an attachment/image to the system successfully', '4.6-'),
(851, 851, 1, 1, 'Sudan', 'A country name', '4.6-'),
(852, 852, 1, 1, 'Sudanese', 'A nationality name', '4.6-'),
(853, 853, 1, 1, 'Sudanese Dinar', 'A currency name', '4.6-'),
(854, 854, 1, 1, 'Sudanese Pound', 'A currency name', '4.6-'),
(855, 855, 1, 1, 'Sunday', 'One of the days of the week', '4.6-'),
(856, 856, 1, 3, 'Supervisor', 'Supervisors can view assigned assets/time sheets/leave of the subordinates', '4.6-'),
(857, 857, 1, 3, 'Supervisor Name', 'Name of the supervisor (an employee who has subordinates under him)', '4.6-'),
(858, 858, 1, 3, 'Supervisors', 'employees who have subordinates under him, get supervisor user role privileges', '4.6-'),
(859, 859, 1, 1, 'Suriname', 'A country name', '4.6-'),
(860, 860, 1, 1, 'Surinamer', 'A nationality name', '4.6-'),
(861, 861, 1, 1, 'Surinamese Dollar', 'A currency name', '4.6-'),
(862, 862, 1, 1, 'Svalbard and Jan Mayen', 'A country name', '4.6-'),
(863, 863, 1, 1, 'Swazi', 'A nationality name', '4.6-'),
(864, 864, 1, 1, 'Swaziland', 'A country name', '4.6-'),
(865, 865, 1, 1, 'Swaziland Lilangeni', 'A currency name', '4.6-'),
(866, 866, 1, 1, 'Sweden', 'A country name', '4.6-'),
(867, 867, 1, 1, 'Swedish', 'A nationality name', '4.6-'),
(868, 868, 1, 1, 'Swedish Krona', 'A currency name', '4.6-'),
(869, 869, 1, 1, 'Swiss', 'A nationality name', '4.6-'),
(870, 870, 1, 1, 'Swiss Franc', 'A currency name', '4.6-'),
(871, 871, 1, 1, 'Switzerland', 'A country name', '4.6-'),
(872, 872, 1, 1, 'Syrian', 'A nationality name', '4.6-'),
(873, 873, 1, 1, 'Syrian Arab Republic', 'A country name', '4.6-'),
(874, 874, 1, 1, 'Syrian Pound', 'A currency name', '4.6-'),
(875, 875, 1, 1, 'Taiwan', 'A country name', '4.6-'),
(876, 876, 1, 1, 'Taiwan Dollar', 'A currency name', '4.6-'),
(877, 877, 1, 1, 'Taiwanese', 'A nationality name', '4.6-'),
(878, 878, 1, 1, 'Tajik', 'A nationality name', '4.6-'),
(879, 879, 1, 1, 'Tajikistan', 'A country name', '4.6-'),
(880, 880, 1, 1, 'Tanzania, United Republic of', 'A country name', '4.6-'),
(881, 881, 1, 1, 'Tanzanian', 'A nationality name', '4.6-'),
(882, 882, 1, 1, 'Tanzanian Shilling', 'A currency name', '4.6-'),
(883, 883, 1, 1, 'Tennessee', 'A US state name', '4.6-'),
(884, 884, 1, 1, 'Terminated', 'An employee will be terminated once he/she leaves the company.', '4.6-'),
(885, 885, 1, 3, 'Termination Reasons', 'Default reasons for terminating the employment:• Dismissed, Contract not renewed, • Deceased\r\r\r\r', '4.6-'),
(886, 886, 1, 1, 'Texas', 'A US state name', '4.6-'),
(887, 887, 1, 1, 'Thai', 'A nationality name', '4.6-'),
(888, 888, 1, 1, 'Thai Baht', 'A currency name', '4.6-'),
(889, 889, 1, 1, 'Thailand', 'A country name', '4.6-'),
(890, 890, 1, 1, 'Thursday', 'one of the days of the week', '4.6-'),
(891, 891, 1, 5, 'Time', 'Date and time of action performed', '4.6-'),
(892, 892, 1, 5, 'Timesheets', 'Only Include Approved Time sheets', '4.6-'),
(893, 893, 1, 1, 'Timor-Leste', 'A country name', '4.6-'),
(894, 894, 1, 1, 'To', 'Select the date range (from to)', '4.6-'),
(895, 895, 1, 1, 'to', 'Select the date range (from to)', '4.6-'),
(896, 896, 1, 1, 'To date should be after from date', 'It is a validation message which appears when you select to date before from date.', '4.6-'),
(897, 897, 1, 1, 'Togo', 'A country name', '4.6-'),
(898, 898, 1, 1, 'Togolese', 'A nationality name', '4.6-'),
(899, 899, 1, 1, 'Tokelau', 'A country name', '4.6-'),
(900, 900, 1, 1, 'Tonga', 'A country name', '4.6-'),
(901, 901, 1, 1, 'Tongan', 'A nationality name', '4.6-'),
(902, 902, 1, 1, 'Trinidad and Tobago', 'A country name', '4.6-'),
(903, 903, 1, 1, 'Trinidad/Tobago Dollar', 'A currency name', '4.6-'),
(904, 904, 1, 1, 'Trinidadian or Tobagonian', 'A nationality name', '4.6-'),
(905, 905, 1, 1, 'Tuesday', 'One of the day of week', '4.6-'),
(906, 906, 1, 1, 'Tunisia', 'A country name', '4.6-'),
(907, 907, 1, 1, 'Tunisian', 'A nationality name', '4.6-'),
(908, 908, 1, 1, 'Tunisian Dinar', 'A currency name', '4.6-'),
(909, 909, 1, 1, 'Turkey', 'A country name', '4.6-'),
(910, 910, 1, 1, 'Turkish', 'A nationality name', '4.6-'),
(911, 911, 1, 1, 'Turkish Lira', 'A currency name', '4.6-'),
(912, 912, 1, 1, 'Turkmenistan', 'A country name', '4.6-'),
(913, 913, 1, 1, 'Turks and Caicos Islands', 'A country name', '4.6-'),
(914, 914, 1, 1, 'Tuvalu', 'A country name', '4.6-'),
(915, 915, 1, 1, 'Tuvaluan', 'A nationality name', '4.6-'),
(916, 916, 1, 1, 'Type', 'Event types are predefined in the system.', '4.6-'),
(917, 917, 1, 3, 'Type Employee Id', 'Type employee ID in order to search information of an employee', '4.6-'),
(918, 918, 1, 1, 'Type for hints', 'Type the first few letters of the employee\'s name and then name can be selected from the drop-down menu.', '4.6-'),
(919, 919, 1, 1, 'Uganda', 'A country name', '4.6-'),
(920, 920, 1, 1, 'Uganda Shilling', 'A currency name', '4.6-'),
(921, 921, 1, 1, 'Ugandan', 'A nationality name', '4.6-'),
(922, 922, 1, 1, 'Ukraine', 'A country name', '4.6-'),
(923, 923, 1, 1, 'Ukraine Hryvnia', 'A currency name', '4.6-'),
(924, 924, 1, 1, 'Ukrainian', 'A nationality name', '4.6-'),
(925, 925, 1, 1, 'United Arab Emirates', 'A country name', '4.6-'),
(926, 926, 1, 1, 'United Kingdom', 'A country name', '4.6-'),
(927, 927, 1, 1, 'United States', 'A country name', '4.6-'),
(928, 928, 1, 1, 'United States Dollar', 'A currency name', '4.6-'),
(929, 929, 1, 1, 'United States Minor Outlying Islands', 'A country name', '4.6-'),
(930, 930, 1, 1, 'Uruguay', 'A country name', '4.6-'),
(931, 931, 1, 1, 'Uruguayan', 'A nationality name', '4.6-'),
(932, 932, 1, 1, 'Uruguayan Peso', 'A currency name', '4.6-'),
(933, 933, 1, 2, 'Users', 'Users can be assigned a combination of custom/default User Roles.', '4.6-'),
(934, 934, 1, 1, 'Utah', 'A US state name', '4.6-'),
(935, 935, 1, 1, 'Utd. Arab Emir. Dirham', 'A currency name', '4.6-'),
(936, 936, 1, 1, 'Uzbekistan', 'A country name', '4.6-'),
(937, 937, 1, 1, 'Uzbekistani', 'A nationality name', '4.6-'),
(938, 938, 1, 6, 'Vacancies', 'Here the Admin can create a vacancy for a particular job title required by the company.', '4.6-'),
(939, 939, 1, 1, 'Vanuatu', 'A country name', '4.6-'),
(940, 940, 1, 1, 'Vanuatu Vatu', 'A currency name', '4.6-'),
(941, 941, 1, 1, 'Venezuela', 'A country name', '4.6-'),
(942, 942, 1, 1, 'Venezuelan', 'A nationality name', '4.6-'),
(943, 943, 1, 1, 'Venezuelan Bolivar', 'A currency name', '4.6-'),
(944, 944, 1, 1, 'Vermont', 'A US state name', '4.6-'),
(945, 945, 1, 1, 'Viet Nam', 'A country name', '4.6-'),
(946, 946, 1, 1, 'Vietnamese', 'A nationality name', '4.6-'),
(947, 947, 1, 1, 'Vietnamese Dong', 'A currency name', '4.6-'),
(948, 948, 1, 3, 'View Details', 'To view details of a customer, click on the customer’s name.', '4.6-'),
(949, 949, 1, 1, 'Virgin Islands', 'A US state name', '4.6-'),
(950, 950, 1, 1, 'Virgin Islands, British', 'A country name', '4.6-'),
(951, 951, 1, 1, 'Virgin Islands, U.s.', 'A country name', '4.6-'),
(952, 952, 1, 1, 'Virginia', 'A US state name', '4.6-'),
(953, 953, 1, 1, 'Wallis and Futuna', 'A country name', '4.6-'),
(954, 954, 1, 1, 'Washington', 'A US state name', '4.6-'),
(955, 955, 1, 1, 'Wednesday', 'One of the weekdays', '4.6-'),
(956, 956, 1, 1, 'Welcome %username%', 'Don\'t translate %username%. Whenever an admin/supervisor/end user logs into the system, there will be a label called \"Welcome and the username of the person logged in\".', '4.6-'),
(957, 957, 1, 1, 'Welsh', 'A nationality name', '4.6-'),
(958, 958, 1, 1, 'West Virginia', 'A US state name', '4.6-'),
(959, 959, 1, 1, 'Western Sahara', 'A country name', '4.6-'),
(960, 960, 1, 1, 'Wisconsin', 'A US state name', '4.6-'),
(961, 961, 1, 1, 'with new file', NULL, '4.6-'),
(962, 962, 1, 3, 'Work Email', 'The company email address of each employee should be added to the employee record in the PIM module>> Contact Details>> Work Email.', '4.6-'),
(963, 963, 1, 3, 'Work Experience', 'Under PIM - Qualification tab, details of employees previous work experience can be defined.', '4.6-'),
(964, 964, 1, 2, 'Work Shifts', 'HR Admin can define work shifts for an individual or a group of employees. To add an entry, go to Admin>> Job>> Work Shifts and click “Add”', '4.6-'),
(965, 965, 1, 3, 'Work Telephone', 'When entering Contact information of an employee, work telephone should be added to the system', '4.6-'),
(966, 966, 1, 4, 'Work Week', 'The administrator will be able to define the work weeks for all employees based in different locations/countries.To define work week, go to Leave>> Configure>> Work Week', '4.6-'),
(967, 967, 1, 3, 'Writing', 'Writing skills of an employee of a particular language', '4.6-'),
(968, 968, 1, 1, 'Wyoming', 'A US state name', '4.6-'),
(969, 969, 1, 1, 'Year', 'Specify the year in leave calendar view', '4.6-'),
(970, 970, 1, 3, 'Years of Experience', 'Previous work experiences of an employee can be entered by specifying the From which year -To which year.', '4.6-'),
(971, 971, 1, 1, 'Yemen', 'A country name', '4.6-'),
(972, 972, 1, 1, 'Yemeni Riyal', 'A currency name', '4.6-'),
(973, 973, 1, 1, 'Yemenite', 'A nationality name', '4.6-'),
(974, 974, 1, 1, 'Yes', 'Clicking on “Yes” to the apply restriction error message, allows the leave to be applied for/assigned.', '4.6-'),
(975, 975, 1, 1, 'Yugoslav Dinar', 'A currency name', '4.6-'),
(976, 976, 1, 1, 'Yugoslavian Dinar', 'A currency name', '4.6-'),
(977, 977, 1, 1, 'Zambia', 'A country name', '4.6-'),
(978, 978, 1, 1, 'Zambian', 'A nationality name', '4.6-'),
(979, 979, 1, 1, 'Zambian Kwacha', 'A currency name', '4.6-'),
(980, 980, 1, 1, 'Zimbabwe', 'A country name', '4.6-'),
(981, 981, 1, 1, 'Zimbabwe Dollar', 'A currency name', '4.6-'),
(982, 982, 1, 1, 'Zimbabwean', 'A nationality name', '4.6-'),
(983, 983, 1, 1, 'Passwords do not match', 'This error message appears when password and confirm password does not match', '4.6-'),
(984, 984, 1, 1, 'Invalid', 'Invalid username or password', '4.6-'),
(985, 985, 1, 1, 'Should be less than %number% digits', 'Don\'t translate %number%. It is a validation message which reminds the user to input an number less than certain no of digits.', '4.6-'),
(986, 986, 1, 1, 'Due date should be after from date', 'When adding appraisals from date should be before the due date', '4.6-'),
(987, 987, 1, 5, 'Successfully Removed', 'It is a user friendly message saying that removal of a record is done successfully', '4.6-'),
(988, 988, 1, 1, 'Ok', NULL, '4.6-'),
(989, 989, 1, 1, 'Delete records?', 'This is a confirmation message generated by the system to make sure whether that particular record to be deleted.', '4.6-'),
(990, 990, 1, 5, 'Select an Employee', 'It is a user friendly text which asked the user to select an employee', '4.6-'),
(991, 991, 1, 2, 'Delete?', 'Once u click on the delete button it gives a popup with the message \'Delete ?\',then confirm it.', '4.6-'),
(992, 992, 1, 4, 'Successfully Assigned', 'It is a user friendly message saying tasks were successfully assigned for a particular employee', '4.6-'),
(993, 993, 1, 1, 'Should be greater than %amount%', 'Don\'t translate %amount%. It is a validation message which reminds the user to input an amount greater than a certain amount.', '4.6-'),
(994, 994, 1, 4, 'Successfully Submitted', 'It is a user friendly message saying that submitting of time sheet is done successfully', '4.6-'),
(995, 995, 1, 1, 'Invalid Employee', 'This error message appears when an false employee is added in the system.', '4.6-'),
(996, 996, 1, 1, 'Accepts .docx, .doc, .odt, .pdf, .rtf, .txt up to 1MB', 'The files uploading cannot be over 1MB in size and must be in one of the formats .docx, .doc, .odt, .PDF, .rtf, .txt', '4.6-'),
(997, 997, 1, 1, 'Accepts jpg, .png, .gif up to 1MB', 'The images uploading cannot be over 1MB in size and must be in one of the formats jpg, .png, .gif', '4.6-'),
(998, 998, 1, 1, 'Accepts up to 1MB', 'The files uploading cannot be over 1MB', '4.6-'),
(999, 999, 1, 1, 'Failed to Save: File Type Not Allowed', 'The file type we insert is not matching with what we required.Therefore, the system doesn\'t support it and shows this validation text.', '4.6-'),
(1000, 1000, 1, 1, 'Failed to Save: File Size Exceeded', 'The file we insert is big in size.Therefore, the system doesn\'t support to upload and shows this validation text.', '4.6-'),
(1001, 1001, 1, 1, 'No Employees Available', 'This message appears when there is no Employees Available', '4.6-'),
(1002, 1002, 1, 1, 'Should have at least %number% characters', 'Don\'t translate %number%. It is a validation message which reminds the user to input a text which contains at least a certain no of characters.', '4.6-'),
(1003, 1003, 1, 5, 'Successfully Copied', 'It is a user friendly message saying that copying of a record is done successfully', '4.6-'),
(1004, 1004, 1, 1, 'LOGIN Panel', 'Log-in to OrangeHRM using the Administrator (admin) account through the login panel.', '4.6-'),
(1005, 1005, 1, 1, 'LOGIN', 'User login could be created when adding employees under the PIM Module.', '4.6-'),
(1006, 1006, 1, 1, 'Should be greater than first value', 'It is a validation message which says the value entered Should be greater than first value', '4.6-'),
(1007, 1007, 1, 1, 'Joined After', 'Set up employee groups who joined after a certain date in order to configure leave rules for them.', '4.6-'),
(1008, 1008, 1, 1, 'Joined Before', 'Set up employee groups who joined before a certain date in order to configure leave rules for them.', '4.6-'),
(1009, 1009, 1, 1, 'Joined in Between', 'Set up employee groups who joined in between a certain date period in order to configure leave rules for them.', '4.6-'),
(1010, 1010, 1, 2, 'Successfully Changed', 'It is a user friendly message saying that modification is done successfully', '4.6-'),
(1011, 1011, 1, 1, 'Username', 'Name given for employees to access the system as the system user and login to the system successfully', '4.6-'),
(1012, 1012, 1, 1, 'Password', 'Provide a password for the employee and confirm password for security purposes.', '4.6-'),
(1013, 1013, 1, 1, 'Username cannot be empty', 'When log in, entering user name is mandatory..if not it restricts users access to the system', '4.6-'),
(1014, 1014, 1, 1, 'Password cannot be empty', 'When attempt to log without entering a password, a warning message appears saying password cannot be empty', '4.6-'),
(1015, 1015, 1, 1, 'Invalid credentials', 'This error means that your user name/ password is incorrect in order to access the system', '4.6-'),
(1016, 1016, 1, 1, 'Europe/Belgrade', 'A time zone name', '4.6-'),
(1017, 1017, 1, 1, 'Europe/Minsk', 'A time zone name', '4.6-'),
(1018, 1018, 1, 1, 'Asia/Kuwait', 'A time zone name', '4.6-'),
(1019, 1019, 1, 1, 'Asia/Muscat', 'A time zone name', '4.6-'),
(1020, 1020, 1, 1, 'Asia/Yekaterinburg', 'A time zone name', '4.6-'),
(1021, 1021, 1, 1, 'Asia/Kolkata', 'A time zone name', '4.6-'),
(1022, 1022, 1, 1, 'Asia/Dhaka', 'A time zone name', '4.6-'),
(1023, 1023, 1, 1, 'Asia/Krasnoyarsk', 'A time zone name', '4.6-'),
(1024, 1024, 1, 1, 'Asia/Brunei', 'A time zone name', '4.6-'),
(1025, 1025, 1, 1, 'Asia/Seoul', 'A time zone name', '4.6-'),
(1026, 1026, 1, 1, 'Australia/Darwin', 'A time zone name', '4.6-'),
(1027, 1027, 1, 1, 'Australia/Canberra', 'A time zone name', '4.6-'),
(1028, 1028, 1, 1, 'Asia/Magadan', 'A time zone name', '4.6-'),
(1029, 1029, 1, 1, 'Pacific/Fiji', 'A time zone name', '4.6-'),
(1030, 1030, 1, 1, 'Pacific/Midway', 'A time zone name', '4.6-'),
(1031, 1031, 1, 1, 'Pacific/Honolulu', 'A time zone name', '4.6-'),
(1032, 1032, 1, 1, 'America/Anchorage', 'A time zone name', '4.6-'),
(1033, 1033, 1, 1, 'America/Los_Angeles', 'A time zone name', '4.6-'),
(1034, 1034, 1, 1, 'America/Denver', 'A time zone name', '4.6-'),
(1035, 1035, 1, 1, 'America/Tegucigalpa', 'A time zone name', '4.6-'),
(1036, 1036, 1, 1, 'America/New_York', 'A time zone name', '4.6-'),
(1037, 1037, 1, 1, 'America/Halifax', 'A time zone name', '4.6-'),
(1038, 1038, 1, 1, 'America/St_Johns', 'A time zone name', '4.6-'),
(1039, 1039, 1, 1, 'America/Argentina/Buenos_Aires', 'A time zone name', '4.6-'),
(1040, 1040, 1, 1, 'Atlantic/South_Georgia', 'A time zone name', '4.6-'),
(1041, 1041, 1, 1, 'Atlantic/Azores', 'A time zone name', '4.6-'),
(1042, 1042, 1, 1, 'Upload', 'Upload images/file', '4.6-'),
(1043, 1043, 1, 1, 'Type in years', 'This is a helping text written inside a text box which appeals the user to enter the year', '4.6-'),
(1044, 1044, 1, 5, 'Hours', 'When exporting the leave list to a CSV file, Duration(hours) of employee\'s leave will be displayed.', '4.6-'),
(1045, 1045, 1, 1, 'Deleted Employee', 'Delete an employee from the system.It is advised to terminate an employee from the system.', '4.6-'),
(1046, 1046, 1, 1, 'Total', 'Total Deductions, Total Payable', '4.6-'),
(1047, 1047, 1, 1, 'compulsory', 'Mandatory', '4.6-'),
(1048, 1048, 1, 3, 'Termination Date', 'Date of being terminated from employment', '4.6-'),
(1049, 1049, 1, 3, 'Termination Reason', 'Default reasons for terminating the employment:• Dismissed, Contract not renewed, • Deceased\r\r\r\r', '4.6-'),
(1050, 1050, 1, 5, 'Activity Name', 'Name of the work performed', '4.6-'),
(1051, 1051, 1, 1, 'Add Education', 'Add levels of education to the system.', '4.6-'),
(1052, 1052, 1, 1, 'Add Language', 'Different types of languages that employees in your company speak can be defined here.', '4.6-'),
(1053, 1053, 1, 1, 'Add License', 'Define various types of licenses under Admin>> Qualifications, which can be later used in the PIM Module. Ex: CMA', '4.6-'),
(1054, 1054, 1, 1, 'Add Skill', 'Define various sets of skills which can be later used on the PIM Module. To add an entry go to Admin>> Qualifications>> Skills.', '4.6-'),
(1055, 1055, 1, 1, 'Address Street 1', 'The user can add individual address fields (address1, address2, city, etc )', '4.6-'),
(1056, 1056, 1, 1, 'Address Street 2', 'The user can add individual address fields (address1, address2, city, etc )', '4.6-'),
(1057, 1057, 1, 1, 'City', 'City should be displayed when adding individual address fields', '4.6-'),
(1058, 1058, 1, 1, 'Confirm Password', 'Provide a password for the employee and confirm password for security purposes.', '4.6-'),
(1059, 1059, 1, 5, 'Copy', 'Make a similar or identical version of something', '4.6-'),
(1060, 1060, 1, 5, 'Copy From', 'Copying KPI\'s from one profession to another and copying activities from one project to another.', '4.6-'),
(1061, 1061, 1, 5, 'Project Name', 'Name of the project to be done for the customer.', '4.6-'),
(1062, 1062, 1, 1, 'Deleted', 'After you confirm the deletion, that entry will be deleted.', '4.6-'),
(1063, 1063, 1, 1, 'Edit Education', 'You can edit the Education details of an employee such as Level, Institute,Specialization, Year', '4.6-'),
(1064, 1064, 1, 1, 'Edit Language', 'Edit different types of languages that employees in your company speak can be defined here.', '4.6-'),
(1065, 1065, 1, 1, 'Edit License', 'Define various types of licenses under Admin>> Qualifications, which can be later used in the PIM Module. Ex: CMA', '4.6-'),
(1066, 1066, 1, 1, 'Edit Skill', 'Altering information with regard to Skill such as qualification, year of experience and comments.', '4.6-'),
(1067, 1067, 1, 1, 'State/Province', 'State/province where the employee lives', '4.6-'),
(1068, 1068, 1, 1, 'Zip/Postal Code', 'A code which was established by the United States Postal Service, for the purposes of identifying a location and routing the mail to that location /a code of letters and digits added to a postal address to aid in the sorting of mail.', '4.6-'),
(1069, 1069, 1, 1, 'Approve', 'Approve time sheets /leave', '4.6-'),
(1070, 1070, 1, 1, 'format', 'Set up a date format, Ex: Date Format Localization/ Standard document formatting options are available (font change, styles, etc).', '4.6-'),
(1071, 1071, 1, 4, 'Scheduled', 'To Approve a session, the user the appropriate privileges will need to change the Status to “Scheduled”.', '4.6-'),
(1072, 1072, 1, 1, 'Invalid Date', 'If this message appears, the date field typically contains one or more invalid dates', '4.6-'),
(1073, 1073, 1, 1, 'Note', 'You may add a note and click “Hire” to confirm the action.', '4.6-'),
(1074, 1074, 1, 5, 'Invalid Employee Name', 'This error message appears when an false employee name is added in the system.', '4.6-'),
(1075, 1075, 1, 7, 'Action', 'It refers to the task performed', '4.6-'),
(1076, 1076, 1, 6, 'Active Job Vacancies', 'When an applicant visits the company’s website or through RSS feed, they will be directed to the job vacancy portal where they will see all the active vacancies of the company.', '4.6-'),
(1077, 1077, 1, 1, 'added', 'It appears as a type of an entitlement when leave entitlement of employee group are being added.Also appears when configuring leave entitlement per employee group under accrual rules.', '4.6-'),
(1078, 1078, 1, 6, 'Apply for', 'Apply for leave', '4.6-'),
(1079, 1079, 1, 1, 'Attachments', 'Uploaded files as images/documents', '4.6-'),
(1080, 1080, 1, 6, 'Back to Job List', 'Click “Back” and the list of jobs will be reflected', '4.6-'),
(1081, 1081, 1, 6, 'Collapse all', 'You can also collapse/expand all the sub-units by clicking on the (-) and (+) on the right hand side of the sub-units to further view the company structure hierarchy.', '4.6-'),
(1082, 1082, 1, 6, 'Contact No', 'Contact number of an employee/candidate', '4.6-'),
(1083, 1083, 1, 1, 'Download', 'A sample is available to download', '4.6-'),
(1084, 1084, 1, 1, 'Email', 'Electronic mail, most commonly referred to as email or e-mail. It is a method of exchanging digital messages from an author to one or more recipients.', '4.6-'),
(1085, 1085, 1, 6, 'Expand all', 'When configuring leave rules fro a particular leave type, there is a tab called employee groups for admin to define different leave rules for seperate employee groups..This link is there to click when we need to view them in detail and the rule is being configured for each group.', '4.6-'),
(1086, 1086, 1, 1, 'for', 'Searching for a candidate / Applying for a job vacancy', '4.6-'),
(1087, 1087, 1, 6, 'Keywords', 'Search for candidates using specific keywords that the candidates may have entered on the application form for easy short-listing for a particular vacancy', '4.6-'),
(1088, 1088, 1, 1, 'Performed By', 'When viewing the review history,it shows who has performed a certain action ; ex: Approved by Admin', '4.6-'),
(1089, 1089, 1, 1, 'Reject', 'The Admin or Hiring Manager can turn down an application by selecting the status as \"Reject\"', '4.6-'),
(1090, 1090, 1, 1, 'Rejected', 'When exporting timesheet data as CSV,there is a check box named \"Rejected\". If you ticked it, all the time sheets under that status would be listed down.', '4.6-'),
(1091, 1091, 1, 6, 'rejected', 'When exporting timesheet data as CSV,there is a check box named \"Rejected\". If you ticked it, all the time sheets under that status would be listed down.', '4.6-'),
(1092, 1092, 1, 1, 'Remove', 'You may remove a particular record after the time sheet has been saved by clicking “Edit”', '4.6-'),
(1093, 1093, 1, 6, 'Resume', 'Curriculum Vitae of an employee', '4.6-'),
(1094, 1094, 1, 1, 'Select Action', 'It is a user friendly text which asked the user to select action to trigger it', '4.6-'),
(1095, 1095, 1, 1, 'Submit', 'Enter, modify and submit personal time sheets', '4.6-'),
(1096, 1096, 1, 1, 'View', 'Admin has the privileged to view assigned goal/leave/tasks of all employees', '4.6-'),
(1097, 1097, 1, 6, 'Enter comma separated words', 'When entering key words to search for a candidate, enter comma-separated words.', '4.6-'),
(1098, 1098, 1, 1, 'Approved', 'Leave status once the leave you applied is approved by your supervisor.', '4.6-'),
(1099, 1099, 1, 1, 'Submitted', 'When exporting timesheet data as CSV,there is a check box named \"submitted\". If you ticked it, all the time sheets under that status would be listed down.', '4.6-'),
(1100, 1100, 1, 1, 'Loading', 'To transfer (data) from a storage device into a computer\'s memory.', '4.6-'),
(1101, 1101, 1, 3, 'My Info', 'ESS can view his personal details under the ‘My Info’ Module.', '4.6-'),
(1102, 1102, 1, 1, 'Notifications', 'The OrangeHRM Event Notifications lets administrators create employee/event notifications to notify employees via email on important impending events.', '4.6-'),
(1103, 1103, 1, 1, 'Documents', 'Supporting/Attached documents', '4.6-'),
(1104, 1104, 1, 1, 'Manage', 'Manage employee data across the various modules / manage the workflows of various processes in the organization', '4.6-'),
(1105, 1105, 1, 1, 'Forgot your password?', 'If \"User can reset password\" setting is checked by Admin, the login page will display a link: \"Forgot your password?\" link when a user attempts to log on to the system.', '4.6-'),
(1106, 1106, 1, 1, 'Export To CSV', 'The admin/ESS-Supervisor can export the time sheet data into a CSV file by going to Time>> Time sheets>> Export to CSV', '4.6-'),
(1107, 1107, 1, 1, 'User Role', 'Add multiple HR Admins who will control the system, create logins for general users through ESS Users, assign Regional HR Admins', '4.6-'),
(1108, 1108, 1, 1, 'Processing', 'Movement of data towards a known goal or end result, by passing it through a series of stages or a sequence of actions.', '4.6-'),
(1109, 1109, 1, 5, 'Duration(Hours)', 'When viewing attendance records of employees, duration ( from punch in to punch out ) will be shown in hours', '4.6-'),
(1110, 1110, 1, 1, 'Successfully Undeleted', 'It is a user friendly message saying that deleting is not done successfully', '4.6-'),
(1111, 1111, 1, 1, 'Credentials Required', 'User credential required', '4.6-'),
(1112, 1112, 1, 1, 'Expand for Options', 'When the search panel is hidden, this helping text get visible for you to expand it and display the options available.', '4.6-'),
(1113, 1113, 1, 1, 'Hide Options', 'When the search panel is expanded, this helping text get visible for you to hide the options available.', '4.6-'),
(1114, 1114, 1, 1, 'Qualifications', 'This feature allows you to define all information with regards to employees’ qualifications such as skill, Education, Licenses and Languages\r', '4.6-'),
(1115, 1115, 1, 1, 'Current File', 'Current version of a file', '4.6-'),
(1116, 1116, 1, 1, 'Replace With', 'Same file found in the target location and is replaced with new file.', '4.6-'),
(1117, 1117, 1, 1, 'Access Denied', 'This error is quite common and occurs due to permission issues when an account is not accessible.', '4.6-'),
(1118, 1118, 1, 1, 'Add Another', 'Adding another project admin for a particular project.', '4.6-'),
(1119, 1119, 1, 4, 'Start Month', 'Custom Leave Period - leave period can be manually set by selecting a ‘Start Month’, ‘Start Date’ and \'End Date\'', '4.6-'),
(1120, 1120, 1, 1, 'Cancelled', 'Cancelled a leave request , session etc..', '4.6-'),
(1121, 1121, 1, 4, 'Add Leave Entitlement', 'Add the leave amount to which a person has a right to have.', '4.6-'),
(1122, 1122, 1, 4, 'Add to Multiple Employees', 'If more than one employee is to be added at once, the user can select the Add to Multiple Employees option and then add students based on their locations and/or sub units.', '4.6-'),
(1123, 1123, 1, 4, 'Entitlement', 'Generate reports to display information on leave entitlements', '4.6-'),
(1124, 1124, 1, 4, 'Matches one employee', 'This confirms that only one employee match with best match rule criteria which used to filter candidates successfully.', '4.6-'),
(1125, 1125, 1, 4, 'Matches %count% employees', 'Don\'t translate %count%.', '4.6-'),
(1126, 1126, 1, 4, 'No matching employees', 'This message appears when there is no matching employees', '4.6-'),
(1127, 1127, 1, 4, 'Entitlements', 'Generate reports to display information on leave entitlements', '4.6-');
INSERT INTO `ohrm_i18n_lang_string` (`id`, `unit_id`, `source_id`, `group_id`, `value`, `note`, `version`) VALUES
(1128, 1128, 1, 4, 'Add Entitlements', 'Add all leave entitlements to employees.', '4.6-'),
(1129, 1129, 1, 4, 'Employee Entitlements', 'All available leave entitlements for a particular employee.', '4.6-'),
(1130, 1130, 1, 4, 'Valid From', 'Under Accrual Valid From Two options are available to choose from:-\r\n          1. Date of Accrual - valid from the date of accrual to the end of the leave period.\r\n          2. Leave Period Start Date - valid from the beginning of the leave period.\n        ', '4.6-'),
(1131, 1131, 1, 4, 'Valid To', 'To edit the leave entitlement, click on the number of days entitled under “Days”, or the date under “Valid From” or “Valid To”', '4.6-'),
(1132, 1132, 1, 4, 'No employees match the selected filters', 'This message appears when there is no employees match the selected filters', '4.6-'),
(1133, 1133, 1, 4, 'Leave Entitlements and Usage Report', 'Once the appropriate fields are selected, the Admin can then click “View” and will be presented with the leave report of all employees.The report can also show leave usage and entitlements for the “Previous Period” as well as the “Next Period”.', '4.6-'),
(1134, 1134, 1, 4, 'My Leave Entitlements and Usage Report', 'if he/she is also an ESS user to the system, he/she can view for leave entitlements and usage of leave by themselves (Leave>>Reports >> My Leave Entitlements and Usage Report).', '4.6-'),
(1135, 1135, 1, 4, 'Matching Employees', 'This shows list of matching employees who match with best match rule criteria which used to filter candidates successfully.', '4.6-'),
(1136, 1136, 1, 4, 'Generate For', 'If the “Employee” option is selected under “Generate For” the HR Admin can generate the leave entitlement and usage report for any employee', '4.6-'),
(1137, 1137, 1, 1, 'Confirm', 'Click confirm button to confirm a particular action', '4.6-'),
(1138, 1138, 1, 3, 'To date should be after From date', 'It is a validation message which appears when you select to date before from date.', '4.6-'),
(1139, 1139, 1, 4, 'My Entitlements', 'An ESS-Employee is only able to “View” his leave entitlement when he/she logs in. To view, go to Leave>> Entitlements>> My Entitlements', '4.6-'),
(1140, 1140, 1, 4, 'Should be a number with upto %count% decimal places', 'Don\'t translate %count%. It is a validation message which reminds the user to input a number with up to a certain number of decimal places.', '4.6-'),
(1141, 1141, 1, 4, 'Author', 'Author of the book added under E-library module.', '4.6-'),
(1142, 1142, 1, 4, 'View Leave Request Comments', 'Alternatively, Admins/Supervisors can click the “Date” or “Status” to view the detailed information of the leave request and leave request comment individually', '4.6-'),
(1143, 1143, 1, 2, 'User Management', 'This feature allows the HR Admin to administer users by:Creating logins and defining privileges by assigning User Roles (Global Admin/Admin*, Default ESS, Default Supervisor**). \r\r', '4.6-'),
(1144, 1144, 1, 4, 'Initial Balance', 'Initial leave balance', '4.6-'),
(1145, 1145, 1, 4, 'Leave Date', 'Leave Period start date and end date', '4.6-'),
(1146, 1146, 1, 4, 'Available Balance', 'To view the remaining leave balance for the specific leave type, click on “Check Leave Balance”, and the following window will appear with the available balance.', '4.6-'),
(1147, 1147, 1, 4, 'Balance not sufficient', 'There is no sufficient leave balance for the current leave period.', '4.6-'),
(1148, 1148, 1, 2, 'Email Configuration', 'Configure a few of the most popular email programs to access your email account.', '4.6-'),
(1149, 1149, 1, 2, 'Email Subscriptions', 'Enter your email address and set your subscription preferences.', '4.6-'),
(1150, 1150, 1, 1, 'You do not have permission to view this section', 'It is a restriction error message which strictly says that user do not have permission to view this section', '4.6-'),
(1151, 1151, 1, 1, 'Failed to Delete', 'This validation message appears when failing to delete records', '4.6-'),
(1152, 1152, 1, 1, 'Validation Failed', 'Validation failed occurs when all the posted form variables not match with the database defined type.', '4.6-'),
(1153, 1153, 1, 1, 'Csrf token validation failed', NULL, '4.6-'),
(1154, 1154, 1, 1, 'About', 'Users can view public information about the rest of the employees in the company corporate directory.', '4.6-'),
(1155, 1155, 1, 7, 'Trackers', NULL, '4.6-'),
(1156, 1156, 1, 7, 'Employee Trackers', 'Once a tracker is created, reviewers can add logs (comments about positive/negative performance) to the tracker.To do this, a reviewer can go to Performance>Employee Trackers', '4.6-'),
(1157, 1157, 1, 7, 'My Trackers', 'The My Tracker section allows employees to add and view their performance logs.Employees can add and modify only their own log entries and view other reviewer logs, by going to Performance>My Trackers', '4.6-'),
(1158, 1158, 1, 7, 'Export to CSV', NULL, '4.6-'),
(1159, 1159, 1, 7, 'Performance Trackers', NULL, '4.6-'),
(1160, 1160, 1, 7, 'Manage Performance Tracker Log', 'This feature allows the performance of employees to be logged and tracked throughout the year. Such tracking would be helpful during formal performance reviews for both employees and reviewers.', '4.6-'),
(1161, 1161, 1, 7, 'log', 'Once a tracker is created, reviewers can add logs (comments about positive/negative performance) to the tracker.', '4.6-'),
(1162, 1162, 1, 1, 'status', 'Status of Employment/candidates/time-sheets', '4.6-'),
(1163, 1163, 1, 7, 'available Reviewers', 'Relevant people who will be able to track employees performance.', '4.6-'),
(1164, 1164, 1, 7, 'added Reviewers', 'Reviewers added for the tracker log.', '4.6-'),
(1165, 1165, 1, 7, 'Add Performance Tracker', NULL, '4.6-'),
(1166, 1166, 1, 7, 'Performance Tracker Log Comment', 'Once a tracker is created, reviewers can add logs (comments about positive/negative performance) to the tracker.', '4.6-'),
(1167, 1167, 1, 7, 'achievement', 'The User can determine the work percentage achieved and indicate that in the progress bar in order to track the goal completion. , Performance->Goal->Add Goal', '4.6-'),
(1168, 1168, 1, 7, 'invalid name', 'This error message appears when a not allowable name (Unacceptable) is added in the system.', '4.6-'),
(1169, 1169, 1, 7, 'Performance Tracker', 'It allows the performance of employees to be logged and tracked throughout the year. Such tracking would be helpful during formal performance reviews for both employees and reviewers.', '4.6-'),
(1170, 1170, 1, 7, 'Achievement', 'Tracking Goal Achievement by determining the work percentage achieved and indicated in the progress bar', '4.6-'),
(1171, 1171, 1, 7, 'Log', 'Once a tracker is created, reviewers can add logs (comments about positive/negative performance) to the tracker.', '4.6-'),
(1172, 1172, 1, 7, 'Reviewer', 'The person who reviews an employee performance,A Reviewer can be any employee regardless of him/her being a supervisor/subordinate or any other role.', '4.6-'),
(1173, 1173, 1, 7, 'Added Date', 'Date that performance tracker log is added captured automatically.', '4.6-'),
(1174, 1174, 1, 7, 'Modified Date', 'Once added, they can be modified.Added and Modified dates are captured automatically.\r\n          Modified date log entries added to the tracker captured automatically.\n        ', '4.6-'),
(1175, 1175, 1, 7, 'Performance Trackers List', 'The Admin can then enter a Tracker Name, select Employee who will be tracked, and then pick the relevant reviewers who will be able to track that employees performance.Click on Save to save the performance tracker list.', '4.6-'),
(1176, 1176, 1, 7, ' - Tracker Log ', NULL, '4.6-'),
(1177, 1177, 1, 7, 'Clear', 'Remove unwanted items in a form', '4.6-'),
(1178, 1178, 1, 7, 'My Tracker Logs', 'The My Tracker section allows employees to add and view their performance logs.Employees can add and modify only their own log entries and view other reviewer logs, by going to Performance>My Trackers', '4.6-'),
(1179, 1179, 1, 7, 'Employee cannot be assigned as his own reviewer', 'Employees can only view (not modify) the comments added by the reviewers.Also he cannot be a reviewer to his performance logs.', '4.6-'),
(1180, 1180, 1, 7, 'My Performance Trackers List', 'The My Tracker section allows employees to add and view their performance logs.Employees can add and modify only their own log entries and view other reviewer logs, by going to Performance>My Trackers', '4.6-'),
(1181, 1181, 1, 7, 'Tracker', NULL, '4.6-'),
(1182, 1182, 1, 7, 'Tracker Name', 'The Admin can then enter a Tracker Name, select Employee who will be tracked, and then pick the relevant \r\n          reviewers who will be able to track that employees performance.\r', '4.6-'),
(1183, 1183, 1, 5, 'Activities', 'Amount of work performed', '4.6-'),
(1184, 1184, 1, 2, 'Add Currency', 'Add a currency type that is relevant to a country.(global currencies)', '4.6-'),
(1185, 1185, 1, 5, 'Add Customer', 'Add a customer to the system.', '4.6-'),
(1186, 1186, 1, 2, 'Add Employment Status', 'Add employment status such as Full time Permanent/Probation/ Contract to the system.', '4.6-'),
(1187, 1187, 1, 2, 'Add Job Category', 'Allows the admin to create job categories specific to the company to aggregate job classifications. Ex : Officials and Managers', '4.6-'),
(1188, 1188, 1, 2, 'Add Job Title', 'The position that is needed by the company ex: Manager IT', '4.6-'),
(1189, 1189, 1, 2, 'Add Location', 'Locations need to be defined first under Admin>>Organization>>Locations.', '4.6-'),
(1190, 1190, 1, 1, 'Add Membership', 'Add a membership to the system. (Admin>> Qualifications>> Membership)', '4.6-'),
(1191, 1191, 1, 2, 'Add Nationality', 'Allows the HR Admin to define the different nationalities that present in the company which can later be used in the PIM Module. Various nationalities are already predefined.', '4.6-'),
(1192, 1192, 1, 2, 'Add Pay Grade', 'Define the pay grades by setting a minimum salary, maximum salary, step increase, and the currency to be paid in.', '4.6-'),
(1193, 1193, 1, 5, 'Add Project', 'Add Project Information; Customers, Projects and Activities.', '4.6-'),
(1194, 1194, 1, 5, 'Add Project Activity', 'Project activities can be added for the particular project', '4.6-'),
(1195, 1195, 1, 2, 'Add Subscriber', 'Admin add subscribers to notifications by ticking “Email Addresses\".', '4.6-'),
(1196, 1196, 1, 2, 'Add Unit', 'Adding a sub unit of an organization', '4.6-'),
(1197, 1197, 1, 2, 'Add User', 'Adding a system user to the system.To add a system user, go to Admin>> User Management>> Users and click “Add”.', '4.6-'),
(1198, 1198, 1, 2, 'Add Work Shift', 'Admin can define work shifts for an individual or a group of employees. To add an entry, go to Admin>> Job>> Work Shifts', '4.6-'),
(1199, 1199, 1, 5, 'Projects under selected customer will also be deleted', 'When Admin attempts to delete a particular customer, there will be an error message saying that all projects under the selected customer also will be deleted.', '4.6-'),
(1200, 1200, 1, 5, 'Units under selected unit will also be deleted', NULL, '4.6-'),
(1201, 1201, 1, 2, 'Assigned Currencies', 'You can assign multiple currencies here and each currency defined will be listed under “Assigned Currencies”', '4.6-'),
(1202, 1202, 1, 2, 'Assigned Employees', 'The Admin can view assigned (In-Use) assets of employees.', '4.6-'),
(1203, 1203, 1, 2, 'Available Employees', 'Employees available in the company at present.', '4.6-'),
(1204, 1204, 1, 1, 'Better', NULL, '4.6-'),
(1205, 1205, 1, 2, 'Click on a notification type to add subscribers', 'It is stated below the email subscribers grid as a helping text to ask the user to select a candidate to perform further actions.', '4.6-'),
(1206, 1206, 1, 3, 'Column order should not be changed', 'the column format of the CSV File should be the same as the “Sample CSV File”.', '4.6-'),
(1207, 1207, 1, 1, 'Confirm New Password', 'Once the new password(s) has been entered, have to re-enter it to get it confirmed.', '4.6-'),
(1208, 1208, 1, 5, 'Copy Activity', 'make a similar or identical version of an activity', '4.6-'),
(1209, 1209, 1, 3, 'CSV Data Import', 'Information will be captured from a CSV file which is up to 1 MB (Allows the Admin to import data from a CSV file)', '4.6-'),
(1210, 1210, 1, 1, 'Current Password', 'Password that uses at present.', '4.6-'),
(1211, 1211, 1, 1, 'Current Password Is Wrong', 'The password that is using at present is wrong.', '4.6-'),
(1212, 1212, 1, 5, 'Customer', 'You can enter details of your customers that can be used to define projects and project activities', '4.6-'),
(1213, 1213, 1, 5, 'Customer Name', 'Name of the customer; Needs to be defined first before adding a project name', '4.6-'),
(1214, 1214, 1, 2, 'Date Format', 'Configure the date format under “Localization” the date will then be converted from YYYY-MM-DD to the localized date format.', '4.6-'),
(1215, 1215, 1, 2, 'Description is not specified', 'When adding a disciplinary case, description should be specified.', '4.6-'),
(1216, 1216, 1, 2, 'Done', 'The system will track changes made to the records with date', '4.6-'),
(1217, 1217, 1, 3, 'Each import file should be configured for 100 records or less', 'PIM->Configure->Data Import', '4.6-'),
(1218, 1218, 1, 2, 'Edit Currency', 'Do some changes for the currencies to be paid in.', '4.6-'),
(1219, 1219, 1, 5, 'Edit Customer', 'You can edit details of your customers that can be used to define projects and project activities.', '4.6-'),
(1220, 1220, 1, 2, 'Edit Employment Status', 'Do some changes to employment status such as Full time Permanent/Probation/ Contract to the system.', '4.6-'),
(1221, 1221, 1, 2, 'Edit Job Category', 'Allows the admin toedit job categories specific to the company to aggregate job classifications. Ex : Officials and Managers', '4.6-'),
(1222, 1222, 1, 2, 'Edit Job Title', 'Alter the position that is needed by the company ex: Manager IT', '4.6-'),
(1223, 1223, 1, 2, 'Edit Location', 'All company locations need to be defined first under Admin>>Organization>>Locations', '4.6-'),
(1224, 1224, 1, 1, 'Edit Membership', 'Add a membership to the system. (Admin>> Qualifications>> Membership)', '4.6-'),
(1225, 1225, 1, 2, 'Edit Nationality', 'Allows the HR Admin to define the different nationalities that present in the company which can later be used in the PIM Module. Various nationalities are already predefined.', '4.6-'),
(1226, 1226, 1, 2, 'Edit Pay Grade', 'Define the pay grades by setting a minimum salary, maximum salary, step increase, and the currency to be paid in.', '4.6-'),
(1227, 1227, 1, 5, 'Edit Project', 'Edit Project Information; Customers, Projects and Activities.', '4.6-'),
(1228, 1228, 1, 5, 'Edit Project Activity', 'Project activities can be changed depending on the project.', '4.6-'),
(1229, 1229, 1, 2, 'Edit Subscriber', 'Allow the admin to edit that subscribe to email notifications that will be sent to the employee.', '4.6-'),
(1230, 1230, 1, 2, 'Edit Unit', 'Editing a sub unit of an organization', '4.6-'),
(1231, 1231, 1, 2, 'Edit User', 'Edit a system user in the system.To add a system user, go to Admin>> User Management>> Users and go to an existing user record and click “Edit”.', '4.6-'),
(1232, 1232, 1, 2, 'Edit Work Shift', 'Admin can edit the defined work shifts for an individual or a group of employees. To add an entry, go to Admin>> Job>> Work Shifts and go to an existing work shift record and click “Edit”.', '4.6-'),
(1233, 1233, 1, 2, 'Successfully Saved. Test Email Sent', 'It is a user friendly message saying that saving of a record is done successfully and triggers the sending of test mail', '4.6-'),
(1234, 1234, 1, 2, 'Successfully Saved. Test Email Not Sent', 'It is a user friendly message saying that saving of a record is done successfully and not triggers the sending of test mail', '4.6-'),
(1235, 1235, 1, 2, 'Email Notification', 'Use email notifications to send selected users email about specific activities in the system, such as updates to incidents or change requests.', '4.6-'),
(1236, 1236, 1, 2, 'Enable Admin module', 'removed enable/disable module display. However this should be enabled from the back end.', '4.6-'),
(1237, 1237, 1, 2, 'Enable Benefits module', 'Not available in the system', '4.6-'),
(1238, 1238, 1, 2, 'Enable Leave module', 'Not available in the system', '4.6-'),
(1239, 1239, 1, 2, 'Enable Performance module', 'Not available in the system', '4.6-'),
(1240, 1240, 1, 2, 'Enable PIM module', 'Not available in the system', '4.6-'),
(1241, 1241, 1, 2, 'Enable Recruitment module', 'Not available in the system', '4.6-'),
(1242, 1242, 1, 2, 'Enable Time module', 'Not available in the system', '4.6-'),
(1243, 1243, 1, 1, 'Fax', 'When adding general information of the company this information (Fax No) should be given.', '4.6-'),
(1244, 1244, 1, 3, 'First Name and Last Name are compulsory', 'When adding an employee to the system, first name and last name are considered as required fields.', '4.6-'),
(1245, 1245, 1, 2, 'Following languages are supported', 'To translate the system to the language of choice, click on the “Use Browser Language if set” and select from the “Supported Language” provided.', '4.6-'),
(1246, 1246, 1, 2, 'Hours Per Day', 'When viewing monthly attendance report, need to specify no of hours spent on work', '4.6-'),
(1247, 1247, 1, 3, 'If gender is specified, value should be either', 'If gender is specified, value should be either male or female', '4.6-'),
(1248, 1248, 1, 1, 'Job Description', 'You could describe the role of the employee in the company through this feature', '4.6-'),
(1249, 1249, 1, 2, 'Leave Applications', 'The administrator can set up restrictions for leave applications and all pending ones will be displayed in dashboard', '4.6-'),
(1250, 1250, 1, 2, 'Leave Approvals', 'Approve Leave for his/her subordinates', '4.6-'),
(1251, 1251, 1, 2, 'Leave Assignments', 'This feature is only available to an HR Admin (Global and Regional) and ESS-Supervisor. To assign leave, go to Leave>> Assign Leave Assign Leave for any employee or his/her subordinates', '4.6-'),
(1252, 1252, 1, 2, 'Leave Cancellations', 'Assigned or applied leave can be cancelled due to various valid reasons.', '4.6-'),
(1253, 1253, 1, 2, 'Leave Rejections', 'When an employee applies for a leave his Supervisor and Admin will receive a mail with a link to the leave list and upon clicking on that link either the Supervisor or the Admin can reject the leave without approving.', '4.6-'),
(1254, 1254, 1, 2, 'Location Name', 'You may also enter multiple locations. You may view location details by clicking on “Location Name”.', '4.6-'),
(1255, 1255, 1, 2, 'Mail Configuration', 'Configuration of mail settings is essential to accommodate sending and receiving notifications related to the operations performed within the OrangeHRM application.To configure the mail settings, go to Admin>> Configuration>>Email Settings', '4.6-'),
(1256, 1256, 1, 2, 'Mail Sent As', 'As with which email address the mail should be sent', '4.6-'),
(1257, 1257, 1, 2, 'Maximum Salary', 'Maximum Salary are auto-loaded (non-editable) information based on the Pay Grade which is pre-defined in the Admin module.', '4.6-'),
(1258, 1258, 1, 1, 'Medium', 'Refers to the strength of the password', '4.6-'),
(1259, 1259, 1, 2, 'Minimum Salary', 'Minimum Salary are auto-loaded (non-editable) information based on the Pay Grade which is pre-defined in the Admin module.', '4.6-'),
(1260, 1260, 1, 2, 'Module Configuration', 'This feature enables the HR Admin to configure the display/hide settings of the modules of the system.(Configure enable/disable module display)', '4.6-'),
(1261, 1261, 1, 1, 'New Password', 'The user can now enter the new password. The password reset options are provided based on the prior selections made by user.', '4.6-'),
(1262, 1262, 1, 5, 'No activities selected', 'This message appears when there is no Project activities selected for a particular project in order to update time sheets', '4.6-'),
(1263, 1263, 1, 5, 'No assigned activities', 'This message appears when there is no on-boarding activities were assigned to task owners', '4.6-'),
(1264, 1264, 1, 5, 'Not Allowed to Delete Customer(s) Which Have Time Logged Against', NULL, '4.6-'),
(1265, 1265, 1, 5, 'Not Allowed to Delete Project Activites Which Have Time Logged Against', NULL, '4.6-'),
(1266, 1266, 1, 2, 'Notification Type', 'To subscribe to a notification type, go to Admin>> Configuration>> Email Subscriptions and multiple entries of subscribers for a particular notification type may also be added or deleted.', '4.6-'),
(1267, 1267, 1, 2, 'Number of Employees', 'The number of employees under each sub unit', '4.6-'),
(1268, 1268, 1, 2, 'Organization Name', 'You need to define the company name of the parent company before you create the Company Structure.', '4.6-'),
(1269, 1269, 1, 2, 'Path to Sendmail', 'Under configuring mail, when we select send mail option for Sending method field, system asks for path to send mail.', '4.6-'),
(1270, 1270, 1, 2, 'Performance Review Submissions', 'Submit performance reviews after adding comments to it', '4.6-'),
(1271, 1271, 1, 1, 'Phone', 'provide a “Home Telephone” or “Mobile Number” the company can reach the employee.', '4.6-'),
(1272, 1272, 1, 5, 'Project', 'Add Project Information; Customers, Projects and Activities', '4.6-'),
(1273, 1273, 1, 5, 'Project Admin', 'The employee assigned for the project to monitor it. You may assign more employees for the project.', '4.6-'),
(1274, 1274, 1, 5, 'Project Admins', 'The employee assigned for the project to monitor it. You may assign more employees for the project.', '4.6-'),
(1275, 1275, 1, 2, 'Registration Number', 'When adding general information of the company, company registration number should be added to the system.', '4.6-'),
(1276, 1276, 1, 3, 'Sample CSV file', 'Column format of the CSV File should be the same as the “Sample CSV File”. Click on Sample CSV File: “Download” to view the column format', '4.6-'),
(1277, 1277, 1, 2, 'Send Test Email', 'if you ticked this option when configuring mails, system sends out a test mail to the email specified to check functionality', '4.6-'),
(1278, 1278, 1, 2, 'Sending Method', 'It is a field appears under mail configuration. Ex: SMTP', '4.6-'),
(1279, 1279, 1, 2, 'Shift Name', 'When HR Admin defining work shifts for an individual or a group of employees, shift name should be specified', '4.6-'),
(1280, 1280, 1, 2, 'SMTP Password', 'In configuration of mail settings this option is essential to accommodate sending and receiving notifications', '4.6-'),
(1281, 1281, 1, 2, 'SMTP Port', 'In configuration of mail settings this option is essential to accommodate sending and receiving notifications', '4.6-'),
(1282, 1282, 1, 2, 'SMTP User', 'In configuration of mail settings this option is essential to accommodate sending and receiving notifications', '4.6-'),
(1283, 1283, 1, 2, 'SSL', 'Security Socket Layer', '4.6-'),
(1284, 1284, 1, 1, 'Strong', 'Refers to the strength of the password.', '4.6-'),
(1285, 1285, 1, 1, 'Strongest', 'Refers to the strength of the password.', '4.6-'),
(1286, 1286, 1, 2, 'Subscribers', 'multiple entries of subscribers for a particular notification type may also be added or deleted.\r\r', '4.6-'),
(1287, 1287, 1, 2, 'OrangeHRM - Supported Languages', 'Different types of supported languages that employees in orangeHRM company speak can be defined.', '4.6-'),
(1288, 1288, 1, 2, 'Supported languages', 'The default language of the system is US English however you may also use an already set up browser language to translate the system to the language of choice. For example: If you are using Firefox as your browser and it’s translated in UK English language and you want to use this particular language, click on the “Use Browser Language if set” and select from the “Supported Language” provided', '4.6-'),
(1289, 1289, 1, 2, 'System Users', 'You may also add multiple entries of user logins. The default system user available will be Admin and has full access to the system.', '4.6-'),
(1290, 1290, 1, 2, 'Tax ID', 'It refers to the Tax ID of the company.', '4.6-'),
(1291, 1291, 1, 2, 'Test Email Address', 'If send a test mail option is ticked, need to specify a Test Email Address', '4.6-'),
(1292, 1292, 1, 2, 'This unit will be added under', 'This helps when sub units moved around and dragged and dropped to the appropriate places in the company hierarchy', '4.6-'),
(1293, 1293, 1, 2, 'TLS', NULL, '4.6-'),
(1294, 1294, 1, 2, 'Unit Id', 'Unit Identification, Unit ID helps to uniquely identify each unit.', '4.6-'),
(1295, 1295, 1, 2, 'Use browser language if set', 'If you are using Firefox as your browser and it’s translated in UK English language and you want to use this particular language, click on the “Use Browser Language if set” and select from the “Supported Language” provided.', '4.6-'),
(1296, 1296, 1, 2, 'Use SMTP Authentication', 'To configure the mail settings, go to Admin>> Configuration>>Email Settings,confirm yes/no to the option \"Use SMTP Authentication\"', '4.6-'),
(1297, 1297, 1, 2, 'User Secure Connection', NULL, '4.6-'),
(1298, 1298, 1, 2, 'User Type', 'This feature functions in different ways depending on the user type', '4.6-'),
(1299, 1299, 1, 1, 'Very Weak', 'Refers to the strength of the password.', '4.6-'),
(1300, 1300, 1, 1, 'Weak', 'Refers to the strength of the password.', '4.6-'),
(1301, 1301, 1, 1, 'Zip Code', 'A code which was established by the United States Postal Service, for the purposes of identifying a location and routing the mail to that location.\r\n          Zip code stands for ‘Zoning Improvement Plan\' code.\n        ', '4.6-'),
(1302, 1302, 1, 3, 'Failed to Import: File Type Not Allowed', 'The file type we insert is not matching with what we required.Therefore, the system doesn\'t support it and shows this validation text.', '4.6-'),
(1303, 1303, 1, 3, 'Failed to Import: File Size Exceeded', 'The file we insert is big in size.Therefore, the system doesn\'t support to upload and shows this validation text.', '4.6-'),
(1304, 1304, 1, 3, 'Failed to Import: No Compatible Records', 'This validation message appears when uploading a file which has no compatible records', '4.6-'),
(1305, 1305, 1, 3, 'Number of Records Imported', NULL, '4.6-'),
(1306, 1306, 1, 2, 'Should be higher than Minimum Salary', 'Admin can define the pay grades by setting a minimum salary, maximum salary, step increase, and the currency to be paid in. To add an entry, go to Admin>>Job>> Pay Grades and click “Add”', '4.6-'),
(1307, 1307, 1, 2, 'Level Already Exists', NULL, '4.6-'),
(1308, 1308, 1, 3, 'All date fields should be in YYYY-MM-DD format', 'The fields that input dates should be in the standard format (ex: 2014-12-12)', '4.6-'),
(1309, 1309, 1, 3, 'Multiple import files may be required', 'In CSV import, you may carry out multiple imports but maximum of 100 records or less per data import.', '4.6-'),
(1310, 1310, 1, 2, 'Language and font help', 'The Localizit language pack tool can also be obtained from the website by clicking on “Language and font help”', '4.6-'),
(1311, 1311, 1, 2, 'Organization Structure', 'This feature allows the admin to define the hierarchy of the company by defining sub units. Since the parent company is already defined in the General Information, it would automatically appear in the Company Structure screen.To add a sub- unit to the company structure, go to Admin>> Organization>> Structure and click on [+]', '4.6-'),
(1312, 1312, 1, 5, 'This is a deleted customer. Reactivate again?', 'This is a message which appear when the user triggers a certain action to a deleted customer.', '4.6-'),
(1313, 1313, 1, 5, 'Customer will be undeleted', 'To delete an entry, click on the check box next to the “Customer” name. If there are multiple entries of projects with submitted time sheets under same customer, error message says the customer will be undeleted', '4.6-'),
(1314, 1314, 1, 5, 'A new customer will be created with same name', 'This message appears when attempting to add a customer with same name of an existing customer.', '4.6-'),
(1315, 1315, 1, 1, 'Will take no action', NULL, '4.6-'),
(1316, 1316, 1, 2, 'Click on Edit button to enable notifications', 'It is stated below the email subscribers grid as a helping text to ask the user to select a candidate to perform further actions.', '4.6-'),
(1317, 1317, 1, 2, 'To enable notifications click on Edit button and select the relevant check-box', NULL, '4.6-'),
(1318, 1318, 1, 2, 'View Pay Grade', 'To view Pay Grade details click on the name of the Pay Grade.', '4.6-'),
(1319, 1319, 1, 2, 'View Job Title', 'You may view Job Title details by clicking on the name of the “Job Title”.', '4.6-'),
(1320, 1320, 1, 8, 'Dashboard', 'The Dashboard is a page which provides a summary of vital information (Eg: Number of employees in a department, or leave taken by each department) and a quick access to certain tasks (Eg: Leave applications pending for approval)', '4.6-'),
(1321, 1321, 1, 8, 'Quick Launch', 'This dashboard panel contains some shortcuts for invoking certain menu items', '4.6-'),
(1322, 1322, 1, 8, 'Employee Distribution by Subunit', 'Information about employees for a single employer according to sub unit.', '4.6-'),
(1323, 1323, 1, 8, 'Not assigned to Subunits', 'Under dashboard module, there is a legend to charts which shows employees not assigned to Subunits', '4.6-'),
(1324, 1324, 1, 8, 'Pending Leave Requests', 'Leave Requests that are pending for supervisor approval', '4.6-'),
(1325, 1325, 1, 4, 'Apply Leave', 'Allows a user to apply for leave.In the dashboard module all the employees who have applied for leave will be shown in the form of a pictorial representation, e.g. bar graph, pie chart etc.', '4.6-'),
(1326, 1326, 1, 5, 'My Timesheet', 'When an ESS-Employee or an ESS-Supervisor wants to enter his/her time sheet, they can go to Time>> Time sheets>> My Time sheets', '4.6-'),
(1327, 1327, 1, 8, 'No Records are Available', 'This message appears when there is no records available', '4.6-'),
(1328, 1328, 1, 8, '%months% month(s)', 'Don\'t translate %months%. Time period in months', '4.6-'),
(1329, 1329, 1, 8, 'Total : ', NULL, '4.6-'),
(1330, 1330, 1, 8, 'No Data to Display', 'This message appears when there is no Data to Display', '4.6-'),
(1331, 1331, 1, 8, 'Legend', 'Legend colors have been used to signify different leave types and their statuses.', '4.6-'),
(1332, 1332, 1, 5, 'Actions Performed on the Timesheet', 'Tasks performed relevant to time sheets.', '4.6-'),
(1333, 1333, 1, 5, 'Add Row', 'You may also add a row by clicking “Add Row” to enter another time sheet record for another project activity.', '4.6-'),
(1334, 1334, 1, 5, 'Add Timesheet', 'Add a time sheet for a week period, the projects he/she was assigned to by clicking “Add Time sheet”', '4.6-'),
(1335, 1335, 1, 5, 'Attendance Total Summary Report', '\"Select the “Employee Name” from the drop down list, his/her “Job Title” and “Sub- Unit” he/she falls under and his/her “Employment Status”. The default job title/sub-unit/employment status is “All”. You may also select the date range you want to view the report for.', '4.6-'),
(1336, 1336, 1, 5, 'Define Timesheet Period', 'It will populate under the “Time sheet for week”,define one-week time period from the date entered', '4.6-'),
(1337, 1337, 1, 5, 'Deleted project activities are not editable', 'It is a validation message that appear when someone is trying to edit a project/activity that is already being deleted.', '4.6-'),
(1338, 1338, 1, 5, 'Deleted projects/activities are marked with an asterik', 'All the projects/activities that are deleted will be displayed with an asterisk mark.', '4.6-'),
(1339, 1339, 1, 5, 'Edit Timesheet for', 'You may edit time sheet details for a certain period of time.', '4.6-'),
(1340, 1340, 1, 5, 'Edit Timesheet for Month', 'You may edit time sheet details for month period.', '4.6-'),
(1341, 1341, 1, 5, 'Edit Timesheet for Week', 'The current week will populate under the “Time sheet for week”. You may edit time sheet details for week period.', '4.6-'),
(1342, 1342, 1, 5, 'Edit timesheet for week starting', 'You may also add a time sheet for another week period by clicking “Add Time sheet” and another field, “Select a Day to Create Time sheet” will appear in which you can select the first day of the week from the drop down menu and the system will automatically calculate a one-week time period from the date entered', '4.6-'),
(1343, 1343, 1, 1, 'Employee name', 'Name of the employee.', '4.6-'),
(1344, 1344, 1, 5, 'Employee Report', 'Generate reports that are relevant to employees', '4.6-'),
(1345, 1345, 1, 5, 'Should Be Less Than 24 and in HH:MM or Decimal Format', 'It is a validation message which says the time should Be Less Than 24 and in HH:MM or Decimal Format', '4.6-'),
(1346, 1346, 1, 5, 'Enter Employee Name', 'Employee name should be entered here.', '4.6-'),
(1347, 1347, 1, 5, 'First Day of Week', 'When “Select a Day to Create Timesheet” will appear in which you can select the first day of the week from the drop down menu', '4.6-'),
(1348, 1348, 1, 5, 'for Month starting on', 'If the accrual frequency is monthly or setting up custom leave period when then need to specify the months it applies for.', '4.6-'),
(1349, 1349, 1, 5, 'for Week', 'The current week will populate under the “Time sheet for week”.', '4.6-'),
(1350, 1350, 1, 1, 'Fri', 'Abbreviation of Friday', '4.6-'),
(1351, 1351, 1, 1, 'hours', 'When exporting the leave list to a CSV file, Duration(hours) of employee\'s leave will be displayed.', '4.6-'),
(1352, 1352, 1, 5, 'Failed to Create: Future Timesheets Not Allowed', 'This validation message appears when failing to create since future time sheets are not allowed', '4.6-'),
(1353, 1353, 1, 1, 'Mon', 'Abbreviation of Monday', '4.6-'),
(1354, 1354, 1, 5, 'No Accessible Timesheets', 'This error message appears when there is no accessible time sheets to submit employee work.', '4.6-'),
(1355, 1355, 1, 5, 'Not Submitted', 'It is a status of the timesheet, when an employee did not submit his/her weekly timesheets on time.', '4.6-'),
(1356, 1356, 1, 5, 'Proceed with Time Module', NULL, '4.6-'),
(1357, 1357, 1, 5, 'Project Activity Details Report', 'The Admin can view can reports for all projects and the ESS – Supervisors can view reports of projects administered by them or projects assigned to them. To view project reports go to Time>> Reports>> Project Reports', '4.6-'),
(1358, 1358, 1, 5, 'Project Report', 'The Admin can view can reports for all projects and the ESS – Supervisors can view reports of projects administered by them or projects assigned to them. To view project reports go to Time>> Reports>> Project Reports', '4.6-'),
(1359, 1359, 1, 5, 'Remove Rows', '“Remove Rows” and the record will no longer appear on the time sheet record.', '4.6-'),
(1360, 1360, 1, 1, 'Sat', 'Abbreviation for Saturday', '4.6-'),
(1361, 1361, 1, 5, 'Select a Day to Create Timesheet', 'You may also add a timesheet for another week period by clicking “Add Timesheet” and another field, “Select a Day to Create Timesheet” will appear in which you can select the first day of the week from the drop down menu and the system will automatically calculate a one-week time period from the date entered', '4.6-'),
(1362, 1362, 1, 5, 'Select Employee', 'It is a user friendly text which asked the user to select Employee to view employee’s time-sheet', '4.6-'),
(1363, 1363, 1, 1, 'Status:', 'Status of Employment/candidates/time-sheets', '4.6-'),
(1364, 1364, 1, 1, 'Sun', 'Abbreviation of Sunday', '4.6-'),
(1365, 1365, 1, 1, 'Thu', 'Abbreviation of Thursday', '4.6-'),
(1366, 1366, 1, 5, 'Duplicate Records Found', 'When adding the same record again, a message will pop us saying Duplicate Records Found', '4.6-'),
(1367, 1367, 1, 5, 'Timesheet for', 'The current week will populate under the “Time sheet for week”.', '4.6-'),
(1368, 1368, 1, 5, 'Timesheet Period', 'When user select the first day of the week from the drop down menu and the system will automatically calculate a one-week timesheet period (to find Time sheet End Date ) from the date entered (Time sheet Start Date)', '4.6-'),
(1369, 1369, 1, 5, 'Timesheet period start day has been set', 'When user select the first day of the week from the drop down menu and the system will automatically calculate a one-week timesheet period (to find Time sheet End Date ) from the date entered (Time sheet Start Date)', '4.6-'),
(1370, 1370, 1, 5, 'Timesheet period start day has not been defined. Please contact HR Admin', 'This error message triggers when you fail to set a time sheet start date', '4.6-'),
(1371, 1371, 1, 5, 'Timesheets Pending Action', 'Timesheet with pending action can also be viewed on the screen. Click “View” to see the details of the time sheet under “Time sheets Pending Action”', '4.6-'),
(1372, 1372, 1, 1, 'Tue', 'Abbreviation of Tuesday', '4.6-'),
(1373, 1373, 1, 1, 'Wed', 'Abbreviation for Wednesday', '4.6-'),
(1374, 1374, 1, 1, 'Week', 'A time unit equal to seven days', '4.6-'),
(1375, 1375, 1, 5, 'Select a Project and an Activity', 'It is a user friendly text which asked the user to select a Project and an Activity when submitting time-sheets', '4.6-'),
(1376, 1376, 1, 5, 'Select Records to Remove', 'It is a user friendly text which asked the user to select Records to Remove', '4.6-'),
(1377, 1377, 1, 5, 'Timesheet Already Exists', 'This message triggers when adding a time sheet with same name', '4.6-'),
(1378, 1378, 1, 5, 'Timesheet Submitted', 'It is a a status of the timesheet, when an employee submitted their weekly timesheets on time.', '4.6-'),
(1379, 1379, 1, 5, 'No Timesheets Found', 'This message appears when there is no Time sheets Found', '4.6-'),
(1380, 1380, 1, 5, 'Timesheet Approved', 'Once approved the timesheet, particular employee will also be updated with the status “Approved”.', '4.6-'),
(1381, 1381, 1, 5, 'Timesheet Rejected', 'Once rejected the timesheet, particular employee will also be updated with the status “Rejected”.', '4.6-'),
(1382, 1382, 1, 5, 'No Changes to Delete', 'This message appears when there is no Changes to Delete', '4.6-'),
(1383, 1383, 1, 5, 'Total Should Be Less Than 24 Hours', 'It is a validation message which says the total time should Be Less Than 24', '4.6-'),
(1384, 1384, 1, 3, 'Remaining number of custom fields', NULL, '4.6-'),
(1385, 1385, 1, 3, 'Account Number', 'It refers to the account number of the employee to which salary is credited', '4.6-'),
(1386, 1386, 1, 3, 'Account Type', 'User has to select the account type, whether salary will be credited to a savings a/c or a check will be given', '4.6-'),
(1387, 1387, 1, 3, 'Activate Employment', 'This is a criteria that has to be fulfilled in order to re-activate a former employee who has been terminated.', '4.6-'),
(1388, 1388, 1, 3, 'Add Custom Field', 'Allows to create new fields for users to fill out more information.', '4.6-'),
(1389, 1389, 1, 3, 'Add Dependent', 'Add parents or kids who are depending on an employee.', '4.6-'),
(1390, 1390, 1, 3, 'Add Direct Deposit Details', 'Add the bank account details to deposit of funds directly into a bank account as a form of payment.', '4.6-'),
(1391, 1391, 1, 3, 'Add Emergency Contact', 'Contact details of an employee which will be needed during an emergency can be entered here.', '4.6-'),
(1392, 1392, 1, 3, 'Add Immigration', 'Adding details of the employee\'s passport or visa.', '4.6-'),
(1393, 1393, 1, 3, 'Add Membership Details', 'This feature allows the HR Admin to define different membership details of the employees which can be later used in the PIM Module.', '4.6-'),
(1394, 1394, 1, 3, 'Add Reporting Method', 'Define the reporting methods between an ESS Employee and Supervisor.', '4.6-'),
(1395, 1395, 1, 3, 'Add Subordinate', 'Add employees who are reporting to a particular Supervisor.', '4.6-'),
(1396, 1396, 1, 3, 'Add Supervisor', 'Adding the employee to whom a particular subordinate reports to.', '4.6-'),
(1397, 1397, 1, 3, 'Add Supervisor/Subordinate', 'Adding Supervisors or Subordinates.', '4.6-'),
(1398, 1398, 1, 3, 'Add Termination Reason', 'Define various termination reasons that is used by the company.Go to PIM>>Configuration>>Termination Reason. Ex: Prolonged illness', '4.6-'),
(1399, 1399, 1, 3, 'Add Work Experience', 'Previous work experiences of an employee can be entered here.', '4.6-'),
(1400, 1400, 1, 3, 'All customs fields are in use', 'You may also add multiple entries of custom fields and it gives a friendly message when all are in use by employees.', '4.6-'),
(1401, 1401, 1, 3, 'Assigned Dependents', 'When you add details of the employee\'s dependents it\'ll be listed as assigned dependents.', '4.6-'),
(1402, 1402, 1, 3, 'Assigned Emergency Contacts', 'Assign the “Name” of the person you wish the company to contact in case of emergency, the “Relationship” of the employee to the contact person provided and a “Home Telephone” or “Mobile Number” the company can reach him/her.', '4.6-'),
(1403, 1403, 1, 3, 'Assigned Immigration Records', 'To assign immigration information of a particular employee such as passport details/visa details', '4.6-'),
(1404, 1404, 1, 3, 'Assigned Memberships', 'If employees are members of any committee, institute etc. those details can be assigned to employees', '4.6-'),
(1405, 1405, 1, 3, 'Assigned Subordinates', 'When you add details of the employee\'s subordinates it\'ll be listed as assigned subordinates.', '4.6-'),
(1406, 1406, 1, 3, 'Assigned Supervisors', 'When you add details of the employee\'s supervisors it\'ll be listed as assigned supervisors.', '4.6-'),
(1407, 1407, 1, 3, 'At least one phone number is required', 'Error message that appears when ou try to assign a emergency contact without a phone number', '4.6-'),
(1408, 1408, 1, 3, 'Bi Weekly', 'Twice a month.', '4.6-'),
(1409, 1409, 1, 3, 'child', 'An employee\'s child.', '4.6-'),
(1410, 1410, 1, 3, 'Child', 'An employee\'s child.', '4.6-'),
(1411, 1411, 1, 3, 'Configure PIM', 'Configure Personnel information Management', '4.6-'),
(1412, 1412, 1, 3, 'Contract Details', 'Details of employee job contract', '4.6-'),
(1413, 1413, 1, 3, 'Country Specific Information', 'Specific Information related to a country', '4.6-'),
(1414, 1414, 1, 3, 'Create Login Details', 'Creating a user name and password for a new employee', '4.6-'),
(1415, 1415, 1, 3, 'Custom', 'The Admin can customize and add fields to all the screen of the PIM Module that may be specific and relevant to the company.', '4.6-'),
(1416, 1416, 1, 3, 'Custom Field Name', 'Define a suitable name for the custom field. Ex: Hardware', '4.6-'),
(1417, 1417, 1, 3, 'Date of Expiry', 'Date of expiry of driver\'s license.', '4.6-'),
(1418, 1418, 1, 3, 'Direct Deposit', 'If salaries of employees are to be transferred or deposited into accounts, those details can be specified under direct deposit.', '4.6-'),
(1419, 1419, 1, 3, 'Document', 'HR Admin publishes and shares company related documents with all employees in the company.', '4.6-'),
(1420, 1420, 1, 3, 'Document No', 'The “Number” of Document whether it is a passport number or a visa number', '4.6-'),
(1421, 1421, 1, 3, 'Drop Down', 'It can be also called either drop down menu or drop down list.it displays (drops down) a list of values/items, from which the user may select one.', '4.6-'),
(1422, 1422, 1, 3, 'Edit Custom Field', 'Do some changes to new fields that are created for users to fill out more information.', '4.6-'),
(1423, 1423, 1, 3, 'Edit Dependent', 'You can change details of an employee\'s dependent.', '4.6-'),
(1424, 1424, 1, 3, 'Edit Emergency Contact', 'You can edit contact details of an employee which will be needed during an emergency can be entered here.', '4.6-'),
(1425, 1425, 1, 3, 'Edit Employment Termination', 'Alter various termination reasons that is used by the company.Go to PIM >>Configuration>>Termination Reason. Ex: Prolonged illness', '4.6-'),
(1426, 1426, 1, 3, 'Edit Membership Detail', 'This feature allows the HR Admin to define different membership details of the employees which can be later used in the PIM Module.', '4.6-'),
(1427, 1427, 1, 3, 'Edit Reporting Method', 'Altering the reporting methods between supervisors and subordinates such as direct, indirect', '4.6-'),
(1428, 1428, 1, 3, 'Edit Subordinate', 'You can change details of an employee\'s subordinate.', '4.6-'),
(1429, 1429, 1, 3, 'Edit Supervisor', 'You can change details of an employee\'s supervisor.', '4.6-'),
(1430, 1430, 1, 3, 'Edit Termination Reason', 'Do change the termination reasons that is used by the company.', '4.6-'),
(1431, 1431, 1, 3, 'Edit Work Experience', 'Altering previous work experiences of an employee.', '4.6-'),
(1432, 1432, 1, 3, 'Emergency Contact(s)', 'Contact details of an employee which will be needed during an emergency can be entered here.', '4.6-'),
(1433, 1433, 1, 3, 'Employee Information', 'Employee details such as job info, Salary info, Contact info, immigration info can be considered here.', '4.6-'),
(1434, 1434, 1, 3, 'Employment', 'Agreement between an employer and an employee that the employee will provide certain services on the job.', '4.6-'),
(1435, 1435, 1, 3, 'Employment Contract', 'An employment contract is an agreement between an employer and employee that sets out terms and conditions of employment.A contract can be in writing or verbal.', '4.6-'),
(1436, 1436, 1, 3, 'Enter a number', 'Employee has to enter a number in the given field', '4.6-'),
(1437, 1437, 1, 3, 'Enter allowed options separated by commas', 'Allows entering options that are separated by commas.', '4.6-'),
(1438, 1438, 1, 3, 'Ethnic Race', 'Areas where the ethnic groups located', '4.6-'),
(1439, 1439, 1, 3, 'Exemptions', 'It is an event, which occurs during the execution of a program, that disrupts the normal flow of the program\'s instructions.', '4.6-'),
(1440, 1440, 1, 3, 'Federal Income Tax', 'Tax which is charged on employee\'s income in the US.', '4.6-'),
(1441, 1441, 1, 3, 'Field Name', 'When adding custom fields to a custom field section, field name should be mentioned.', '4.6-'),
(1442, 1442, 1, 3, 'Field Type', 'When adding custom fields, field type needs to be specified such as text, numeric, drop down etc', '4.6-'),
(1443, 1443, 1, 1, 'From date should be before to date', 'If the employee selects a to date that falls before From date when apply/assign for leave, he will receive the error message saying From date should be before To Date.', '4.6-'),
(1444, 1444, 1, 3, 'GPA/Score', 'When adding educational background of an employee to the system, GPA/Score obtained from the Master/Degree/Diploma can be added.', '4.6-'),
(1445, 1445, 1, 3, 'Hourly', 'When viewing monthly attendance report, need to specify no of hours spent on work', '4.6-'),
(1446, 1446, 1, 3, 'Institute', 'Click on the “Add Direct Deposit Details” check box and enter the following details: Name of the Financial Institute: bank name', '4.6-'),
(1447, 1447, 1, 3, 'Issued date should be before expiration date', 'There is a validation error message to be appeared when you enter the issued date of passport/visa after the expiration date of them', '4.6-'),
(1448, 1448, 1, 3, 'Major/Specialization', 'When entering employee’s education background, need to specify Major/Specialization of his/her Masters', '4.6-'),
(1449, 1449, 1, 3, 'Married', 'Marital status is married for the employees who got engaged', '4.6-'),
(1450, 1450, 1, 1, 'Max', 'Maximum amount which is specified in the system for a particular pay-grade.', '4.6-'),
(1451, 1451, 1, 3, 'Membership Type', 'If employees are members of any committee, institute etc. those details can be entered here. To enter employee’s membership details, select “Membership” from the Employee Details column and click “Add”', '4.6-'),
(1452, 1452, 1, 3, 'Military Service', 'Military Service details to be entered when adding personal details of an employee.', '4.6-'),
(1453, 1453, 1, 1, 'Min', 'Minimum salary', '4.6-'),
(1454, 1454, 1, 1, 'Monthly', 'Employees monthly attendance record over a period of time', '4.6-'),
(1455, 1455, 1, 3, 'Monthly on first pay of month.', 'When configuring leave accrual rules, Day of Crediting to Employee has the option First Day of Month.', '4.6-'),
(1456, 1456, 1, 1, 'N/A', 'Not Applicable', '4.6-'),
(1457, 1457, 1, 3, 'Nick Name', 'This allows to have an employee\'s alias name.', '4.6-'),
(1458, 1458, 1, 3, 'Non Resident Alien', NULL, '4.6-'),
(1459, 1459, 1, 3, 'Not Applicable', NULL, '4.6-'),
(1460, 1460, 1, 3, 'other', 'If you wish to notify any other employee regarding this event, type the relevant employee’s name on the “Other Recipient” field', '4.6-'),
(1461, 1461, 1, 3, 'Passport', 'Add details of the “Number” of passport , the “ Issued Date” , “Expiry Date”, the “Eligible Status” of his Passport', '4.6-'),
(1462, 1462, 1, 3, 'Personal Details', 'you have to add details such as employee name, Marital Status, Gender, Date of Birth etc and save the employee with his/her picture', '4.6-'),
(1463, 1463, 1, 3, 'Photograph', 'To add an employee photograph, click on “Choose File” and select the picture from the relevant path and click “Open”.', '4.6-'),
(1464, 1464, 1, 3, 'Please Specify', 'When adding dependents, Additional field will be displayed as \"Please Specify\" If \"Other\" is selected as the \"Relationship\"', '4.6-'),
(1465, 1465, 1, 3, 'Reason', 'HR Admin defines various termination reasons that is used by the company.', '4.6-'),
(1466, 1466, 1, 3, 'Report-to', 'Reporting details of employees are recorded here, e.g. an employee\'s supervisor, \r\n          reporting method and subordinates assigned to him/her will be recorded.\n        ', '4.6-'),
(1467, 1467, 1, 3, 'Screen', 'PIM module screens', '4.6-'),
(1468, 1468, 1, 3, 'Select a Photograph', 'It is a user friendly text which asked the user to select a photograph when uploading a profile picture', '4.6-'),
(1469, 1469, 1, 3, 'Select Membership', 'It is a user friendly text which asked the user to select Membership', '4.6-'),
(1470, 1470, 1, 3, 'Select Options', 'It is a user friendly text which asked the user to select Options', '4.6-'),
(1471, 1471, 1, 3, 'Semi Monthly', 'Twice a month', '4.6-'),
(1472, 1472, 1, 3, 'Show Deprecated Fields', 'When ticking for \"Show Deprecated Fields\", the options Nick Name, Smoker and Military Service in Personal Details get visible in Personal detail screen', '4.6-');
INSERT INTO `ohrm_i18n_lang_string` (`id`, `unit_id`, `source_id`, `group_id`, `value`, `note`, `version`) VALUES
(1473, 1473, 1, 3, 'Show Nick Name, Smoker and Military Service in Personal Details', 'When configure the “Optional Fields” settings, go to PIM>> Configuration>> Optional Fields, and put a tick for \"Show Deprecated Fields\"', '4.6-'),
(1474, 1474, 1, 3, 'Show SIN field in Personal Details', 'Allows Social Identification Number of an employee to be shown in the system', '4.6-'),
(1475, 1475, 1, 3, 'Show SSN field in Personal Details', 'Allows Social Security Number of an employee to be shown in the system.', '4.6-'),
(1476, 1476, 1, 3, 'Show US Tax Exemptions menu', 'Country specific information when configuring Optional field for PIM personal details screen', '4.6-'),
(1477, 1477, 1, 3, 'SIN Number', 'Social Identification Number.', '4.6-'),
(1478, 1478, 1, 3, 'Single', 'select “View” from the drop down menu and click single view,', '4.6-'),
(1479, 1479, 1, 3, 'Smoker', 'It gets listed under the personal details as an optional field', '4.6-'),
(1480, 1480, 1, 3, 'SSN Number', 'Social Security Number', '4.6-'),
(1481, 1481, 1, 3, 'State Income Tax', 'Tax which is charged by local governments on employee\'s income in the US.', '4.6-'),
(1482, 1482, 1, 1, 'Subordinate', 'An employee who is reporting to a supervisor.', '4.6-'),
(1483, 1483, 1, 3, 'Tax Exemptions', 'When configure PIM Optional field, admin can enable show US tax exemptions as a country specific information.Then tax exemption will get displayed in PIM tab.', '4.6-'),
(1484, 1484, 1, 3, 'Terminate Employment', 'Terminate ones from his employment', '4.6-'),
(1485, 1485, 1, 3, 'Terminated Date', 'Date on which the employee being terminated', '4.6-'),
(1486, 1486, 1, 3, 'Terminated on', 'Date on which the employee being terminated', '4.6-'),
(1487, 1487, 1, 3, 'Terminated Reason', 'Default reasons for terminating the employment:• Dismissed, Contract not renewed, • Deceased', '4.6-'),
(1488, 1488, 1, 3, 'Text or Number', 'the mode of entering the data whether it’s a “Drop Down” selection or “Text or Number”', '4.6-'),
(1489, 1489, 1, 3, 'Unemployment State', 'A field that is available under \"State Income Tax\" section when adding tax exemption details of all employees.', '4.6-'),
(1490, 1490, 1, 3, 'User Name', 'Name given for employees to access the system as the system user and login to the system successfully', '4.6-'),
(1491, 1491, 1, 3, 'Visa', 'Select the document type (Visa) you wish to add details of, the “Number” whether it is a visa number, the “ Issued Date” , “Expiry Date”, the “Eligible Status” of his Visa and the “Eligible Review Date” as to when the eligibility status was reviewed.', '4.6-'),
(1492, 1492, 1, 1, 'Weekly', 'Accrue leave on a weekly basis.“Accrual frequency” can be set for weekly', '4.6-'),
(1493, 1493, 1, 3, 'Work experience', 'Under PIM - Qualification tab, details of employees previous work experience can be defined.', '4.6-'),
(1494, 1494, 1, 3, 'Work State', 'A field that is available under \"\"State Income Tax\"\" section when adding tax exemption details of all employees.', '4.6-'),
(1495, 1495, 1, 3, 'Renewal date should be after commence date', 'When assigning memberships to a particular employee, make sure Renewal date should be after commence date.', '4.6-'),
(1496, 1496, 1, 3, 'Delete photograph?', '\"Once u click on the photograph it directs to photograph tab and there u can see two buttons- Upload and Delete\r\n          There u can delete it.Once u click on the delete button it gives a popup with the message \'Delete photograph?\',then confirm it\".\n        ', '4.6-'),
(1497, 1497, 1, 3, 'Failed To Save: User Name Exists', 'This validation message appears when failing to save when trying to enter the same user name', '4.6-'),
(1498, 1498, 1, 3, 'Failed To Save: Employee Id Exists', 'This validation message appears when failing to save when trying to enter the same employee id', '4.6-'),
(1499, 1499, 1, 3, 'Will be deleted from all employees', NULL, '4.6-'),
(1500, 1500, 1, 3, 'First (& Middle) Name', 'The first and middle name of an employee\r\n        ', '4.6-'),
(1501, 1501, 1, 3, 'Failed to Delete: At Least One Admin Should Exist', 'This validation message appears when trying to all admins available in the system', '4.6-'),
(1502, 1502, 1, 3, 'Eligibility Status', 'When adding Immigration information, need to specify the “Eligible Status” \r\n          of his Passport/Visa\n        ', '4.6-'),
(1503, 1503, 1, 3, 'Eligibility Review Date', 'When adding Immigration information, need to specify the “Eligible Review Date” as to when the eligibility\r\n          status was reviewed.\n        ', '4.6-'),
(1504, 1504, 1, 3, 'You do not have credentials to access PIM for employee %employee_name%', 'Don\'t translate %employee_name%. It is a restriction error message which strictly says that user do not have credentials to access PIM for a particular employee', '4.6-'),
(1505, 1505, 1, 3, 'Employee with Employee Number %emp_number% not found!', 'Don\'t translate %emp_number%. This error message pops up when a certain employee number doesn\'t exist in the system.', '4.6-'),
(1506, 1506, 1, 1, 'Active', 'Many application forms can be created for a particular vacancy, but only one is active at a time', '4.6-'),
(1507, 1507, 1, 1, 'Add another', 'Adding another project admin for a particular project.', '4.6-'),
(1508, 1508, 1, 6, 'Add Candidate', 'Add a candidate to the system.', '4.6-'),
(1509, 1509, 1, 6, 'Add Job Vacancy', 'Create a vacancy for a particular job title required by the company.', '4.6-'),
(1510, 1510, 1, 6, 'Adding Candidate', 'Once a candidate applies for a particular vacancy that is posted online, they will be populated on the database under the Recruitment Module.', '4.6-'),
(1511, 1511, 1, 6, 'Application Initiated', 'Status of the application to select when the it initiates.', '4.6-'),
(1512, 1512, 1, 6, 'applied for the', 'The date on which candidates applied for a vacancy posted on the website.', '4.6-'),
(1513, 1513, 1, 6, 'Archived', 'News articles unpublished, which are intended for long-term preservation.', '4.6-'),
(1514, 1514, 1, 6, 'Are you sure you want to remove job vacancy of the candidate', 'It is a confirmation message which asks whether you want to remove job vacancy of the candidate', '4.6-'),
(1515, 1515, 1, 6, 'as failed', 'HR Admin or the Hiring Manager may fail the candidate based on the interview. To mark interview as passed, select “Mark Interview Failed” from the “Action “drop down menu', '4.6-'),
(1516, 1516, 1, 6, 'as passed', 'HR Admin or the Hiring Manager may pass the candidate based on the interview. To mark interview as passed, select “Mark Interview Passed” from the “Action “drop down menu', '4.6-'),
(1517, 1517, 1, 6, 'assigned the job vacancy', 'Job vacancy assigned for a particular job title', '4.6-'),
(1518, 1518, 1, 6, 'by', 'Created by/Added by/Assigned by/Commented by', '4.6-'),
(1519, 1519, 1, 6, 'Candidate', 'The applicant needs to enter the following fields and click “Submit” to submit the application and the candidate will appear under the candidate database', '4.6-'),
(1520, 1520, 1, 6, 'Candidate Name', 'The name of the applicant/candidate, When search for a particular candidate, use a specific keyword like \" candidate name\"', '4.6-'),
(1521, 1521, 1, 6, 'Candidate\'s History', 'Set of actions performed from the date the candidate applied for the post to the date he is being hired.Those actions will be reflected under candidate history.', '4.6-'),
(1522, 1522, 1, 6, 'candidateName', 'The name of the applicant/candidate, When search for a particular candidate, use a specific keyword like \" candidate name\".', '4.6-'),
(1523, 1523, 1, 6, 'Cannot assign same interviewer twice', 'It is a validation message that appears when we try to assign same interviewer twice for the interview process.', '4.6-'),
(1524, 1524, 1, 6, 'Cannot assign same vacancy twice', 'It is a validation message that appears when we try to assign same vacancy twice for the post.', '4.6-'),
(1525, 1525, 1, 6, 'Click on a candidate to perform actions', 'It is stated above the candidate grid as a helping text to ask the user to select a candidate to perform further actions.', '4.6-'),
(1526, 1526, 1, 6, 'Closed', 'Closing an appraisal cycle, moves all appraisals in the cycle to CLOSED state.\r\n          Also, Disciplinary case is in the closed status\n        ', '4.6-'),
(1527, 1527, 1, 1, 'Continue', 'Proceed with the task', '4.6-'),
(1528, 1528, 1, 6, 'Date of Application', 'Search for candidates who have applied for a specific period of time .Select the dates from “From” to \"To”.', '4.6-'),
(1529, 1529, 1, 6, 'Should be less than current date', 'It is a validation message which says the date should be less than current date', '4.6-'),
(1530, 1530, 1, 6, 'Decline Offer', 'If in case the offer was declined by the applicant then it can be listed as a “Decline Offer”.', '4.6-'),
(1531, 1531, 1, 6, 'Details', 'Information with regard to an item or person.', '4.6-'),
(1532, 1532, 1, 6, 'Edit Candidate', 'Do some changes for candidates apply for a particular vacancy that is posted online', '4.6-'),
(1533, 1533, 1, 6, 'Edit Interview Details', 'You may edit interview details for a particular vacancy', '4.6-'),
(1534, 1534, 1, 6, 'Edit Job Vacancy', 'Do changes to a vacancy for a particular job title required by the company.', '4.6-'),
(1535, 1535, 1, 6, 'Editing Candidate', 'Do some changes to details such as candidate name, email, contact number, resume that will be saved in the candidate database.', '4.6-'),
(1536, 1536, 1, 6, 'from the', 'Leave period calculated from the date that employees were hired/Select the appropriate packages from the options available', '4.6-'),
(1537, 1537, 1, 6, 'Hire', 'The HR Admin or the Hiring Manager may choose to hire the candidate at this point. To hire the candidate, click “Edit” and select “Hire” from the “Action” drop down menu', '4.6-'),
(1538, 1538, 1, 6, 'Hired', 'Once the candidate is hired, he/she will be added to the employee database under the PIM Module.', '4.6-'),
(1539, 1539, 1, 6, 'hired', 'Once the candidate is hired, he/she will be added to the employee database under the PIM Module.', '4.6-'),
(1540, 1540, 1, 6, 'Hiring Manager', 'The person who manages the recruitment process of a company by setting up interviews and hiring candidates', '4.6-'),
(1541, 1541, 1, 6, 'Interview Failed', 'The HR Admin or the Hiring Manager can also mark the interview failed.', '4.6-'),
(1542, 1542, 1, 6, 'Interview Passed', 'Once a candidate has completed his interview, the HR Admin or the Hiring Manager may pass or fail the candidate based on the interview. To mark interview as passed, select “Mark Interview Passed” from the “Action “drop down menu', '4.6-'),
(1543, 1543, 1, 6, 'Interview Scheduled', 'Search for candidate with the status of the application: Ex: Interview Scheduled', '4.6-'),
(1544, 1544, 1, 6, 'Interview Title', 'When configuring interviews, the topic of the interview should be added as Interview title.', '4.6-'),
(1545, 1545, 1, 6, 'Interviewer Name', 'The name of the person who conduct the interview', '4.6-'),
(1546, 1546, 1, 6, 'Job Offered', 'Allows the admin to subscribe to recruitment notification that will be sent to hiring manager and candidate on the event of job offering', '4.6-'),
(1547, 1547, 1, 6, 'Job Vacancy', 'When an applicant visits the company’s website or through RSS feed, they will be directed to the job vacancy portal where they will see all the active vacancies of the company.', '4.6-'),
(1548, 1548, 1, 6, 'Manual', 'Method of Application: search for candidates who have applied for any vacancy via manual: through post/email', '4.6-'),
(1549, 1549, 1, 6, 'Mark Interview Failed', 'The HR Admin or the Hiring Manager can also mark the interview failed. To do so, select “Mark Interview Failed” from the “Action” drop down menu', '4.6-'),
(1550, 1550, 1, 6, 'Mark Interview Passed', 'To mark interview as passed, select “Mark Interview Passed” from the “Action “drop down menu', '4.6-'),
(1551, 1551, 1, 6, 'marked', 'The holidays will be marked in the report and weekends are also represented.', '4.6-'),
(1552, 1552, 1, 6, 'marked the offer as declined', 'If in case the offer was declined by the applicant then it can be listed as a “Decline Offer”.', '4.6-'),
(1553, 1553, 1, 6, 'Method of Application', '\"Method of Application: search for candidates who have applied for any vacancy via: Manual: through post/email or Online: through the job portal\"', '4.6-'),
(1554, 1554, 1, 6, 'No Actions', 'This message appears when there are no actions selected by the admin when adding disciplinary actions.', '4.6-'),
(1555, 1555, 1, 6, 'No active job vacancies to display', 'When there is no job vacancy active and be posted online. You may unselected “Active” if you want to post the vacancy some other time.', '4.6-'),
(1556, 1556, 1, 6, 'Number of Positions', 'This report is generated to extract details of the number of positions vacant.', '4.6-'),
(1557, 1557, 1, 6, 'Offer Declined', 'search for candidate with the status of the application such as Offer Declined', '4.6-'),
(1558, 1558, 1, 6, 'Offer Job', 'The HR Admin or the Hiring Manager may offer the candidate the job. To do so, click “Edit” and select “Offer Job” from the “Action” drop down menu', '4.6-'),
(1559, 1559, 1, 6, 'offered the job', 'Hired the candidate while adding him as a current employee of the company', '4.6-'),
(1560, 1560, 1, 6, 'on', NULL, '4.6-'),
(1561, 1561, 1, 6, 'Online', 'A candidate applies for a particular vacancy that is posted online', '4.6-'),
(1562, 1562, 1, 6, 'Performed Action', 'The Admin/Evaluator views the history of a review (actions performed).', '4.6-'),
(1563, 1563, 1, 6, 'Performed Date', 'When viewing the review history,it shows when evaluator has performed a certain action. (Date and Time)', '4.6-'),
(1564, 1564, 1, 6, 'Publish in RSS feed(1) and web page(2)', 'You may publish the vacancy of RSS feed and on the company’s webpage. The following links will appear to show the pathway of the job that was posted', '4.6-'),
(1565, 1565, 1, 6, 'removed', 'Click on the check box for the particular row you want removed and click “Remove Rows”', '4.6-'),
(1566, 1566, 1, 6, 'RSS Feed URL', 'you may publish the vacancy of RSS feed URL and on the company’s webpage', '4.6-'),
(1567, 1567, 1, 6, 'Schedule Interview', 'Once a candidate is shortlisted, they can now be scheduled for an interview, to schedule an interview, select “Schedule Interview” from the “Action” drop down menu', '4.6-'),
(1568, 1568, 1, 1, 'scheduled', 'To Approve a session, the user the appropriate privileges will need to change the Status to “Scheduled”.', '4.6-'),
(1569, 1569, 1, 6, 'Shortlist', 'The Admin or the Hiring Manager can choose to shortlist a particular candidate; Select “Shortlist” from the “Action” drop down menu', '4.6-'),
(1570, 1570, 1, 6, 'Shortlisted', 'Vacancy succession report generate a graphical summary of how many candidates have applied and how many candidates have been shortlisted', '4.6-'),
(1571, 1571, 1, 6, 'Shortlisted for', 'Which particular vacancy the candidate is shortlisted for', '4.6-'),
(1572, 1572, 1, 6, 'Vacancy', 'Here the Admin can create a vacancy for a particular job title required by the company.', '4.6-'),
(1573, 1573, 1, 6, 'Vacancy Name', 'Vacancy list can be filtered by the field of \"Vacancy Name\"', '4.6-'),
(1574, 1574, 1, 6, 'View Action History', 'When admin go to Audit trail, all actions done by employees are recorded in the action history.', '4.6-'),
(1575, 1575, 1, 6, 'View Interview Details', 'The link will take the user to the interview details page, where the details can be viewed and updated', '4.6-'),
(1576, 1576, 1, 6, 'Web Page URL', 'It is the address you see on top of your Internet browser that identifies the unique location of the Internet page your are looking at.', '4.6-'),
(1577, 1577, 1, 6, 'with', 'with new file', '4.6-'),
(1578, 1578, 1, 6, 'Successfully Scheduled', 'It is a user friendly message saying that scheduling of training is done successfully', '4.6-'),
(1579, 1579, 1, 6, 'This action will remove previous vacancy', 'This is a warning message which says if the user triggers a certain action, it will remove previous vacancy', '4.6-'),
(1580, 1580, 1, 6, 'Remove?', 'You may also remove a particular record after the time sheet has been saved, by clicking “Remove Rows” and the record will no longer appear on the time sheet record.', '4.6-'),
(1581, 1581, 1, 6, 'Vacancy Apply Form', 'Many application forms can be created for a particular vacancy, but only one is active at a time', '4.6-'),
(1582, 1582, 1, 6, 'Application Received', 'Status of the application to select when it receives.', '4.6-'),
(1583, 1583, 1, 6, 'Uploaded', 'After uploading a file/image a message appears saying it is uploaded', '4.6-'),
(1584, 1584, 1, 4, 'A new leave type will be created with same name', 'This message appears when attempting to add a leave type with same name of an existing leave type.', '4.6-'),
(1585, 1585, 1, 4, 'Actions', 'It refers to tasks performed', '4.6-'),
(1586, 1586, 1, 4, 'Assign', 'When an leave is assigned to an employee', '4.6-'),
(1587, 1587, 1, 4, 'At Least One Day Should Be a Working Day', 'Error message that appears when a Hiring manager is not selected when creating a vacancy', '4.6-'),
(1588, 1588, 1, 4, 'Canceled', 'Cancelled a leave request , session etc..', '4.6-'),
(1589, 1589, 1, 1, 'characters', NULL, '4.6-'),
(1590, 1590, 1, 1, 'Confirmation Required', 'A warning message that appeals you to confirm a certain action.', '4.6-'),
(1591, 1591, 1, 4, 'Current Leave Period', 'Remaining leave balance for the current leave period', '4.6-'),
(1592, 1592, 1, 1, 'Date format should be', 'All date fields should be in YYYY-MM-DD format', '4.6-'),
(1593, 1593, 1, 4, 'Define Leave Type', 'Set up leave types with hire-date based leave periods', '4.6-'),
(1594, 1594, 1, 4, 'Duration (Hours)', 'It is for a specific duration of time.Ex: No of hours spent.When viewing attendance records of employees, duration ( from punch in to punch out ) will be shown in hours', '4.6-'),
(1595, 1595, 1, 4, 'Following Year', 'The next year / if the “Repeats Annually” is ticked when configuring holidays, it means that the holiday will occur on the same date in the following year', '4.6-'),
(1596, 1596, 1, 4, 'For Leap Years', NULL, '4.6-'),
(1597, 1597, 1, 4, 'For Non-Leap Years', NULL, '4.6-'),
(1598, 1598, 1, 1, 'From Date', 'The specific date from which employees time and attendance records are extracted.', '4.6-'),
(1599, 1599, 1, 1, 'From Time', 'You can enter the times when applying for leave such as “From Time”, “To Time”', '4.6-'),
(1600, 1600, 1, 1, 'From time should be less than To time', 'If the employee selects a to time that falls before From time when apply for leave, he will receive the error message saying From time should be less than To time.', '4.6-'),
(1601, 1601, 1, 4, 'Full Day', 'You can define the days of the work week as Full Day, Half Day and Non-Working Day', '4.6-'),
(1602, 1602, 1, 4, 'Go to Detailed View', 'Leave calendar with detailed view of leave applications by clicking on \"Go to detailed view\".', '4.6-'),
(1603, 1603, 1, 4, 'Half Day', 'You can define the days of the work week as Full Day, Half Day and Non-Working Day', '4.6-'),
(1604, 1604, 1, 4, 'Holiday', 'Configuring holidays for a particular country.', '4.6-'),
(1605, 1605, 1, 4, 'Leave Balance', 'The number of leave available to be taken for an employee.', '4.6-'),
(1606, 1606, 1, 4, 'Leave Comment', 'The comment that needs to be added when an employee assigns leave.', '4.6-'),
(1607, 1607, 1, 4, 'Leave Entitled', 'The number of leave that an employee is assigned to take for a particular period.', '4.6-'),
(1608, 1608, 1, 4, 'Leave Period Does Not Exist', NULL, '4.6-'),
(1609, 1609, 1, 4, 'Leave Request', 'An employee applies for a leave for some reason.', '4.6-'),
(1610, 1610, 1, 4, 'Leave Scheduled', 'The number of leave that an employee has booked for the future.', '4.6-'),
(1611, 1611, 1, 4, 'Leave Taken', 'Total Number of leave taken by employees', '4.6-'),
(1612, 1612, 1, 4, 'Leave Type', 'Leave types can be defined with country-based leave rules, custom/hire-date based leave periods, apply-restriction rules, leave accrual rules and leave carry forward rules.', '4.6-'),
(1613, 1613, 1, 4, 'Leave type will be undeleted', NULL, '4.6-'),
(1614, 1614, 1, 4, 'My Leave Details', 'Personal leave details can be viewed here. To view, go to Leave>> My Leave , An employee can choose to cancel a pending approval leave or a scheduled leave however he cannot make any changes to any other leave status.', '4.6-'),
(1615, 1615, 1, 4, 'My Leave List', 'ESS-Employee can view his detailed leave application and his leave calendar which will display all his leave during a particular month.', '4.6-'),
(1616, 1616, 1, 4, 'Name of Holiday', 'The HR admin and other users with admin rights can define holidays that will be applicable to the entire company and add a suitable name to that particular holiday', '4.6-'),
(1617, 1617, 1, 4, 'No Leave Types with Leave Balance', 'For all the leave types, a particular employee doesn\'t have any leave remaining.\r\n          e.g.casual, annual\n        ', '4.6-'),
(1618, 1618, 1, 4, 'No of Hours', 'ESS can select from the “Project Name” and “Activity Name” that was assigned to him/her and enter the number of hours spent for each activity for the whole week.', '4.6-'),
(1619, 1619, 1, 4, 'Non Working Day', 'Admin defines the work weeks for all employees based in different locations/countries by specifying non working days.', '4.6-'),
(1620, 1620, 1, 4, 'Non-working Day', 'Admin defines the work weeks for all employees based in different locations/countries by specifying non working days.', '4.6-'),
(1621, 1621, 1, 4, 'Number of Days', 'The admin/ESS Supervisor is also able to export the leave list to a CSV file and number of leave days will be captured in a CSV file', '4.6-'),
(1622, 1622, 1, 4, 'Pending Approval', 'The Status of the session will be “Pending Approval” until an Admin user approves the session.', '4.6-'),
(1623, 1623, 1, 4, 'Repeats Annually', 'checking the “Repeats Annually” will mean that the holiday will occur on the same date in the following years', '4.6-'),
(1624, 1624, 1, 4, 'Show Leave with Status', 'Show leave with current status of them in the leave report', '4.6-'),
(1625, 1625, 1, 4, 'Taken', 'Number of leave taken.', '4.6-'),
(1626, 1626, 1, 4, 'Overlapping Leave Request Found', 'When request for a leave with same leave type and same no of days, a error message would appear saying \"Overlapping Leave Request Found\".', '4.6-'),
(1627, 1627, 1, 4, 'This is a deleted leave type. Reactivate it?', 'This is a message which appear when the user triggers a certain action to a deleted leave type', '4.6-'),
(1628, 1628, 1, 1, 'To Date', 'The date up-to which time and attendance records of employees are extracted.', '4.6-'),
(1629, 1629, 1, 1, 'To Time', 'If “Specify Time” is selected, you can select the “From Time”', '4.6-'),
(1630, 1630, 1, 1, 'Total Hours', 'You can enter the times when applying leave and the “Total Hours” would automatically populate.', '4.6-'),
(1631, 1631, 1, 1, 'Total time is greater than the shift length', 'It is a error message which says the total time spent is greater than the work shift length', '4.6-'),
(1632, 1632, 1, 4, 'Failed to Submit: No Working Days Selected', 'This validation message appears when failing to submit since no working days selected', '4.6-'),
(1633, 1633, 1, 4, 'Failed to Save: Date Already Assigned', 'This validation message appears when failing to save when date is already assigned', '4.6-'),
(1634, 1634, 1, 4, 'Failed to Assign: Work Shift Length Exceeded', 'This validation message appears when failing to assign since work shift length exceeds', '4.6-'),
(1635, 1635, 1, 4, 'Failed to Submit: Work Shift Length Exceeded', 'This validation message appears when failing to submit since work shift length is exceeded', '4.6-'),
(1636, 1636, 1, 4, 'Failed to Submit: Leave Balance Exceeded', 'This validation message appears when failing to submit since leave balance exceeded', '4.6-'),
(1637, 1637, 1, 1, 'Should be less than work shift length', 'It is a validation message which says hours spent should be less than work shift length', '4.6-'),
(1638, 1638, 1, 4, 'Leave Period Not Defined', NULL, '4.6-'),
(1639, 1639, 1, 4, 'Full Day/Half Day', 'When defining holidays in the system, select whether the holiday state will be considered as a “Full Day /Half Day” holiday.', '4.6-'),
(1640, 1640, 1, 4, 'Leave Request (%date_range%) %name%', 'Don\'t translate %date_range% and %name%.', '4.6-'),
(1641, 1641, 1, 4, 'Failed to Assign', 'This validation message appears when failing to assign since it doesn\'t meet required criteria', '4.6-'),
(1642, 1642, 1, 4, 'Failed to Submit', 'This validation message appears when failing to submit a report', '4.6-'),
(1643, 1643, 1, 4, 'Add Leave Type', 'Add certain leave types to the system. Ex : annual/casual/medical', '4.6-'),
(1644, 1644, 1, 4, 'Edit Leave Type', 'Do some changes to certain leave types added to the system. Ex : annual/casual/medical', '4.6-'),
(1645, 1645, 1, 4, 'Entitlement Type', 'View and assign leave entitlements for each leave type for all employees', '4.6-'),
(1646, 1646, 1, 4, 'Updating Entitlement', 'give the entitlements to the employee and update leave entitlements', '4.6-'),
(1647, 1647, 1, 4, 'Leave Entitlements (Days)', 'The Admin user can see view no of leave days entitled in the Leave Entitlements and Usage Report of all employees', '4.6-'),
(1648, 1648, 1, 4, 'Current Leave Balance (Days)', 'Remaining days of leave balance for the current leave period.', '4.6-'),
(1649, 1649, 1, 4, 'Is entitlement situational', 'By clicking the “Is Entitlement Situational” option, the leave type will be excluded from reports unless there is some activity. For example: maternity leave, jury duty leave.', '4.6-'),
(1650, 1650, 1, 4, 'Edit Leave Entitlement', 'Edit the leave amount to which a person has a right to have.Admin can add leave entitlements and edit leave entitlements.', '4.6-'),
(1651, 1651, 1, 4, 'The selected leave entitlement will be applied to the following employees.', 'If the Admin selects “Add to Multiple Employees”, old entitlement gets replaced with new entitlement for the selected set of employees', '4.6-'),
(1652, 1652, 1, 4, 'Old Entitlement', 'Previous leave entitlement', '4.6-'),
(1653, 1653, 1, 4, 'New Entitlement', 'When assigning a leave entitlement for a certain “Leave Type” to all employees in that location and sub-unit, A screen will pop-up showing their old and new entitlements', '4.6-'),
(1654, 1654, 1, 4, 'Used amount exceeds the current amount', 'When an employee has taken more leave than he/she is entitled to.', '4.6-'),
(1655, 1655, 1, 4, 'Leave Balance Details', 'To view leave balance details, select the leave type from the drop down menu. Check the Leave Balance available.', '4.6-'),
(1656, 1656, 1, 4, 'Entitled', 'Number of leave that an employee is entitled to take.', '4.6-'),
(1657, 1657, 1, 4, 'Used', 'Define leave types used within the organization', '4.6-'),
(1658, 1658, 1, 4, 'Balance', 'Number of leave remaining.', '4.6-'),
(1659, 1659, 1, 4, 'Duration should be less than work shift length', 'Duration between punch in and punch out should be less than work shift length assigned', '4.6-'),
(1660, 1660, 1, 4, 'view details', NULL, '4.6-'),
(1661, 1661, 1, 4, 'As of Date', NULL, '4.6-'),
(1662, 1662, 1, 4, 'Overlapping Leave Requests Found', 'When request for a leave with same leave type and same no of days, a error message would appear saying \"Overlapping Leave Request Found\".', '4.6-'),
(1663, 1663, 1, 4, 'My Leave Entitlements', 'If the user is an ESS User, then he will only see the “My Leave Entitlements and Usage Report” option under Leave>>Reports', '4.6-'),
(1664, 1664, 1, 4, 'Leave Comments', 'The comments that need to be added when an employee assigns leave.', '4.6-'),
(1665, 1665, 1, 4, 'Leave Request Comments', 'you can add a comment if necessary, when you request for a leave from your supervisor / Admin', '4.6-'),
(1666, 1666, 1, 4, 'Bulk Assigning Leave Entitlement to %count% Employees. Please Wait', 'Don\'t translate %count%. When assigning leave entitlement to multiple employees, this response message appears.', '4.6-'),
(1667, 1667, 1, 4, 'Assigning Leave Entitlement. Please Wait', 'While the entitlement getting assigned to employees, system generates a message saying please wait.', '4.6-'),
(1668, 1668, 1, 4, 'Calculating Leave Balance', 'Calculating leave balance for the previous and next leave periods.', '4.6-'),
(1669, 1669, 1, 4, 'Calculating Leave Balance, Please Wait', 'A response message appear while the leave calculation is being done.', '4.6-'),
(1670, 1670, 1, 4, 'Confirm Leave Assignment', 'Need to confirm the leave assigned', '4.6-'),
(1671, 1671, 1, 4, 'Employee does not have sufficient leave balance for leave request.', 'The administrator can set this apply restriction for the following leave type and restrict employee from applying for more than the current leave net balance.', '4.6-'),
(1672, 1672, 1, 4, 'Click OK to confirm leave assignment.', 'This is a waring message that appears when we try to assign leave more than the available leave balance', '4.6-'),
(1673, 1673, 1, 4, 'View Leave Type', 'The report also represents whether the employee was on leave for a particular leave along with the leave type.', '4.6-'),
(1674, 1674, 1, 4, 'Specify Time', 'If “Specify Time” is selected, you can select the “From Time”', '4.6-'),
(1675, 1675, 1, 4, 'Partial Days', 'For multiple day applications, you can select any “Partial Days”.', '4.6-'),
(1676, 1676, 1, 4, 'None', NULL, '4.6-'),
(1677, 1677, 1, 4, 'All Days', 'When employees apply for a partial day leave date range for via Leave>>Apply Leave, or leave is assigned via Leave>>Assign Leave, this option is displayed to confirm whether all days are partial.', '4.6-'),
(1678, 1678, 1, 4, 'Start Day Only', 'When employees apply for a partial day leave date range for via Leave>>Apply Leave, or leave is assigned via Leave>>Assign Leave, this option is displayed to confirm whether Start day only is partial.', '4.6-'),
(1679, 1679, 1, 4, 'End Day Only', 'When applying leave for a date range with desired partial days the employee has to select this option.', '4.6-'),
(1680, 1680, 1, 4, 'Start and End Day', 'Custom Leave Period - leave period can be manually set by selecting a ‘Start Month’, ‘Start Date’ and \'End Date\'', '4.6-'),
(1681, 1681, 1, 4, 'Morning', 'If apply/assign leave fr a half-day leave, need to specify whether it is scheduled for morning or afternoon', '4.6-'),
(1682, 1682, 1, 4, 'Afternoon', 'When applying half day leave, need to specify whether it is for morning or afternoon.', '4.6-'),
(1683, 1683, 1, 4, 'Start Day', 'Start date of current leave period', '4.6-'),
(1684, 1684, 1, 4, 'End Day', 'When applying leave for a date range with desired partial days the employee has to select this option.', '4.6-'),
(1685, 1685, 1, 7, 'KPIs', NULL, '4.6-'),
(1686, 1686, 1, 7, 'Manage Reviews', 'HR manages performance reviews of all employees in a company', '4.6-'),
(1687, 1687, 1, 7, 'My Reviews', 'Employee can view his performance reviews tracked by a reviewer', '4.6-'),
(1688, 1688, 1, 7, 'KPI', 'Key Performance Indicator', '4.6-'),
(1689, 1689, 1, 7, 'KPI Group', 'Key Performance Indicators grouped together', '4.6-'),
(1690, 1690, 1, 7, 'Appraisal Header', 'The Admin can define different header templates for appraisals. Therefore, to add a header template, go to Performance >> Configuration >> Appraisal Configuration >>Header Templates', '4.6-'),
(1691, 1691, 1, 7, 'Review List', 'It is possible to add reviewers to the list', '4.6-'),
(1692, 1692, 1, 7, 'Should be a positive integer', 'It is a validation message which says it should be a positive integer', '4.6-'),
(1693, 1693, 1, 7, 'Group Name', 'When configuring rules and settings per employee group, Group name should be added.', '4.6-'),
(1694, 1694, 1, 7, 'Weightage (1 - 100)', 'The Admin can specify the weightages for competencies within the range 1 to 100', '4.6-'),
(1695, 1695, 1, 7, 'Department', 'When defining the company structure, particular sub unit can be specified as a department.', '4.6-'),
(1696, 1696, 1, 7, 'Key Performance Indicator Groups', 'This feature enlists all Key Performance Indicator groups under which KPI are categorized.', '4.6-'),
(1697, 1697, 1, 7, 'Search Performance Reviews', 'Search for the performance review status', '4.6-'),
(1698, 1698, 1, 7, 'ConfigureKPI', 'Configure key performance indicators for a specific job title', '4.6-'),
(1699, 1699, 1, 7, 'My Review List', 'Employee can view his performance review list tracked by a reviewer', '4.6-'),
(1700, 1700, 1, 7, 'Due Date', 'It will represent the date the student is expected to complete all the courses in that package.', '4.6-'),
(1701, 1701, 1, 7, 'Review Period', 'An employee can have a performance appraisal which is expected to be used to review his or her performance during a specific time period.', '4.6-'),
(1702, 1702, 1, 7, 'Review Status', 'For the Global Admin to view the review status and the progress of the appraisal, go to Performance>> Reports>>Reviews and Appraisal Progress,', '4.6-'),
(1703, 1703, 1, 7, 'Evaluation Status', 'Status of the employee performance review which shows whether it is initiated, completed or approved.', '4.6-'),
(1704, 1704, 1, 7, 'Edit Details', 'Do some changes to details of Personal/contact/educational qualification/direct deposit/immigration/language/licence/membership/salary/skill/work experience', '4.6-'),
(1705, 1705, 1, 7, 'Search Key Performance Indicators', 'Search for KPI', '4.6-'),
(1706, 1706, 1, 7, 'Weightage', 'The Admin can specify the weightages for competencies when mapping them to Job title and Sub-units.', '4.6-'),
(1707, 1707, 1, 7, 'Add KPI Group', 'Add KPI groups which can group your KPIs together ex: Presentation skills', '4.6-'),
(1708, 1708, 1, 7, 'Performance Review', 'Reviewing an employee\'s performance in an appraisal by evaluator groups.', '4.6-'),
(1709, 1709, 1, 7, 'Subordinate Reviewers', 'Pick the relevant reviewers who will be able to track that subordinate performance review\r\r', '4.6-'),
(1710, 1710, 1, 7, 'Peer Reviewers', 'People who are at the same level of another employee to be reviewed are considered as peer reviewers', '4.6-'),
(1711, 1711, 1, 7, 'Supervisor Reviewers', 'The people who are eligible to track / evaluate subordinates performance reviews', '4.6-'),
(1712, 1712, 1, 7, 'Work Period Start Date', NULL, '4.6-'),
(1713, 1713, 1, 7, 'Work Period End Date', NULL, '4.6-'),
(1714, 1714, 1, 7, 'Activate', 'Cause to make a certain function active.', '4.6-'),
(1715, 1715, 1, 7, 'Add Peer', 'A particular evaluator group added by admin for the appraisal who determine an employee’s eligibility for certain assessment activities.', '4.6-'),
(1716, 1716, 1, 7, 'Evaluate', 'Impartial analysis conducted according to established criteria to determine the acceptability or worth of an employee.', '4.6-'),
(1717, 1717, 1, 7, 'View Progress', 'Admin generates reports based on the progress of the event and the contribution of the participants to the assigned work.', '4.6-'),
(1718, 1718, 1, 7, 'Key Performance Indicator', 'This feature enlists all Key Performance Indicator (KPI) for all job titles.', '4.6-'),
(1719, 1719, 1, 7, 'Min Rate', 'Rate the employee based on the KPI with the assigned Min rate', '4.6-'),
(1720, 1720, 1, 7, 'Max Rate', 'Rate the employee based on the KPI with the assigned Min and Max Rate', '4.6-'),
(1721, 1721, 1, 7, 'Is Default', 'When mapping KPI for job titles, you can reserve one KPI as the default one', '4.6-'),
(1722, 1722, 1, 7, 'Period ', NULL, '4.6-'),
(1723, 1723, 1, 7, 'Review Due Date', 'The due date on which the final performance review to be held', '4.6-'),
(1724, 1724, 1, 7, 'Administrator Evaluation Form', 'Admin is defining appraisal forms with any combination of evaluation topics.', '4.6-'),
(1725, 1725, 1, 7, 'Individual Evaluation Status', 'Admin can view all Evaluator ratings side by side against competencies, goals and also approve or reject a review by an individual evaluator', '4.6-'),
(1726, 1726, 1, 7, 'Reviewer Type', NULL, '4.6-'),
(1727, 1727, 1, 7, 'Reviewer Name', 'The name of the person who reviews an employee performance', '4.6-'),
(1728, 1728, 1, 7, 'Review Details', 'All Evaluator ratings against competencies, goals by an individual evaluator', '4.6-'),
(1729, 1729, 1, 7, 'Evaluation by Employee', 'For the employee to perform a self-evaluation, Log-in as an ESS User, go to Performance>> Appraisals>>My Appraisals, go to a particular record and select the “Evaluate” from the drop down menu', '4.6-'),
(1730, 1730, 1, 7, 'Evaluation by HR Admin', 'Main evaluator (HR Admin) can set the final rating for employee appraisals at the final review based on the weighted average of goals and competencies', '4.6-'),
(1731, 1731, 1, 7, 'HR Admin Comments', 'HR admin may also add a comment on why you need the leave.', '4.6-'),
(1732, 1732, 1, 7, 'Final Rating', 'Main evaluator can set the final rating for employee appraisals at the final review based on the weighted average of goals and competencies', '4.6-'),
(1733, 1733, 1, 7, 'Completed Date', 'The date on which a task being completed', '4.6-'),
(1734, 1734, 1, 7, 'Complete', 'Complete a certain task', '4.6-'),
(1735, 1735, 1, 7, 'Evaluation by Subordinate', 'Perform an employee evaluation by a subordinate of that employee', '4.6-'),
(1736, 1736, 1, 7, 'Evaluation by', 'Each goal/competency can be evaluated by entering a rating (out of 5) and a brief description', '4.6-'),
(1737, 1737, 1, 7, 'KPI Info', 'Key Performance Indicator details', '4.6-'),
(1738, 1738, 1, 7, 'Group', 'It defines how a set of employees are grouped.', '4.6-'),
(1739, 1739, 1, 7, 'Rating', 'Evaluators view their reviews and ratings given for the employee', '4.6-'),
(1740, 1740, 1, 7, 'Performance Review Progress', 'Global Admin views the review status and the progress of the Performance review', '4.6-'),
(1741, 1741, 1, 7, 'Employee Reviewer', 'Relevant people who will be able to track employees performance.', '4.6-'),
(1742, 1742, 1, 7, 'Key Performance Indicators for Job Title', 'You may enter multiple entries of KPIs for different Job titles.', '4.6-'),
(1743, 1743, 1, 7, 'Minimum Rating', 'Rate the employee based on the KPI with the assigned Min rate', '4.6-'),
(1744, 1744, 1, 7, 'Maximum Rating', 'Maximum rating that can be given for a particular KPI', '4.6-'),
(1745, 1745, 1, 7, 'Make Default Scale', 'If you select “Make Default Scale” the defined minimum and maximum rating will be pre-populated for all KPIs added in the future.', '4.6-'),
(1746, 1746, 1, 7, 'Inactive', 'Many application forms can be created for a particular vacancy, but only one is active at a time, others are inactive.', '4.6-'),
(1747, 1747, 1, 7, 'Activated', 'Your performance appraisal a certain time period has been activated.The Email is sent to the employee who is being reviewed (if self-review is activated):', '4.6-'),
(1748, 1748, 1, 7, 'Employee cannot be a reviewer in another category', 'If an employee selected as a Main evaluator for a certain appraisal, the same person can not be assigned as a peer/supervisor to that.', '4.6-'),
(1749, 1749, 1, 7, 'Cannot add same person as a reviewer multiple times', 'It is a validation message that appears when we try to add same reviewer for multiple appraisals/evaluations.', '4.6-'),
(1750, 1750, 1, 7, 'Cannot activate review without reviewers', 'it is a validation message that appears when we try to active an employee review without selecting reviewers', '4.6-'),
(1751, 1751, 1, 7, 'End date should be after Start date', 'When viewing the leave list of employees, make sure the to date should be after the from date, if not this error message will be displayed.', '4.6-'),
(1752, 1752, 1, 7, 'Cannot activate review without KPIs', 'it is a validation message that appears when we try to active an employee review without selecting KPIs', '4.6-'),
(1753, 1753, 1, 1, 'Select either job title or department', 'It is a user friendly text which asked the user to select either job title or department', '4.6-'),
(1754, 1754, 1, 1, 'Type for hints...', 'Type the first few letters of the text you are searching for and then intended text can be selected from the drop-down menu.', '4.6-'),
(1755, 1755, 1, 1, 'Selected groups will  be deleted', NULL, '4.6-'),
(1756, 1756, 1, 1, 'Should be a valid number', 'It is a validation message which says it should be a valid number', '4.6-'),
(1757, 1757, 1, 7, 'Evaluation by Supervisors', 'Perform an employee evaluation by a supervisor of that employee', '4.6-'),
(1758, 1758, 1, 1, 'Should be greater than %number%', 'Don\'t translate %number%. It is a validation message which reminds the user to input an number greater than a certain number.', '4.6-'),
(1759, 1759, 1, 1, 'Should be less than %number%', 'Don\'t translate %number%. It is a validation message which reminds the user to input an number less than a certain number.', '4.6-'),
(1760, 1760, 1, 7, 'Rating should be less than or equal to %number%', 'Don\'t translate %number%.', '4.6-'),
(1761, 1761, 1, 7, 'Max rating should be greater than Min rating', 'It is a validation message that appears when we assign a Max rate lesser than Min rate', '4.6-'),
(1762, 1762, 1, 7, 'Overall Rating : ', NULL, '4.6-'),
(1763, 1763, 1, 7, 'Cannot activate review for employees who doesn\'t have Job Title and/or Sub-Division', 'It is a validation message that appears when we try to active an employee review without selecting atleast the job title,sub division or both.', '4.6-'),
(1764, 1764, 1, 7, 'The review will be made read-only after completion.', NULL, '4.6-'),
(1765, 1765, 1, 7, 'This action cannot be undone.', 'This is a warning message which says if the user triggers a certain action, it can not be undone', '4.6-'),
(1766, 1766, 1, 7, 'Are you sure you want to continue?', 'It is a confirmation message which asks whether you want to continue the process.', '4.6-'),
(1767, 1767, 1, 7, 'Peer Evaluation Form', 'For the peer to evaluate employee appraisal form, go to Performance>> Appraisals>>Employee Appraisals>>go to a particular record and select the “evaluate”', '4.6-'),
(1768, 1768, 1, 7, 'Rating should be less than or equal to ', NULL, '4.6-'),
(1769, 1769, 1, 7, 'Rating should be greater than or equal to ', NULL, '4.6-'),
(1770, 1770, 1, 7, 'In Progress', 'When an employee performs a self-evaluation, status of the appraisal will be in progress until it is submitted.', '4.6-'),
(1771, 1771, 1, 7, 'OrangeHRM - Information', 'General information of the OrangeHRM company', '4.6-'),
(1772, 1772, 1, 7, 'Employee Evaluation Form', 'Reviewing an employee\'s performance in an appraisal form by evaluator groups.', '4.6-'),
(1773, 1773, 1, 7, 'Completed', 'The performance appraisal for a certain time period for an Employee has been completed.', '4.6-'),
(1774, 1774, 1, 7, 'Should be a positive value', NULL, '4.6-'),
(1775, 1775, 1, 7, 'Subordinate Evaluation Form', 'Needs to evaluate subordinate appraisals by his supervisor as the evaluator', '4.6-'),
(1776, 1776, 1, 7, 'Supervisor Evaluation Form', 'Reviewing an employee\'s performance in an appraisal form by supervisors.', '4.6-'),
(1777, 1777, 1, 7, 'Evaluation by Supervisor', 'Perform an employee evaluation by a supervisor of that employee', '4.6-'),
(1778, 1778, 1, 7, 'Evaluation by Peer', 'Perform an employee evaluation by a person who is equal to him in working abilities.(same position)', '4.6-'),
(1779, 1779, 1, 7, 'Peer', 'Someone at your own level in the organization', '4.6-'),
(1780, 1780, 1, 7, 'Evaluation by Subordinates', 'Perform an employee evaluation by a subordinate of that employee', '4.6-'),
(1781, 1781, 1, 7, 'Evaluation by Peers', 'Perform an employee evaluation by a person who is equal to him in working abilities.(same position)', '4.6-'),
(1782, 1782, 1, 7, 'Supervisor Reviewer', NULL, '4.6-'),
(1783, 1783, 1, 7, 'General Comment : ', NULL, '4.6-'),
(1784, 1784, 1, 7, 'Final Comment', NULL, '4.6-'),
(1785, 1785, 1, 7, 'Finalization', NULL, '4.6-'),
(1786, 1786, 1, 7, 'Invalid Supervisor', NULL, '4.6-'),
(1787, 1787, 1, 5, 'View Attendance Record', 'Admin can run a report to view all attendance records (punch in/punch out)of employees', '4.6-'),
(1788, 1788, 1, 5, 'Punch In', 'This feature allows capturing the date and time that an employee reports to work', '4.6-'),
(1789, 1789, 1, 5, 'Punch In Note', 'This helps adding a small description of why the employee was not punctual on that day or why came early to office.', '4.6-'),
(1790, 1790, 1, 5, 'Punch Out', 'This feature allows capturing the date and time that an employee leaves office after finishing work.', '4.6-'),
(1791, 1791, 1, 5, 'Punch Out Note', 'This helps adding a small description of why the employee stayed late on that day or why leaving office early', '4.6-'),
(1792, 1792, 1, 5, 'No attendance records to display', 'This message appears when there is no attendance records to display', '4.6-'),
(1793, 1793, 1, 5, 'Punch out Time Should Be Higher Than Punch in Time', 'When adding the “Time” for both punch in/out, make sure the punch out time should be higher than the punch in time.', '4.6-'),
(1794, 1794, 1, 5, 'Overlapping Records Found', 'To avoid the leave overlaps with other employees, when applying a leave an employee should be able to check the availability of others of same division subunit)', '4.6-'),
(1795, 1795, 1, 5, 'Comment should be less than 250 characters', 'The note that is adding can be up to 250 characters maximum', '4.6-'),
(1796, 1796, 1, 5, 'Punch in/out note', 'This helps adding a small description to state a valid reason about his arrival or departure', '4.6-'),
(1797, 1797, 1, 5, 'Timezone', 'Time Zones are a geographical world globe division of 15o each, starting at Greenwich, in England, created to help people know what time is it now in another part of the world.', '4.6-'),
(1798, 1798, 1, 5, 'Last punch in time', 'When monitoring attendance records, the employee last punch in time is considered', '4.6-'),
(1799, 1799, 1, 5, 'In', NULL, '4.6-'),
(1800, 1800, 1, 5, 'Out', 'Enter punch in/out time', '4.6-'),
(1801, 1801, 1, 5, 'Attendance Configuration', 'The admin can select what privileges the employees and supervisors will have on the punch in/out and attendance. For configuration, go to Time>> Attendance>> Configuration.', '4.6-'),
(1802, 1802, 1, 5, 'Employee can change current time when punching in/out', 'The “Time” for both punch in/out could be changed otherwise the system will automatically capture the “system time”.', '4.6-'),
(1803, 1803, 1, 5, 'Employee can edit/delete own attendance records', 'If the HR Admin has configured the attendance settings the following options: “Edit” and “Delete could be seen and selected. To edit the record, click “Edit” and to delete the record, click on the check box beside the record and click “Delete”.', '4.6-'),
(1804, 1804, 1, 5, 'Supervisor can add/edit/delete attendance records of subordinates', 'Only if the user has assigned subordinates, the supervisor user role privileges will work like accessing to his/her subordinates and his/her subordinates particulars attendance information.\r\r', '4.6-'),
(1805, 1805, 1, 5, 'My Attendance Records', 'View personal attendance records that are maintained and recorded under “Attendance” menu', '4.6-'),
(1806, 1806, 1, 1, 'You are not allowed to view this page', 'It is a restriction error message which strictly says that user do not have permission to view a page.', '4.6-'),
(1807, 1807, 1, 5, 'Add Attendance Records', 'Insert attendance-related records', '4.6-'),
(1808, 1808, 1, 5, 'Should Be a Valid Date in %format% Format', 'Don\'t translate %format%. It is a validation message which reminds the user to input a valid date with a certain date format.', '4.6-'),
(1809, 1809, 1, 5, 'Should Be a Valid Time in %format% Format', 'Don\'t translate %format%. It is a validation message which reminds the user to input a valid time with a certain time format.', '4.6-'),
(1810, 1810, 1, 2, 'Social Media Authentication', NULL, '4.6-'),
(1811, 1811, 1, 2, 'Provider List', 'OpenID provider list', '4.6-'),
(1812, 1812, 1, 2, 'Provider Name', 'To add a provider, click on Add. You will then be prompted to enter the Name and URL of your OpenID provider', '4.6-'),
(1813, 1813, 1, 2, 'Url', 'Unified Resource Locator..web address of a particular web site', '4.6-'),
(1814, 1814, 1, 2, 'OpenId', NULL, '4.6-'),
(1815, 1815, 1, 2, 'Google', NULL, '4.6-'),
(1816, 1816, 1, 2, 'Redirect Url', 'When configuring the OAuth providers, enter the ID, Secret and Redirect URL of your OAuth provider.', '4.6-'),
(1817, 1817, 1, 2, 'Client Id', '\"Configuration--->Autherntication-->Authentication type--->Social Media--->Add Provider type as Google\r\n          (You need to specify this when configuring gmail authentication which enable you to get connected with orangehrm application.)\"\n        ', '4.6-'),
(1818, 1818, 1, 2, 'Client Secret', '\"Configuration--->Autherntication-->Authentication type--->Social Media--->Add Provider type as Google\r\n          (You need to specify this when configuring gmail authentication which enable you to get connected with orangehrm application.)\"\n        ', '4.6-'),
(1819, 1819, 1, 2, 'Developer Key', NULL, '4.6-'),
(1820, 1820, 1, 1, 'Alternative Login', 'Login to OrangeHRM using Open Id providers. Ex: Google OpenID', '4.6-'),
(1821, 1821, 1, 1, 'Login', 'User login could be created when adding employees under the PIM Module.', '4.6-'),
(1822, 1822, 1, 2, 'Add Provider', 'To add a provider, click on Add. You will then be prompted to enter the Name and URL of your Open ID provider', '4.6-'),
(1823, 1823, 1, 2, 'Enable Directory module', NULL, '4.6-'),
(1824, 1824, 1, 2, 'Please Add the Organization name', NULL, '4.6-'),
(1825, 1825, 1, 2, 'Add Organization Name', NULL, '4.6-'),
(1826, 1826, 1, 1, 'User Account Not found', NULL, '4.6-'),
(1827, 1827, 1, 2, 'API Documentation', NULL, '4.6-'),
(1828, 1828, 1, 2, 'PHP Sample App', NULL, '4.6-');
INSERT INTO `ohrm_i18n_lang_string` (`id`, `unit_id`, `source_id`, `group_id`, `value`, `note`, `version`) VALUES
(1829, 1829, 1, 2, 'Add OAuth Client', 'Allows configuring the OAuth providers by entering the ID, Secret and Redirect URL . This section should be enabled from the back end.\r\n          When clicking on Admin>> Authentication >> OAuth\n        ', '4.6-'),
(1830, 1830, 1, 2, 'ID', NULL, '4.6-'),
(1831, 1831, 1, 2, 'Secret', 'Enter the ID, Secret and Redirect URL of your OAuth provider when configuring the OAuth providers', '4.6-'),
(1832, 1832, 1, 2, 'Redirect URI', 'When configuring the OAuth providers, enter the ID, Secret and Redirect URL of your OAuth provider.', '4.6-'),
(1833, 1833, 1, 2, 'Register OAuth Client', NULL, '4.6-'),
(1834, 1834, 1, 2, 'Given Client ID Is Already In The Database', NULL, '4.6-'),
(1835, 1835, 1, 2, 'OAuth Client Saved Successfully', NULL, '4.6-'),
(1836, 1836, 1, 2, 'OAuth Client List', NULL, '4.6-'),
(1837, 1837, 1, 1, 'The password is too weak.', NULL, '4.6-'),
(1838, 1838, 1, 1, 'For a strong password, please use a hard to guess combination of text with upper and lower case characters, symbols and numbers', NULL, '4.6-'),
(1839, 1839, 1, 1, 'Your password meets the minimum requirements, but it could be guessable. Try a different password.', NULL, '4.6-'),
(1840, 1840, 1, 1, 'Your password must contain a lower-case letter, an upper-case letter, a digit and a special character. Try a different password.', NULL, '4.6-'),
(1841, 1841, 1, 4, 'Should not be more than 10000', NULL, '4.6-'),
(1842, 1842, 1, 1, 'Employee does not exist', NULL, '4.6-'),
(1843, 1843, 1, 2, 'Work Hours', 'It is capturing the number of hours an employee spends working for the company', '4.6-'),
(1844, 1844, 1, 4, 'Leave Entitlements', 'This feature enables the HR Admin with admin rights to Add and View Leave Entitlements for each leave type for all employees.', '4.6-'),
(1845, 1845, 1, 10, 'Maintenance', NULL, '4.6-'),
(1846, 1846, 1, 10, 'Purge Employee Records', NULL, '4.6-'),
(1847, 1847, 1, 10, 'Purge Records', NULL, '4.6-'),
(1848, 1848, 1, 10, 'Access Records', NULL, '4.6-'),
(1849, 1849, 1, 10, 'Verify Password', NULL, '4.6-'),
(1850, 1850, 1, 10, 'Verify', NULL, '4.6-'),
(1851, 1851, 1, 10, 'Select Terminated Employee', NULL, '4.6-'),
(1852, 1852, 1, 10, 'Purge Candidate Records', NULL, '4.6-'),
(1853, 1853, 1, 10, 'Select Vacancy', NULL, '4.6-'),
(1854, 1854, 1, 10, 'Download Personal Data', NULL, '4.6-'),
(1855, 1855, 1, 10, 'Selected Employee', NULL, '4.6-'),
(1856, 1856, 1, 10, 'Purge', NULL, '4.6-'),
(1857, 1857, 1, 10, 'Purge Employee', NULL, '4.6-'),
(1858, 1858, 1, 10, 'You are about to purge the employee permanently. Are you sure you want to continue? This operation cannot be undone.', NULL, '4.6-'),
(1859, 1859, 1, 10, 'Download Employee Records?', NULL, '4.6-'),
(1860, 1860, 1, 10, 'Selected Candidates', NULL, '4.6-'),
(1861, 1861, 1, 10, 'Date Of Applicant', NULL, '4.6-'),
(1862, 1862, 1, 10, 'You are about to purge selected candidates permanently. Are you sure you want to continue? This operation cannot be undone.', NULL, '4.6-'),
(1863, 1863, 1, 10, 'Access Data', NULL, '4.6-'),
(1864, 1864, 1, 1, 'Please enter your username to identify your account to reset your password.', NULL, '4.6-'),
(1865, 1865, 1, 1, 'OrangeHRM Username', NULL, '4.6-'),
(1866, 1866, 1, 1, 'Expected format: admin@example.com.', NULL, '4.6-'),
(1867, 1867, 1, 1, 'The username is invalid.', NULL, '4.6-'),
(1868, 1868, 1, 1, 'Forgot Your Password?', NULL, '4.6-'),
(1869, 1869, 1, 1, 'User account is not associated with an employee', NULL, '4.6-'),
(1870, 1870, 1, 1, 'Please contact HR admin in order to reset the password', NULL, '4.6-'),
(1871, 1871, 1, 1, 'Work email is not set. Please contact HR admin in order to reset the password', NULL, '4.6-'),
(1872, 1872, 1, 1, 'Password reset email could not be sent', NULL, '4.6-'),
(1873, 1873, 1, 1, 'There is a password reset request already in the system.', NULL, '4.6-'),
(1874, 1874, 1, 1, 'Could not find a user with given details', NULL, '4.6-'),
(1875, 1875, 1, 1, 'Reset Your Password?', NULL, '4.6-'),
(1876, 1876, 1, 1, 'If you are sure that this is your account, please click Reset Password. We will send you an email to reset password.', NULL, '4.6-'),
(1877, 1877, 1, 1, 'Username or email should be listed:', NULL, '4.6-'),
(1878, 1878, 1, 1, 'Reset Password', NULL, '4.6-'),
(1879, 1879, 1, 1, 'Enter A New Password', NULL, '4.6-'),
(1880, 1880, 1, 1, 'Instruction Sent !', NULL, '4.6-'),
(1881, 1881, 1, 1, 'Instructions for resetting your password have been sent to ', NULL, '4.6-'),
(1882, 1882, 1, 1, 'Successfully reset your password', NULL, '4.6-'),
(1883, 1883, 1, 1, 'Go to Login Page', NULL, '4.6-'),
(1884, 1884, 1, 1, 'This link is expired, Please request again', NULL, '4.6-'),
(1885, 1885, 1, 12, 'OrangeHRM - Prerequisites Verification', NULL, '4.6-'),
(1886, 1886, 1, 12, 'Successfully Renewed license.', NULL, '4.6-'),
(1887, 1887, 1, 12, 'Renew Failed.', NULL, '4.6-'),
(1888, 1888, 1, 3, 'Successfully Subscribed', NULL, '4.6-'),
(1889, 1889, 1, 3, 'By subscribing you agree to receive periodic email updates from OrangeHRM.', NULL, '4.6-'),
(1890, 1890, 1, 1, 'User has authentication!', NULL, '4.6-'),
(1891, 1891, 1, 1, 'Invalid Credentials : You Have No OpenID Account in OrangeHRM Try Login with OrangeHRM Credentials', NULL, '4.6-'),
(1892, 1892, 1, 1, 'Employee is terminated', NULL, '4.6-'),
(1893, 1893, 1, 1, 'Employee not assigned', NULL, '4.6-'),
(1894, 1894, 1, 1, 'Account disabled', NULL, '4.6-'),
(1895, 1895, 1, 12, 'Marketplace', NULL, '4.6-'),
(1896, 1896, 1, 12, 'OrangeHRM Addons', NULL, '4.6-'),
(1897, 1897, 1, 12, 'Installed', NULL, '4.6-'),
(1898, 1898, 1, 12, 'Uninstall', NULL, '4.6-'),
(1899, 1899, 1, 12, 'Update', NULL, '4.6-'),
(1900, 1900, 1, 12, 'Install', NULL, '4.6-'),
(1901, 1901, 1, 12, 'Request Renew', NULL, '4.6-'),
(1902, 1902, 1, 12, 'Renew', NULL, '4.6-'),
(1903, 1903, 1, 12, 'Requested', NULL, '4.6-'),
(1904, 1904, 1, 12, 'Renew Requested', NULL, '4.6-'),
(1905, 1905, 1, 12, 'Request', NULL, '4.6-'),
(1906, 1906, 1, 12, 'Are you sure you want to install this application and it\'s dependencies?', NULL, '4.6-'),
(1907, 1907, 1, 12, 'Request an add-on', NULL, '4.6-'),
(1908, 1908, 1, 12, 'You are requesting to buy this add-on.', NULL, '4.6-'),
(1909, 1909, 1, 12, 'Please confirm your contact details. Your details will be forwarded to OrangeHRM sales representative.', NULL, '4.6-'),
(1910, 1910, 1, 12, 'Contact Number', NULL, '4.6-'),
(1911, 1911, 1, 11, 'year', NULL, '4.6-'),
(1912, 1912, 1, 11, 'month', NULL, '4.6-'),
(1913, 1913, 1, 11, 'week', NULL, '4.6-'),
(1914, 1914, 1, 11, 'day', NULL, '4.6-'),
(1915, 1915, 1, 11, 'hour', NULL, '4.6-'),
(1916, 1916, 1, 11, 'minute', NULL, '4.6-'),
(1917, 1917, 1, 11, 'second', NULL, '4.6-'),
(1918, 1918, 1, 11, 'years', NULL, '4.6-'),
(1919, 1919, 1, 11, 'months', NULL, '4.6-'),
(1920, 1920, 1, 11, 'weeks', NULL, '4.6-'),
(1921, 1921, 1, 11, 'days', NULL, '4.6-'),
(1922, 1922, 1, 11, 'minutes', NULL, '4.6-'),
(1923, 1923, 1, 11, 'seconds', NULL, '4.6-'),
(1924, 1924, 1, 11, 'ago', NULL, '4.6-'),
(1925, 1925, 1, 11, 'Just now', NULL, '4.6-'),
(1926, 1926, 1, 11, 'Clear all notifications', NULL, '4.6-'),
(1927, 1927, 1, 11, 'shared a post.', NULL, '4.6-'),
(1928, 1928, 1, 11, 'commented on your post.', NULL, '4.6-'),
(1929, 1929, 1, 11, 'liked to a post you shared.', NULL, '4.6-'),
(1930, 1930, 1, 11, 'liked to your comment.', NULL, '4.6-'),
(1931, 1931, 1, 11, 'shared your post.', NULL, '4.6-'),
(1932, 1932, 1, 11, 'No new notifications', NULL, '4.6-'),
(1933, 1933, 1, 11, 'Failed to clear notifications', NULL, '4.6-'),
(1934, 1934, 1, 11, 'Update Status', NULL, '4.6-'),
(1935, 1935, 1, 11, 'Upload Images', 'Upload an image with an acceptable format in order to give pictorial representation about it.', '4.6-'),
(1936, 1936, 1, 11, 'Share Video', 'Share video in Orange buzz', '4.6-'),
(1937, 1937, 1, 11, 'UPCOMING ANNIVERSARIES', 'Displayed under the Orange Buzz which shows the list of upcoming anniversaries', '4.6-'),
(1938, 1938, 1, 11, 'No Upcoming Anniversaries For Next 30 Days', NULL, '4.6-'),
(1939, 1939, 1, 11, 'MOST LIKED POSTS', 'Articles have most no of likes which is posted on orange buzz/social media networks.', '4.6-'),
(1940, 1940, 1, 11, 'MOST COMMENTED POSTS', 'Articles have most no of comments which is posted on orange buzz/social media networks.', '4.6-'),
(1941, 1941, 1, 11, 'this', 'This action cannot be undone.', '4.6-'),
(1942, 1942, 1, 11, 'Post', 'It is a button which helps in updating a status, uploading images and sharing video once clicked.', '4.6-'),
(1943, 1943, 1, 11, 'Add your comment', 'You may write a comment if necessary. For ex: Salary information', '4.6-'),
(1944, 1944, 1, 11, 'People who likes this comment', 'This appears under Orange Buzz and helps in viewing people who like a particular comment', '4.6-'),
(1945, 1945, 1, 11, 'People who like this comment', 'This appears under Orange Buzz and helps in viewing people who like a particular comment', '4.6-'),
(1946, 1946, 1, 11, 'People who like this post', 'This appears under Orange Buzz and helps in viewing people who like a particular post.', '4.6-'),
(1947, 1947, 1, 11, 'Only \'gif\', \'png\', \'jpg\', \'jpeg\' type images are allowed!', 'You may upload any attachment that would support Only \'gif\', \'png\', \'jpg\', \'jpeg\' type images', '4.6-'),
(1948, 1948, 1, 11, 'Only five images are allowed in a single post!', 'This is a validation message which says only five images are allowed to be attached in one post.', '4.6-'),
(1949, 1949, 1, 11, 'Sorry!', 'This is a label which appears in Orange buzz.', '4.6-'),
(1950, 1950, 1, 11, 'People who shared this post', 'This appears under Orange Buzz and helps in viewing people who share a particular post', '4.6-'),
(1951, 1951, 1, 11, 'Paste Video Url', 'When uploading a video under orange buzz, can paste video URL in the status field.', '4.6-'),
(1952, 1952, 1, 11, 'What\'s on your mind?', 'Displayed under the Orange Buzz when updating the status', '4.6-'),
(1953, 1953, 1, 11, 'Say something about these photos', 'This appears when uploading photos under Orange buzz.', '4.6-'),
(1954, 1954, 1, 11, 'Do you really want to delete this?', 'That is a confirmation message which appears when we delete an item that is added previously', '4.6-'),
(1955, 1955, 1, 11, 'Successfully Deleted!', 'It is a user friendly message saying that deleting of a record is done successfully', '4.6-'),
(1956, 1956, 1, 11, 'Successfully Saved!', 'It is a user friendly message saying that saving of a record is done successfully', '4.6-'),
(1957, 1957, 1, 11, 'Edit your comment', 'The supervisor can approve or reject a time sheet by entering a comment which can be later edited', '4.6-'),
(1958, 1958, 1, 11, 'Edit your post', 'Edit what you posted on social media networks', '4.6-'),
(1959, 1959, 1, 11, 'Successfully Shared', 'It is a user friendly message saying that sharing of post is done successfully', '4.6-'),
(1960, 1960, 1, 11, 'This url is not a valid url of a video or it is not supported by the system', 'This is a message which appear when the user triggers an action to upload a video with an invalid url', '4.6-'),
(1961, 1961, 1, 11, 'Buzz', NULL, '4.6-'),
(1962, 1962, 1, 11, 'Like', NULL, '4.6-'),
(1963, 1963, 1, 11, 'Unlike', NULL, '4.6-'),
(1964, 1964, 1, 11, 'Expand', NULL, '4.6-'),
(1965, 1965, 1, 11, 'What\'s on your mind', NULL, '4.6-'),
(1966, 1966, 1, 11, 'This share has been deleted or you do not have permission to perform this action', NULL, '4.6-'),
(1967, 1967, 1, 11, 'OrangeBuzz', NULL, '4.6-'),
(1968, 1968, 1, 11, 'Share', 'Publish and share company related documents and news articles', '4.6-'),
(1969, 1969, 1, 11, 'Success', 'A person or thing that achieves desired aims or attains prosperity', '4.6-'),
(1970, 1970, 1, 11, 'Read More', NULL, '4.6-'),
(1971, 1971, 1, 11, 'Save Video', 'Save a video', '4.6-'),
(1972, 1972, 1, 11, 'Buzz is accessible for the user who is assigned with an employee.', NULL, '4.6-'),
(1973, 1973, 1, 1, 'File write permission required to `symfony/web` directory.', NULL, '4.6-'),
(1974, 1974, 1, 2, 'Enable Mobile', NULL, '4.6-'),
(1975, 1975, 1, 13, 'OrangeHRM Open Source Mobile App - How to Download the Application', NULL, '4.6-'),
(1976, 1976, 1, 13, 'OrangeHRM Open Source mobile application allows you to apply leave, assign leave and approve leave via a mobile device. This application is available for download on both iOS and Android platforms.', NULL, '4.6-'),
(1977, 1977, 1, 13, 'Step 01:', NULL, '4.6-'),
(1978, 1978, 1, 13, 'Step 02:', NULL, '4.6-'),
(1979, 1979, 1, 13, 'Step 03:', NULL, '4.6-'),
(1980, 1980, 1, 13, 'Download and install the application from the App Store or Play Store.', NULL, '4.6-'),
(1981, 1981, 1, 13, 'To install and get started.', NULL, '4.6-'),
(1982, 1982, 1, 13, 'The following links direct you to find the app in the Play Store / App Store.', NULL, '4.6-'),
(1983, 1983, 1, 13, 'You may alternatively scan for the following QR code from your mobile phone camera to find and download the application.', NULL, '4.6-'),
(1984, 1984, 1, 13, 'Ensure the OrangeHRM username and password credentials are entered correctly, and click LOGIN. You will be granted access to the system after successful validation of your username and password credentials.', NULL, '4.6-'),
(1985, 1985, 1, 13, 'Once the installation is complete, open the application and follow the steps outlined below to access your OrangeHRM system.', NULL, '4.6-'),
(1986, 1986, 1, 13, 'OrangeHRM Open Source Mobile App - How to Configure URL and Login', NULL, '4.6-'),
(1987, 1987, 1, 13, 'Upon opening the application, you will be required to configure the OrangeHRM instance that you wish to access via your mobile device.', NULL, '4.6-'),
(1988, 1988, 1, 13, 'Enter the OrangeHRM instance URL.', NULL, '4.6-'),
(1989, 1989, 1, 13, 'Your Instance URL is:', NULL, '4.6-'),
(1990, 1990, 1, 13, 'OrangeHRM Opensource mobile app does not support your instance. Please contact your system administrator for more information.', NULL, '4.6-'),
(1991, 1991, 1, 13, 'Click Continue', NULL, '4.6-'),
(1992, 1992, 1, 13, 'Once the URL is entered successfully, it will redirect to a page where the login information is requested.', NULL, '4.6-'),
(1993, 1993, 1, 13, 'Directly below the login fields, the URL of the system you are connecting to will be displayed so that you can verify the URL specified is accurate. ', NULL, '4.6-'),
(1994, 1994, 1, 1, 'Help & Support', NULL, '4.6-'),
(1995, 1995, 1, 9, 'Directory', NULL, '4.6-'),
(1996, 1996, 1, 9, 'Search Listing', NULL, '4.6-'),
(1997, 1997, 1, 9, 'Search Directory', NULL, '4.6-'),
(1998, 1998, 1, 2, 'Craft Workers', NULL, '4.6-'),
(1999, 1999, 1, 2, 'Laborers and Helpers', NULL, '4.6-'),
(2000, 2000, 1, 2, 'Office and Clerical Workers', NULL, '4.6-'),
(2001, 2001, 1, 2, 'Officials and Managers', NULL, '4.6-'),
(2002, 2002, 1, 2, 'Operatives', NULL, '4.6-'),
(2003, 2003, 1, 2, 'Professionals', NULL, '4.6-'),
(2004, 2004, 1, 2, 'Sales Workers', NULL, '4.6-'),
(2005, 2005, 1, 2, 'Service Workers', NULL, '4.6-'),
(2006, 2006, 1, 2, 'Technicians', NULL, '4.6-'),
(2007, 2007, 1, 2, 'Sendmail', NULL, '4.6-'),
(2008, 2008, 1, 2, 'SMTP', NULL, '4.6-'),
(2009, 2009, 1, 2, 'Mal Formatted URL', NULL, '4.6-'),
(2010, 2010, 1, 3, 'Recommended dimensions: 200px X 200px', NULL, '4.6-'),
(2011, 2011, 1, 2, 'Enable Maintenance module', NULL, '4.6-'),
(2012, 2012, 1, 4, 'No leave types defined', NULL, '4.6-'),
(2013, 2013, 1, 4, 'Required.', NULL, '4.6-'),
(2014, 2014, 1, 4, 'Leave Pending Approval (Days)', NULL, '4.6-'),
(2015, 2015, 1, 4, 'Existing Entitlement value %oldvalue% will be updated to %newvalue%', 'Don\'t translate %oldvalue% and %newvalue%', '4.6-'),
(2016, 2016, 1, 5, 'Time (Hours)', NULL, '4.6-'),
(2017, 2017, 1, 6, 'Consent to keep data', NULL, '4.6-'),
(2018, 2018, 1, 1, 'Incorrect Password', NULL, '4.6-'),
(2019, 2019, 1, 10, 'Users who seek access to their data, or who seek to correct, amend, or delete the given information should direct their requests to Data@orangehrm.com with the subject \"Purge Records (Instance Identifier : %instanceid%)\".', 'Don\'t translate %instanceid%.', '4.6-'),
(2020, 2020, 1, 2, 'Language Packages', NULL, '4.6'),
(2021, 2021, 1, 2, 'Translate', NULL, '4.6'),
(2022, 2022, 1, 2, 'Add Language Package', NULL, '4.6'),
(2023, 2023, 1, 2, 'Users will require translate texts manually after creating the language package.', NULL, '4.6'),
(2024, 2024, 1, 2, 'Translate Language Package', NULL, '4.6'),
(2025, 2025, 1, 2, 'Language Package', NULL, '4.6'),
(2026, 2026, 1, 2, 'Source Language', NULL, '4.6'),
(2027, 2027, 1, 2, 'Module', NULL, '4.6'),
(2028, 2028, 1, 2, 'Source Text', NULL, '4.6'),
(2029, 2029, 1, 2, 'Translated Text', NULL, '4.6'),
(2030, 2030, 1, 2, 'Show', NULL, '4.6'),
(2031, 2031, 1, 2, 'Translated', NULL, '4.6'),
(2032, 2032, 1, 2, 'Not Translated', NULL, '4.6'),
(2033, 2033, 1, 2, 'General', NULL, '4.6'),
(2034, 2034, 1, 2, 'Source Note', NULL, '4.6'),
(2035, 2035, 1, 2, 'Export', NULL, '4.6'),
(2036, 2036, 1, 2, 'Failed to Export', NULL, '4.6'),
(2037, 2037, 1, 14, 'Support', NULL, '4.8'),
(2038, 2038, 1, 14, 'Getting Started with OrangeHRM', NULL, '4.8'),
(2039, 2039, 1, 14, 'Learning how to use a new application can be challenging. At OrangeHRM, we are committed to providing you with the necessary knowledge and skills required to fully utilize the application thereby allowing you to quickly and efficiently manage your HR processes.', NULL, '4.8'),
(2040, 2040, 1, 14, 'The following information repositories are available to help you understand the application:', NULL, '4.8'),
(2041, 2041, 1, 14, 'Help Portal', NULL, '4.8'),
(2042, 2042, 1, 14, 'OrangeHRM Open Source Help portal contains helpful articles and tutorial videos allowing you to quickly master the application. Should you wish to know how to apply for leave or how to submit a timesheet? Simply search in our help portal and the relevant articles relating to your search will appear.', NULL, '4.8'),
(2043, 2043, 1, 14, 'Free Demo', NULL, '4.8'),
(2044, 2044, 1, 14, 'If you require direct help in navigating the system, you can schedule a demo free of charge and our team will personally get in touch with you to help  you understand how the application works.', NULL, '4.8'),
(2045, 2045, 1, 14, 'Free Cloud Hosting', NULL, '4.8'),
(2046, 2046, 1, 14, 'Additionally, OrangeHRM can host your Opensource system on our Cloud servers. If you are interested, you may subscribe to free cloud hosting of your instance to ensure that your employee information stays secure and is readily available at all times.', NULL, '4.8'),
(2047, 2047, 1, 14, 'Customer Support', NULL, '4.8'),
(2048, 2048, 1, 14, 'Should you experience any issues, please do not hesitate to contact us on', NULL, '4.8'),
(2049, 2049, 1, 14, 'We will be delighted to help', NULL, '4.8'),
(2050, 2050, 1, 14, 'Mobile Application', NULL, '4.8'),
(2051, 2051, 1, 14, 'We would also like to remind you to check out our mobile app which supports  Android and iOS and enables you to manage your HR needs quickly and securely via your mobile device.', NULL, '4.8'),
(2052, 2052, 1, 14, 'Subscribe For Free Hosting', NULL, '4.8'),
(2053, 2053, 1, 14, 'System Url', NULL, '4.8'),
(2054, 2054, 1, 14, 'Company Name', NULL, '4.8'),
(2055, 2055, 1, 14, 'No. of Employees', NULL, '4.8'),
(2056, 2056, 1, 14, 'Contact Person Name', NULL, '4.8'),
(2057, 1, 2, 15, 'Successfully Published', NULL, '4.6-'),
(2058, 2, 2, 15, 'Reset to Default', NULL, '4.6-'),
(2059, 3, 2, 15, 'Publish', NULL, '4.6-'),
(2060, 4, 2, 15, 'Please upload an image of dimensions below', NULL, '4.6-'),
(2061, 5, 2, 15, 'Corporate Branding', NULL, '4.6-'),
(2062, 6, 2, 15, 'Primary Color', NULL, '4.6-'),
(2063, 7, 2, 15, 'Secondary Color', NULL, '4.6-'),
(2064, 8, 2, 15, 'Primary Button Color', NULL, '4.6-'),
(2065, 9, 2, 15, 'Secondary Button Color', NULL, '4.6-'),
(2066, 10, 2, 15, 'Client Logo', NULL, '4.6-'),
(2067, 11, 2, 15, 'Login Banner', NULL, '4.6-'),
(2068, 12, 2, 15, 'Social Media Images', NULL, '4.6-'),
(2069, 13, 2, 15, 'Please enter a hexa decimal value for color starting from # and 6 digits afterwards. Each digit may\n          include 0-9 or a-f.\n        ', NULL, '4.6-'),
(2070, 14, 2, 15, 'Successfully Reset to Default Theme.', NULL, '4.6-'),
(2071, 15, 2, 15, 'Invalid Color', NULL, '4.6-'),
(2072, 16, 2, 15, 'Preview', NULL, '4.6-'),
(2073, 17, 2, 15, 'Try Again with an Image of Width %maxWidth% px and Height %maxHeight% px', 'Don\'t translate %maxWidth% and %maxHeight%.', '4.6-');

-- --------------------------------------------------------

--
